-- Softaculous SQL Dump
-- http://www.softaculous.com
--




--
-- Database: `mycarduc_ocar353`
--

-- --------------------------------------------------------

--
-- Table structure for table`pve_address`
--

CREATE TABLE `pve_address` (
  `address_id` int(11) NOT NULL AUTO_INCREMENT,
  `customer_id` int(11) NOT NULL,
  `firstname` varchar(32) COLLATE utf8_bin NOT NULL DEFAULT '',
  `lastname` varchar(32) COLLATE utf8_bin NOT NULL DEFAULT '',
  `company` varchar(32) COLLATE utf8_bin NOT NULL,
  `company_id` varchar(32) COLLATE utf8_bin NOT NULL,
  `tax_id` varchar(32) COLLATE utf8_bin NOT NULL,
  `address_1` varchar(128) COLLATE utf8_bin NOT NULL,
  `address_2` varchar(128) COLLATE utf8_bin NOT NULL,
  `city` varchar(128) COLLATE utf8_bin NOT NULL,
  `postcode` varchar(10) COLLATE utf8_bin NOT NULL,
  `country_id` int(11) NOT NULL DEFAULT '0',
  `zone_id` int(11) NOT NULL DEFAULT '0',
  PRIMARY KEY (`address_id`),
  KEY `customer_id` (`customer_id`)
) ENGINE=MyISAM  DEFAULT CHARSET=utf8 COLLATE=utf8_bin AUTO_INCREMENT=6 ;

--
-- Dumping data for table 'pve_address'
--

INSERT INTO `pve_address` VALUES
(2, 9, 'Aja', 'Zam', 'AjaZam ent.', '', '', '19-3-8 taman bukit angkasa,angkasapuri', '', 'Pantai dalam kl', '59200', 129, 1985),
(3, 10, 'norazilawati', 'ab. kadir', '', '', '', '37-A Cabang Tiga', '', 'Jerteh', '22000', 129, 1984),
(4, 11, 'afiq', 'danial', '', '', '', 'No 71-1, Jalan SP 4,', '', 'Melaka', 'admin', 129, 1975),
(5, 1, 'Atikah', 'Abdullah', '', '', '', '125 Felda Kemahang 1', '', 'Tanah Merah', '17500', 129, 1973);

-- --------------------------------------------------------

--
-- Table structure for table`pve_affiliate_transaction`
--

CREATE TABLE `pve_affiliate_transaction` (
  `affiliate_transaction_id` int(11) NOT NULL AUTO_INCREMENT,
  `affiliate_id` int(11) NOT NULL,
  `order_id` int(11) NOT NULL,
  `description` text COLLATE utf8_bin NOT NULL,
  `amount` decimal(15,4) NOT NULL,
  `date_added` datetime NOT NULL,
  PRIMARY KEY (`affiliate_transaction_id`)
) ENGINE=MyISAM DEFAULT CHARSET=utf8 COLLATE=utf8_bin AUTO_INCREMENT=1 ;

-- --------------------------------------------------------

--
-- Table structure for table`pve_attribute`
--

CREATE TABLE `pve_attribute` (
  `attribute_id` int(11) NOT NULL AUTO_INCREMENT,
  `attribute_group_id` int(11) NOT NULL,
  `sort_order` int(3) NOT NULL,
  PRIMARY KEY (`attribute_id`)
) ENGINE=MyISAM  DEFAULT CHARSET=utf8 COLLATE=utf8_bin AUTO_INCREMENT=12 ;

--
-- Dumping data for table 'pve_attribute'
--

INSERT INTO `pve_attribute` VALUES
(1, 6, 1),
(2, 6, 5),
(3, 6, 3),
(4, 3, 1),
(5, 3, 2),
(6, 3, 3),
(7, 3, 4),
(8, 3, 5),
(9, 3, 6),
(10, 3, 7),
(11, 3, 8);

-- --------------------------------------------------------

--
-- Table structure for table`pve_attribute_description`
--

CREATE TABLE `pve_attribute_description` (
  `attribute_id` int(11) NOT NULL,
  `language_id` int(11) NOT NULL,
  `name` varchar(64) COLLATE utf8_bin NOT NULL,
  PRIMARY KEY (`attribute_id`,`language_id`)
) ENGINE=MyISAM DEFAULT CHARSET=utf8 COLLATE=utf8_bin;

--
-- Dumping data for table 'pve_attribute_description'
--

INSERT INTO `pve_attribute_description` VALUES
(1, 1, 'Description'),
(2, 1, 'No. of Cores'),
(4, 1, 'test 1'),
(5, 1, 'test 2'),
(6, 1, 'test 3'),
(7, 1, 'test 4'),
(8, 1, 'test 5'),
(9, 1, 'test 6'),
(10, 1, 'test 7'),
(11, 1, 'test 8'),
(3, 1, 'Clockspeed');

-- --------------------------------------------------------

--
-- Table structure for table`pve_attribute_group`
--

CREATE TABLE `pve_attribute_group` (
  `attribute_group_id` int(11) NOT NULL AUTO_INCREMENT,
  `sort_order` int(3) NOT NULL,
  PRIMARY KEY (`attribute_group_id`)
) ENGINE=MyISAM  DEFAULT CHARSET=utf8 COLLATE=utf8_bin AUTO_INCREMENT=7 ;

--
-- Dumping data for table 'pve_attribute_group'
--

INSERT INTO `pve_attribute_group` VALUES
(3, 2),
(4, 1),
(5, 3),
(6, 4);

-- --------------------------------------------------------

--
-- Table structure for table`pve_attribute_group_description`
--

CREATE TABLE `pve_attribute_group_description` (
  `attribute_group_id` int(11) NOT NULL,
  `language_id` int(11) NOT NULL,
  `name` varchar(64) COLLATE utf8_bin NOT NULL,
  PRIMARY KEY (`attribute_group_id`,`language_id`)
) ENGINE=MyISAM DEFAULT CHARSET=utf8 COLLATE=utf8_bin;

--
-- Dumping data for table 'pve_attribute_group_description'
--

INSERT INTO `pve_attribute_group_description` VALUES
(3, 1, 'Memory'),
(4, 1, 'Technical'),
(5, 1, 'Motherboard'),
(6, 1, 'Processor');

-- --------------------------------------------------------

--
-- Table structure for table`pve_banner`
--

CREATE TABLE `pve_banner` (
  `banner_id` int(11) NOT NULL AUTO_INCREMENT,
  `name` varchar(64) COLLATE utf8_bin NOT NULL,
  `status` tinyint(1) NOT NULL,
  PRIMARY KEY (`banner_id`)
) ENGINE=MyISAM  DEFAULT CHARSET=utf8 COLLATE=utf8_bin AUTO_INCREMENT=8 ;

--
-- Dumping data for table 'pve_banner'
--

INSERT INTO `pve_banner` VALUES
(6, 'Banner kecil', 1),
(7, 'Banner front page', 1);

-- --------------------------------------------------------

--
-- Table structure for table`pve_banner_image`
--

CREATE TABLE `pve_banner_image` (
  `banner_image_id` int(11) NOT NULL AUTO_INCREMENT,
  `banner_id` int(11) NOT NULL,
  `link` varchar(255) COLLATE utf8_bin NOT NULL,
  `image` varchar(255) COLLATE utf8_bin NOT NULL,
  PRIMARY KEY (`banner_image_id`)
) ENGINE=MyISAM  DEFAULT CHARSET=utf8 COLLATE=utf8_bin AUTO_INCREMENT=99 ;

--
-- Dumping data for table 'pve_banner_image'
--

INSERT INTO `pve_banner_image` VALUES
(97, 7, '', 'data/page photo-webbanner.png'),
(95, 6, 'index.php?route=product/product&amp;path=61_76&amp;product_id=69', 'data/kad kahwin love for you2.png'),
(96, 7, '', 'data/page photo-web.png'),
(98, 7, '', 'data/promo dis.png');

-- --------------------------------------------------------

--
-- Table structure for table`pve_banner_image_description`
--

CREATE TABLE `pve_banner_image_description` (
  `banner_image_id` int(11) NOT NULL,
  `language_id` int(11) NOT NULL,
  `banner_id` int(11) NOT NULL,
  `title` varchar(64) COLLATE utf8_bin NOT NULL,
  PRIMARY KEY (`banner_image_id`,`language_id`)
) ENGINE=MyISAM DEFAULT CHARSET=utf8 COLLATE=utf8_bin;

--
-- Dumping data for table 'pve_banner_image_description'
--

INSERT INTO `pve_banner_image_description` VALUES
(97, 1, 7, 'banner 2'),
(95, 1, 6, 'Kad kahwin Love'),
(96, 1, 7, 'Banner 1'),
(98, 1, 7, 'promo dis');

-- --------------------------------------------------------

--
-- Table structure for table`pve_category`
--

CREATE TABLE `pve_category` (
  `category_id` int(11) NOT NULL AUTO_INCREMENT,
  `image` varchar(255) COLLATE utf8_bin DEFAULT NULL,
  `parent_id` int(11) NOT NULL DEFAULT '0',
  `top` tinyint(1) NOT NULL,
  `column` int(3) NOT NULL,
  `sort_order` int(3) NOT NULL DEFAULT '0',
  `status` tinyint(1) NOT NULL,
  `date_added` datetime NOT NULL DEFAULT '0000-00-00 00:00:00',
  `date_modified` datetime NOT NULL DEFAULT '0000-00-00 00:00:00',
  PRIMARY KEY (`category_id`)
) ENGINE=MyISAM  DEFAULT CHARSET=utf8 COLLATE=utf8_bin AUTO_INCREMENT=84 ;

--
-- Dumping data for table 'pve_category'
--

INSERT INTO `pve_category` VALUES
(59, 'data/product_bizcard.gif', 0, 1, 1, 1, 1, '2012-09-30 21:00:29', '2012-10-04 16:54:03'),
(61, '', 0, 1, 1, 2, 1, '2012-09-30 21:15:53', '2012-10-04 16:54:54'),
(60, '', 0, 1, 1, 3, 0, '2012-09-30 21:08:09', '2012-12-12 14:14:29'),
(83, '', 0, 1, 1, 3, 1, '2012-12-12 14:14:03', '2012-12-12 14:14:03'),
(68, '', 0, 1, 1, 4, 0, '2012-09-30 22:20:19', '2012-10-04 12:17:29'),
(72, '', 0, 1, 1, 5, 1, '2012-09-30 22:23:49', '2012-09-30 22:23:49'),
(73, '', 0, 1, 1, 6, 1, '2012-09-30 22:24:22', '2012-09-30 22:24:22'),
(79, '', 0, 1, 1, 7, 1, '2012-10-04 15:57:00', '2012-10-05 14:38:33'),
(62, 'data/product_bizcard.gif', 59, 1, 5, 1, 1, '2012-09-30 22:09:28', '2012-10-01 11:23:41'),
(63, 'data/product_bizcard.gif', 59, 1, 1, 2, 0, '2012-09-30 22:15:58', '2012-10-04 12:16:53'),
(74, '', 59, 1, 1, 3, 0, '2012-09-30 22:40:42', '2012-10-04 12:17:04'),
(64, '', 60, 1, 1, 1, 1, '2012-09-30 22:17:45', '2012-09-30 22:18:19'),
(65, '', 60, 1, 1, 2, 1, '2012-09-30 22:18:01', '2012-09-30 22:18:32'),
(66, '', 60, 1, 1, 3, 1, '2012-09-30 22:18:54', '2012-09-30 22:18:54'),
(67, '', 60, 1, 1, 4, 1, '2012-09-30 22:19:23', '2012-09-30 22:19:23'),
(78, '', 61, 1, 1, 1, 1, '2012-10-01 12:46:57', '2012-10-01 12:46:57'),
(77, '', 61, 1, 1, 2, 1, '2012-10-01 12:33:20', '2012-10-05 10:14:10'),
(76, '', 61, 1, 1, 5, 1, '2012-10-01 12:21:11', '2012-10-01 12:21:11'),
(69, '', 68, 1, 1, 1, 1, '2012-09-30 22:22:12', '2012-09-30 22:22:12'),
(70, '', 68, 1, 1, 2, 1, '2012-09-30 22:22:39', '2012-09-30 22:22:39'),
(71, '', 68, 1, 1, 3, 1, '2012-09-30 22:23:13', '2012-09-30 22:23:13'),
(80, '', 79, 1, 1, 1, 1, '2012-10-05 14:22:10', '2012-10-05 14:22:10'),
(81, '', 79, 1, 1, 2, 1, '2012-10-05 14:22:30', '2012-10-05 14:22:30'),
(82, 'data/bunting/bunting_stand.jpg', 79, 1, 1, 3, 1, '2012-12-10 09:06:24', '2012-12-10 09:31:39');

-- --------------------------------------------------------

--
-- Table structure for table`pve_category_description`
--

CREATE TABLE `pve_category_description` (
  `category_id` int(11) NOT NULL,
  `language_id` int(11) NOT NULL,
  `name` varchar(255) COLLATE utf8_bin NOT NULL DEFAULT '',
  `description` text COLLATE utf8_bin NOT NULL,
  `meta_description` varchar(255) COLLATE utf8_bin NOT NULL,
  `meta_keyword` varchar(255) COLLATE utf8_bin NOT NULL,
  PRIMARY KEY (`category_id`,`language_id`),
  KEY `name` (`name`)
) ENGINE=MyISAM DEFAULT CHARSET=utf8 COLLATE=utf8_bin;

--
-- Dumping data for table 'pve_category_description'
--

INSERT INTO `pve_category_description` VALUES
(82, 1, 'Bunting Stand', '', '', ''),
(81, 1, 'Bunting', '', '', ''),
(80, 1, 'Banner', '', '', ''),
(71, 1, 'A3', '', '', ''),
(70, 1, 'A4', '', '', ''),
(69, 1, 'A5', '', '', ''),
(76, 1, 'Kad Kahwin Lipat 3', '', '', ''),
(67, 1, 'A3', '', '', ''),
(78, 1, 'Kad Kahwin Ekonomi', '', '', ''),
(77, 1, 'Kad Kahwin Lipat 2', '', '', ''),
(66, 1, 'A4', '', '', ''),
(65, 1, 'A5', '', '', ''),
(64, 1, 'A6', '', '', ''),
(74, 1, 'Rounded Business Card', '', '', ''),
(63, 1, 'Folded Business Card', '&lt;p&gt;\n	actual size max : 90mm x 110mm / 182mm x 54mm&lt;/p&gt;\n', '', ''),
(61, 1, 'Kad Kahwin', '', '', ''),
(60, 1, 'Flyer', '', '', ''),
(83, 1, 'Kad Birthday', '', '', ''),
(68, 1, 'Brochure', '', '', ''),
(72, 1, 'Label', '', '', ''),
(73, 1, 'Sticker', '', '', ''),
(79, 1, 'Banner / Bunting', '', '', ''),
(62, 1, 'Normal Business Card', '&lt;table border=&quot;1&quot; cellpadding=&quot;1&quot; cellspacing=&quot;1&quot; style=&quot;width: 500px;&quot;&gt;\n	&lt;tbody&gt;\n		&lt;tr&gt;\n			&lt;td&gt;\n				Print&lt;/td&gt;\n			&lt;td&gt;\n				full Colour (offset print)&lt;/td&gt;\n		&lt;/tr&gt;\n		&lt;tr&gt;\n			&lt;td&gt;\n				Side&lt;/td&gt;\n			&lt;td&gt;\n				single / double&lt;/td&gt;\n		&lt;/tr&gt;\n		&lt;tr&gt;\n			&lt;td&gt;\n				Actual Size&lt;/td&gt;\n			&lt;td&gt;\n				max : 90mm x 54mm / min : 40mm x 40mm&lt;/td&gt;\n		&lt;/tr&gt;\n	&lt;/tbody&gt;\n&lt;/table&gt;\n&lt;p&gt;\n	&amp;nbsp;&lt;/p&gt;\n', '', ''),
(59, 1, 'Business Card', '&lt;p&gt;\n	Terdapat tiga jenis pilihan Business Card :&lt;/p&gt;\n&lt;p&gt;\n	Normal - Jenis Business Card yang biasa&lt;/p&gt;\n&lt;p&gt;\n	Folded - Jenis Business Card yang lipat, sesuai untuk Kad yang banyak maklumat / perkara&lt;/p&gt;\n&lt;p&gt;\n	Rounded - Jenis Business Card yang mempunyai bucu bulat.&lt;/p&gt;\n', '', '');

-- --------------------------------------------------------

--
-- Table structure for table`pve_category_to_layout`
--

CREATE TABLE `pve_category_to_layout` (
  `category_id` int(11) NOT NULL,
  `store_id` int(11) NOT NULL,
  `layout_id` int(11) NOT NULL,
  PRIMARY KEY (`category_id`,`store_id`)
) ENGINE=MyISAM DEFAULT CHARSET=utf8 COLLATE=utf8_bin;

-- --------------------------------------------------------

--
-- Table structure for table`pve_category_to_store`
--

CREATE TABLE `pve_category_to_store` (
  `category_id` int(11) NOT NULL,
  `store_id` int(11) NOT NULL,
  PRIMARY KEY (`category_id`,`store_id`)
) ENGINE=MyISAM DEFAULT CHARSET=utf8 COLLATE=utf8_bin;

--
-- Dumping data for table 'pve_category_to_store'
--

INSERT INTO `pve_category_to_store` VALUES
(59, 0),
(60, 0),
(61, 0),
(62, 0),
(63, 0),
(64, 0),
(65, 0),
(66, 0),
(67, 0),
(68, 0),
(69, 0),
(70, 0),
(71, 0),
(72, 0),
(73, 0),
(74, 0),
(76, 0),
(77, 0),
(78, 0),
(79, 0),
(80, 0),
(81, 0),
(82, 0),
(83, 0);

-- --------------------------------------------------------

--
-- Table structure for table`pve_country`
--

CREATE TABLE `pve_country` (
  `country_id` int(11) NOT NULL AUTO_INCREMENT,
  `name` varchar(128) COLLATE utf8_bin NOT NULL,
  `iso_code_2` varchar(2) COLLATE utf8_bin NOT NULL DEFAULT '',
  `iso_code_3` varchar(3) COLLATE utf8_bin NOT NULL DEFAULT '',
  `address_format` text COLLATE utf8_bin NOT NULL,
  `postcode_required` tinyint(1) NOT NULL,
  `status` tinyint(1) NOT NULL DEFAULT '1',
  PRIMARY KEY (`country_id`)
) ENGINE=MyISAM  DEFAULT CHARSET=utf8 COLLATE=utf8_bin AUTO_INCREMENT=240 ;

--
-- Dumping data for table 'pve_country'
--

INSERT INTO `pve_country` VALUES
(1, 'Afghanistan', 'AF', 'AFG', '', 0, 1),
(2, 'Albania', 'AL', 'ALB', '', 0, 1),
(3, 'Algeria', 'DZ', 'DZA', '', 0, 1),
(4, 'American Samoa', 'AS', 'ASM', '', 0, 1),
(5, 'Andorra', 'AD', 'AND', '', 0, 1),
(6, 'Angola', 'AO', 'AGO', '', 0, 1),
(7, 'Anguilla', 'AI', 'AIA', '', 0, 1),
(8, 'Antarctica', 'AQ', 'ATA', '', 0, 1),
(9, 'Antigua and Barbuda', 'AG', 'ATG', '', 0, 1),
(10, 'Argentina', 'AR', 'ARG', '', 0, 1),
(11, 'Armenia', 'AM', 'ARM', '', 0, 1),
(12, 'Aruba', 'AW', 'ABW', '', 0, 1),
(13, 'Australia', 'AU', 'AUS', '', 0, 1),
(14, 'Austria', 'AT', 'AUT', '', 0, 1),
(15, 'Azerbaijan', 'AZ', 'AZE', '', 0, 1),
(16, 'Bahamas', 'BS', 'BHS', '', 0, 1),
(17, 'Bahrain', 'BH', 'BHR', '', 0, 1),
(18, 'Bangladesh', 'BD', 'BGD', '', 0, 1),
(19, 'Barbados', 'BB', 'BRB', '', 0, 1),
(20, 'Belarus', 'BY', 'BLR', '', 0, 1),
(21, 'Belgium', 'BE', 'BEL', '', 0, 1),
(22, 'Belize', 'BZ', 'BLZ', '', 0, 1),
(23, 'Benin', 'BJ', 'BEN', '', 0, 1),
(24, 'Bermuda', 'BM', 'BMU', '', 0, 1),
(25, 'Bhutan', 'BT', 'BTN', '', 0, 1),
(26, 'Bolivia', 'BO', 'BOL', '', 0, 1),
(27, 'Bosnia and Herzegowina', 'BA', 'BIH', '', 0, 1),
(28, 'Botswana', 'BW', 'BWA', '', 0, 1),
(29, 'Bouvet Island', 'BV', 'BVT', '', 0, 1),
(30, 'Brazil', 'BR', 'BRA', '', 0, 1),
(31, 'British Indian Ocean Territory', 'IO', 'IOT', '', 0, 1),
(32, 'Brunei Darussalam', 'BN', 'BRN', '', 0, 1),
(33, 'Bulgaria', 'BG', 'BGR', '', 0, 1),
(34, 'Burkina Faso', 'BF', 'BFA', '', 0, 1),
(35, 'Burundi', 'BI', 'BDI', '', 0, 1),
(36, 'Cambodia', 'KH', 'KHM', '', 0, 1),
(37, 'Cameroon', 'CM', 'CMR', '', 0, 1),
(38, 'Canada', 'CA', 'CAN', '', 0, 1),
(39, 'Cape Verde', 'CV', 'CPV', '', 0, 1),
(40, 'Cayman Islands', 'KY', 'CYM', '', 0, 1),
(41, 'Central African Republic', 'CF', 'CAF', '', 0, 1),
(42, 'Chad', 'TD', 'TCD', '', 0, 1),
(43, 'Chile', 'CL', 'CHL', '', 0, 1),
(44, 'China', 'CN', 'CHN', '', 0, 1),
(45, 'Christmas Island', 'CX', 'CXR', '', 0, 1),
(46, 'Cocos (Keeling) Islands', 'CC', 'CCK', '', 0, 1),
(47, 'Colombia', 'CO', 'COL', '', 0, 1),
(48, 'Comoros', 'KM', 'COM', '', 0, 1),
(49, 'Congo', 'CG', 'COG', '', 0, 1),
(50, 'Cook Islands', 'CK', 'COK', '', 0, 1),
(51, 'Costa Rica', 'CR', 'CRI', '', 0, 1),
(52, 'Cote D''Ivoire', 'CI', 'CIV', '', 0, 1),
(53, 'Croatia', 'HR', 'HRV', '', 0, 1),
(54, 'Cuba', 'CU', 'CUB', '', 0, 1),
(55, 'Cyprus', 'CY', 'CYP', '', 0, 1),
(56, 'Czech Republic', 'CZ', 'CZE', '', 0, 1),
(57, 'Denmark', 'DK', 'DNK', '', 0, 1),
(58, 'Djibouti', 'DJ', 'DJI', '', 0, 1),
(59, 'Dominica', 'DM', 'DMA', '', 0, 1),
(60, 'Dominican Republic', 'DO', 'DOM', '', 0, 1),
(61, 'East Timor', 'TP', 'TMP', '', 0, 1),
(62, 'Ecuador', 'EC', 'ECU', '', 0, 1),
(63, 'Egypt', 'EG', 'EGY', '', 0, 1),
(64, 'El Salvador', 'SV', 'SLV', '', 0, 1),
(65, 'Equatorial Guinea', 'GQ', 'GNQ', '', 0, 1),
(66, 'Eritrea', 'ER', 'ERI', '', 0, 1),
(67, 'Estonia', 'EE', 'EST', '', 0, 1),
(68, 'Ethiopia', 'ET', 'ETH', '', 0, 1),
(69, 'Falkland Islands (Malvinas)', 'FK', 'FLK', '', 0, 1),
(70, 'Faroe Islands', 'FO', 'FRO', '', 0, 1),
(71, 'Fiji', 'FJ', 'FJI', '', 0, 1),
(72, 'Finland', 'FI', 'FIN', '', 0, 1),
(73, 'France', 'FR', 'FRA', '', 0, 1),
(74, 'France, Metropolitan', 'FX', 'FXX', '', 0, 1),
(75, 'French Guiana', 'GF', 'GUF', '', 0, 1),
(76, 'French Polynesia', 'PF', 'PYF', '', 0, 1),
(77, 'French Southern Territories', 'TF', 'ATF', '', 0, 1),
(78, 'Gabon', 'GA', 'GAB', '', 0, 1),
(79, 'Gambia', 'GM', 'GMB', '', 0, 1),
(80, 'Georgia', 'GE', 'GEO', '', 0, 1),
(81, 'Germany', 'DE', 'DEU', '{company}\r\n{firstname} {lastname}\r\n{address_1}\r\n{address_2}\r\n{postcode} {city}\r\n{country}', 1, 1),
(82, 'Ghana', 'GH', 'GHA', '', 0, 1),
(83, 'Gibraltar', 'GI', 'GIB', '', 0, 1),
(84, 'Greece', 'GR', 'GRC', '', 0, 1),
(85, 'Greenland', 'GL', 'GRL', '', 0, 1),
(86, 'Grenada', 'GD', 'GRD', '', 0, 1),
(87, 'Guadeloupe', 'GP', 'GLP', '', 0, 1),
(88, 'Guam', 'GU', 'GUM', '', 0, 1),
(89, 'Guatemala', 'GT', 'GTM', '', 0, 1),
(90, 'Guinea', 'GN', 'GIN', '', 0, 1),
(91, 'Guinea-bissau', 'GW', 'GNB', '', 0, 1),
(92, 'Guyana', 'GY', 'GUY', '', 0, 1),
(93, 'Haiti', 'HT', 'HTI', '', 0, 1),
(94, 'Heard and Mc Donald Islands', 'HM', 'HMD', '', 0, 1),
(95, 'Honduras', 'HN', 'HND', '', 0, 1),
(96, 'Hong Kong', 'HK', 'HKG', '', 0, 1),
(97, 'Hungary', 'HU', 'HUN', '', 0, 1),
(98, 'Iceland', 'IS', 'ISL', '', 0, 1),
(99, 'India', 'IN', 'IND', '', 0, 1),
(100, 'Indonesia', 'ID', 'IDN', '', 0, 1),
(101, 'Iran (Islamic Republic of)', 'IR', 'IRN', '', 0, 1),
(102, 'Iraq', 'IQ', 'IRQ', '', 0, 1),
(103, 'Ireland', 'IE', 'IRL', '', 0, 1),
(104, 'Israel', 'IL', 'ISR', '', 0, 1),
(105, 'Italy', 'IT', 'ITA', '', 0, 1),
(106, 'Jamaica', 'JM', 'JAM', '', 0, 1),
(107, 'Japan', 'JP', 'JPN', '', 0, 1),
(108, 'Jordan', 'JO', 'JOR', '', 0, 1),
(109, 'Kazakhstan', 'KZ', 'KAZ', '', 0, 1),
(110, 'Kenya', 'KE', 'KEN', '', 0, 1),
(111, 'Kiribati', 'KI', 'KIR', '', 0, 1),
(112, 'North Korea', 'KP', 'PRK', '', 0, 1),
(113, 'Korea, Republic of', 'KR', 'KOR', '', 0, 1),
(114, 'Kuwait', 'KW', 'KWT', '', 0, 1),
(115, 'Kyrgyzstan', 'KG', 'KGZ', '', 0, 1),
(116, 'Lao People''s Democratic Republic', 'LA', 'LAO', '', 0, 1),
(117, 'Latvia', 'LV', 'LVA', '', 0, 1),
(118, 'Lebanon', 'LB', 'LBN', '', 0, 1),
(119, 'Lesotho', 'LS', 'LSO', '', 0, 1),
(120, 'Liberia', 'LR', 'LBR', '', 0, 1),
(121, 'Libyan Arab Jamahiriya', 'LY', 'LBY', '', 0, 1),
(122, 'Liechtenstein', 'LI', 'LIE', '', 0, 1),
(123, 'Lithuania', 'LT', 'LTU', '', 0, 1),
(124, 'Luxembourg', 'LU', 'LUX', '', 0, 1),
(125, 'Macau', 'MO', 'MAC', '', 0, 1),
(126, 'FYROM', 'MK', 'MKD', '', 0, 1),
(127, 'Madagascar', 'MG', 'MDG', '', 0, 1),
(128, 'Malawi', 'MW', 'MWI', '', 0, 1),
(129, 'Malaysia', 'MY', 'MYS', '', 0, 1),
(130, 'Maldives', 'MV', 'MDV', '', 0, 1),
(131, 'Mali', 'ML', 'MLI', '', 0, 1),
(132, 'Malta', 'MT', 'MLT', '', 0, 1),
(133, 'Marshall Islands', 'MH', 'MHL', '', 0, 1),
(134, 'Martinique', 'MQ', 'MTQ', '', 0, 1),
(135, 'Mauritania', 'MR', 'MRT', '', 0, 1),
(136, 'Mauritius', 'MU', 'MUS', '', 0, 1),
(137, 'Mayotte', 'YT', 'MYT', '', 0, 1),
(138, 'Mexico', 'MX', 'MEX', '', 0, 1),
(139, 'Micronesia, Federated States of', 'FM', 'FSM', '', 0, 1),
(140, 'Moldova, Republic of', 'MD', 'MDA', '', 0, 1),
(141, 'Monaco', 'MC', 'MCO', '', 0, 1),
(142, 'Mongolia', 'MN', 'MNG', '', 0, 1),
(143, 'Montserrat', 'MS', 'MSR', '', 0, 1),
(144, 'Morocco', 'MA', 'MAR', '', 0, 1),
(145, 'Mozambique', 'MZ', 'MOZ', '', 0, 1),
(146, 'Myanmar', 'MM', 'MMR', '', 0, 1),
(147, 'Namibia', 'NA', 'NAM', '', 0, 1),
(148, 'Nauru', 'NR', 'NRU', '', 0, 1),
(149, 'Nepal', 'NP', 'NPL', '', 0, 1),
(150, 'Netherlands', 'NL', 'NLD', '', 0, 1),
(151, 'Netherlands Antilles', 'AN', 'ANT', '', 0, 1),
(152, 'New Caledonia', 'NC', 'NCL', '', 0, 1),
(153, 'New Zealand', 'NZ', 'NZL', '', 0, 1),
(154, 'Nicaragua', 'NI', 'NIC', '', 0, 1),
(155, 'Niger', 'NE', 'NER', '', 0, 1),
(156, 'Nigeria', 'NG', 'NGA', '', 0, 1),
(157, 'Niue', 'NU', 'NIU', '', 0, 1),
(158, 'Norfolk Island', 'NF', 'NFK', '', 0, 1),
(159, 'Northern Mariana Islands', 'MP', 'MNP', '', 0, 1),
(160, 'Norway', 'NO', 'NOR', '', 0, 1),
(161, 'Oman', 'OM', 'OMN', '', 0, 1),
(162, 'Pakistan', 'PK', 'PAK', '', 0, 1),
(163, 'Palau', 'PW', 'PLW', '', 0, 1),
(164, 'Panama', 'PA', 'PAN', '', 0, 1),
(165, 'Papua New Guinea', 'PG', 'PNG', '', 0, 1),
(166, 'Paraguay', 'PY', 'PRY', '', 0, 1),
(167, 'Peru', 'PE', 'PER', '', 0, 1),
(168, 'Philippines', 'PH', 'PHL', '', 0, 1),
(169, 'Pitcairn', 'PN', 'PCN', '', 0, 1),
(170, 'Poland', 'PL', 'POL', '', 0, 1),
(171, 'Portugal', 'PT', 'PRT', '', 0, 1),
(172, 'Puerto Rico', 'PR', 'PRI', '', 0, 1),
(173, 'Qatar', 'QA', 'QAT', '', 0, 1),
(174, 'Reunion', 'RE', 'REU', '', 0, 1),
(175, 'Romania', 'RO', 'ROM', '', 0, 1),
(176, 'Russian Federation', 'RU', 'RUS', '', 0, 1),
(177, 'Rwanda', 'RW', 'RWA', '', 0, 1),
(178, 'Saint Kitts and Nevis', 'KN', 'KNA', '', 0, 1),
(179, 'Saint Lucia', 'LC', 'LCA', '', 0, 1),
(180, 'Saint Vincent and the Grenadines', 'VC', 'VCT', '', 0, 1),
(181, 'Samoa', 'WS', 'WSM', '', 0, 1),
(182, 'San Marino', 'SM', 'SMR', '', 0, 1),
(183, 'Sao Tome and Principe', 'ST', 'STP', '', 0, 1),
(184, 'Saudi Arabia', 'SA', 'SAU', '', 0, 1),
(185, 'Senegal', 'SN', 'SEN', '', 0, 1),
(186, 'Seychelles', 'SC', 'SYC', '', 0, 1),
(187, 'Sierra Leone', 'SL', 'SLE', '', 0, 1),
(188, 'Singapore', 'SG', 'SGP', '', 0, 1),
(189, 'Slovak Republic', 'SK', 'SVK', '{firstname} {lastname}\r\n{company}\r\n{address_1}\r\n{address_2}\r\n{city} {postcode}\r\n{zone}\r\n{country}', 0, 1),
(190, 'Slovenia', 'SI', 'SVN', '', 0, 1),
(191, 'Solomon Islands', 'SB', 'SLB', '', 0, 1),
(192, 'Somalia', 'SO', 'SOM', '', 0, 1),
(193, 'South Africa', 'ZA', 'ZAF', '', 0, 1),
(194, 'South Georgia &amp; South Sandwich Islands', 'GS', 'SGS', '', 0, 1),
(195, 'Spain', 'ES', 'ESP', '', 0, 1),
(196, 'Sri Lanka', 'LK', 'LKA', '', 0, 1),
(197, 'St. Helena', 'SH', 'SHN', '', 0, 1),
(198, 'St. Pierre and Miquelon', 'PM', 'SPM', '', 0, 1),
(199, 'Sudan', 'SD', 'SDN', '', 0, 1),
(200, 'Suriname', 'SR', 'SUR', '', 0, 1),
(201, 'Svalbard and Jan Mayen Islands', 'SJ', 'SJM', '', 0, 1),
(202, 'Swaziland', 'SZ', 'SWZ', '', 0, 1),
(203, 'Sweden', 'SE', 'SWE', '', 0, 1),
(204, 'Switzerland', 'CH', 'CHE', '', 0, 1),
(205, 'Syrian Arab Republic', 'SY', 'SYR', '', 0, 1),
(206, 'Taiwan', 'TW', 'TWN', '', 0, 1),
(207, 'Tajikistan', 'TJ', 'TJK', '', 0, 1),
(208, 'Tanzania, United Republic of', 'TZ', 'TZA', '', 0, 1),
(209, 'Thailand', 'TH', 'THA', '', 0, 1),
(210, 'Togo', 'TG', 'TGO', '', 0, 1),
(211, 'Tokelau', 'TK', 'TKL', '', 0, 1),
(212, 'Tonga', 'TO', 'TON', '', 0, 1),
(213, 'Trinidad and Tobago', 'TT', 'TTO', '', 0, 1),
(214, 'Tunisia', 'TN', 'TUN', '', 0, 1),
(215, 'Turkey', 'TR', 'TUR', '', 0, 1),
(216, 'Turkmenistan', 'TM', 'TKM', '', 0, 1),
(217, 'Turks and Caicos Islands', 'TC', 'TCA', '', 0, 1),
(218, 'Tuvalu', 'TV', 'TUV', '', 0, 1),
(219, 'Uganda', 'UG', 'UGA', '', 0, 1),
(220, 'Ukraine', 'UA', 'UKR', '', 0, 1),
(221, 'United Arab Emirates', 'AE', 'ARE', '', 0, 1),
(222, 'United Kingdom', 'GB', 'GBR', '', 1, 1),
(223, 'United States', 'US', 'USA', '{firstname} {lastname}\r\n{company}\r\n{address_1}\r\n{address_2}\r\n{city}, {zone} {postcode}\r\n{country}', 0, 1),
(224, 'United States Minor Outlying Islands', 'UM', 'UMI', '', 0, 1),
(225, 'Uruguay', 'UY', 'URY', '', 0, 1),
(226, 'Uzbekistan', 'UZ', 'UZB', '', 0, 1),
(227, 'Vanuatu', 'VU', 'VUT', '', 0, 1),
(228, 'Vatican City State (Holy See)', 'VA', 'VAT', '', 0, 1),
(229, 'Venezuela', 'VE', 'VEN', '', 0, 1),
(230, 'Viet Nam', 'VN', 'VNM', '', 0, 1),
(231, 'Virgin Islands (British)', 'VG', 'VGB', '', 0, 1),
(232, 'Virgin Islands (U.S.)', 'VI', 'VIR', '', 0, 1),
(233, 'Wallis and Futuna Islands', 'WF', 'WLF', '', 0, 1),
(234, 'Western Sahara', 'EH', 'ESH', '', 0, 1),
(235, 'Yemen', 'YE', 'YEM', '', 0, 1),
(236, 'Yugoslavia', 'YU', 'YUG', '', 0, 1),
(237, 'Democratic Republic of Congo', 'CD', 'COD', '', 0, 1),
(238, 'Zambia', 'ZM', 'ZMB', '', 0, 1),
(239, 'Zimbabwe', 'ZW', 'ZWE', '', 0, 1);

-- --------------------------------------------------------

--
-- Table structure for table`pve_coupon`
--

CREATE TABLE `pve_coupon` (
  `coupon_id` int(11) NOT NULL AUTO_INCREMENT,
  `name` varchar(128) COLLATE utf8_bin NOT NULL,
  `code` varchar(10) COLLATE utf8_bin NOT NULL,
  `type` char(1) COLLATE utf8_bin NOT NULL,
  `discount` decimal(15,4) NOT NULL,
  `logged` tinyint(1) NOT NULL,
  `shipping` tinyint(1) NOT NULL,
  `total` decimal(15,4) NOT NULL,
  `date_start` date NOT NULL DEFAULT '0000-00-00',
  `date_end` date NOT NULL DEFAULT '0000-00-00',
  `uses_total` int(11) NOT NULL,
  `uses_customer` varchar(11) COLLATE utf8_bin NOT NULL,
  `status` tinyint(1) NOT NULL,
  `date_added` datetime NOT NULL DEFAULT '0000-00-00 00:00:00',
  PRIMARY KEY (`coupon_id`)
) ENGINE=MyISAM  DEFAULT CHARSET=utf8 COLLATE=utf8_bin AUTO_INCREMENT=7 ;

--
-- Dumping data for table 'pve_coupon'
--

INSERT INTO `pve_coupon` VALUES
(4, '-10% Discount', '2222', 'P', '10.0000', 0, 0, '0.0000', '2011-01-01', '2012-01-01', 10, '10', 1, '2009-01-27 13:55:03'),
(5, 'Free Shipping', '3333', 'P', '0.0000', 0, 1, '100.0000', '2009-03-01', '2009-08-31', 10, '10', 1, '2009-03-14 21:13:53'),
(6, '-10.00 Discount', '1111', 'F', '10.0000', 0, 0, '10.0000', '1970-11-01', '2020-11-01', 100000, '10000', 1, '2009-03-14 21:15:18');

-- --------------------------------------------------------

--
-- Table structure for table`pve_coupon_history`
--

CREATE TABLE `pve_coupon_history` (
  `coupon_history_id` int(11) NOT NULL AUTO_INCREMENT,
  `coupon_id` int(11) NOT NULL,
  `order_id` int(11) NOT NULL,
  `customer_id` int(11) NOT NULL,
  `amount` decimal(15,4) NOT NULL,
  `date_added` datetime NOT NULL,
  PRIMARY KEY (`coupon_history_id`)
) ENGINE=MyISAM DEFAULT CHARSET=utf8 COLLATE=utf8_bin AUTO_INCREMENT=1 ;

-- --------------------------------------------------------

--
-- Table structure for table`pve_coupon_product`
--

CREATE TABLE `pve_coupon_product` (
  `coupon_product_id` int(11) NOT NULL AUTO_INCREMENT,
  `coupon_id` int(11) NOT NULL,
  `product_id` int(11) NOT NULL,
  PRIMARY KEY (`coupon_product_id`)
) ENGINE=MyISAM DEFAULT CHARSET=utf8 COLLATE=utf8_bin AUTO_INCREMENT=1 ;

-- --------------------------------------------------------

--
-- Table structure for table`pve_currency`
--

CREATE TABLE `pve_currency` (
  `currency_id` int(11) NOT NULL AUTO_INCREMENT,
  `title` varchar(32) COLLATE utf8_bin NOT NULL DEFAULT '',
  `code` varchar(3) COLLATE utf8_bin NOT NULL DEFAULT '',
  `symbol_left` varchar(12) COLLATE utf8_bin NOT NULL,
  `symbol_right` varchar(12) COLLATE utf8_bin NOT NULL,
  `decimal_place` char(1) COLLATE utf8_bin NOT NULL,
  `value` float(15,8) NOT NULL,
  `status` tinyint(1) NOT NULL,
  `date_modified` datetime NOT NULL DEFAULT '0000-00-00 00:00:00',
  PRIMARY KEY (`currency_id`)
) ENGINE=MyISAM  DEFAULT CHARSET=utf8 COLLATE=utf8_bin AUTO_INCREMENT=5 ;

--
-- Dumping data for table 'pve_currency'
--

INSERT INTO `pve_currency` VALUES
(4, 'Malaysia Ringgit', 'MYR', 'RM', '', '2', 1.00000000, 1, '2012-12-22 07:48:07');

-- --------------------------------------------------------

--
-- Table structure for table`pve_customer_group`
--

CREATE TABLE `pve_customer_group` (
  `customer_group_id` int(11) NOT NULL AUTO_INCREMENT,
  `approval` int(1) NOT NULL,
  `company_id_display` int(1) NOT NULL,
  `company_id_required` int(1) NOT NULL,
  `tax_id_display` int(1) NOT NULL,
  `tax_id_required` int(1) NOT NULL,
  `sort_order` int(3) NOT NULL,
  PRIMARY KEY (`customer_group_id`)
) ENGINE=MyISAM  DEFAULT CHARSET=utf8 COLLATE=utf8_bin AUTO_INCREMENT=2 ;

--
-- Dumping data for table 'pve_customer_group'
--

INSERT INTO `pve_customer_group` VALUES
(1, 0, 1, 0, 0, 1, 1);

-- --------------------------------------------------------

--
-- Table structure for table`pve_customer_group_description`
--

CREATE TABLE `pve_customer_group_description` (
  `customer_group_id` int(11) NOT NULL,
  `language_id` int(11) NOT NULL,
  `name` varchar(32) COLLATE utf8_bin NOT NULL,
  `description` text COLLATE utf8_bin NOT NULL,
  PRIMARY KEY (`customer_group_id`,`language_id`)
) ENGINE=MyISAM DEFAULT CHARSET=utf8 COLLATE=utf8_bin;

--
-- Dumping data for table 'pve_customer_group_description'
--

INSERT INTO `pve_customer_group_description` VALUES
(1, 1, 'Default', 'test');

-- --------------------------------------------------------

--
-- Table structure for table`pve_customer_ip`
--

CREATE TABLE `pve_customer_ip` (
  `customer_ip_id` int(11) NOT NULL AUTO_INCREMENT,
  `customer_id` int(11) NOT NULL,
  `ip` varchar(40) COLLATE utf8_bin NOT NULL,
  `date_added` datetime NOT NULL,
  PRIMARY KEY (`customer_ip_id`),
  KEY `ip` (`ip`)
) ENGINE=MyISAM  DEFAULT CHARSET=utf8 COLLATE=utf8_bin AUTO_INCREMENT=2 ;

--
-- Dumping data for table 'pve_customer_ip'
--

INSERT INTO `pve_customer_ip` VALUES
(1, 1, '49.125.62.120', '2012-12-21 16:30:54');

-- --------------------------------------------------------

--
-- Table structure for table`pve_customer_ip_blacklist`
--

CREATE TABLE `pve_customer_ip_blacklist` (
  `customer_ip_blacklist_id` int(11) NOT NULL AUTO_INCREMENT,
  `ip` varchar(40) COLLATE utf8_bin NOT NULL,
  PRIMARY KEY (`customer_ip_blacklist_id`),
  KEY `ip` (`ip`)
) ENGINE=MyISAM DEFAULT CHARSET=utf8 COLLATE=utf8_bin AUTO_INCREMENT=1 ;

-- --------------------------------------------------------

--
-- Table structure for table`pve_customer_online`
--

;

-- --------------------------------------------------------

--
-- Table structure for table`pve_customer_reward`
--

CREATE TABLE `pve_customer_reward` (
  `customer_reward_id` int(11) NOT NULL AUTO_INCREMENT,
  `customer_id` int(11) NOT NULL DEFAULT '0',
  `order_id` int(11) NOT NULL DEFAULT '0',
  `description` text COLLATE utf8_bin NOT NULL,
  `points` int(8) NOT NULL DEFAULT '0',
  `date_added` datetime NOT NULL DEFAULT '0000-00-00 00:00:00',
  PRIMARY KEY (`customer_reward_id`)
) ENGINE=MyISAM DEFAULT CHARSET=utf8 COLLATE=utf8_bin AUTO_INCREMENT=1 ;

-- --------------------------------------------------------

--
-- Table structure for table`pve_customer_transaction`
--

CREATE TABLE `pve_customer_transaction` (
  `customer_transaction_id` int(11) NOT NULL AUTO_INCREMENT,
  `customer_id` int(11) NOT NULL,
  `order_id` int(11) NOT NULL,
  `description` text COLLATE utf8_bin NOT NULL,
  `amount` decimal(15,4) NOT NULL,
  `date_added` datetime NOT NULL,
  PRIMARY KEY (`customer_transaction_id`)
) ENGINE=MyISAM DEFAULT CHARSET=utf8 COLLATE=utf8_bin AUTO_INCREMENT=1 ;

-- --------------------------------------------------------

--
-- Table structure for table`pve_download`
--

CREATE TABLE `pve_download` (
  `download_id` int(11) NOT NULL AUTO_INCREMENT,
  `filename` varchar(128) COLLATE utf8_bin NOT NULL DEFAULT '',
  `mask` varchar(128) COLLATE utf8_bin NOT NULL DEFAULT '',
  `remaining` int(11) NOT NULL DEFAULT '0',
  `date_added` datetime NOT NULL DEFAULT '0000-00-00 00:00:00',
  PRIMARY KEY (`download_id`)
) ENGINE=MyISAM DEFAULT CHARSET=utf8 COLLATE=utf8_bin AUTO_INCREMENT=1 ;

-- --------------------------------------------------------

--
-- Table structure for table`pve_download_description`
--

CREATE TABLE `pve_download_description` (
  `download_id` int(11) NOT NULL,
  `language_id` int(11) NOT NULL,
  `name` varchar(64) COLLATE utf8_bin NOT NULL DEFAULT '',
  PRIMARY KEY (`download_id`,`language_id`)
) ENGINE=MyISAM DEFAULT CHARSET=utf8 COLLATE=utf8_bin;

-- --------------------------------------------------------

--
-- Table structure for table`pve_extension`
--

CREATE TABLE `pve_extension` (
  `extension_id` int(11) NOT NULL AUTO_INCREMENT,
  `type` varchar(32) COLLATE utf8_bin NOT NULL,
  `code` varchar(32) COLLATE utf8_bin NOT NULL,
  PRIMARY KEY (`extension_id`)
) ENGINE=MyISAM  DEFAULT CHARSET=utf8 COLLATE=utf8_bin AUTO_INCREMENT=431 ;

--
-- Dumping data for table 'pve_extension'
--

INSERT INTO `pve_extension` VALUES
(23, 'payment', 'cod'),
(22, 'total', 'shipping'),
(57, 'total', 'sub_total'),
(58, 'total', 'tax'),
(59, 'total', 'total'),
(410, 'module', 'banner'),
(426, 'module', 'carousel'),
(390, 'total', 'credit'),
(387, 'shipping', 'flat'),
(349, 'total', 'handling'),
(350, 'total', 'low_order_fee'),
(389, 'total', 'coupon'),
(413, 'module', 'category'),
(411, 'module', 'affiliate'),
(408, 'module', 'account'),
(393, 'total', 'reward'),
(398, 'total', 'voucher'),
(407, 'payment', 'free_checkout'),
(429, 'payment', 'bank_transfer'),
(419, 'module', 'slideshow'),
(428, 'module', 'special'),
(430, 'module', 'facebook_lb');

-- --------------------------------------------------------

--
-- Table structure for table`pve_geo_zone`
--

CREATE TABLE `pve_geo_zone` (
  `geo_zone_id` int(11) NOT NULL AUTO_INCREMENT,
  `name` varchar(32) COLLATE utf8_bin NOT NULL DEFAULT '',
  `description` varchar(255) COLLATE utf8_bin NOT NULL DEFAULT '',
  `date_modified` datetime NOT NULL DEFAULT '0000-00-00 00:00:00',
  `date_added` datetime NOT NULL DEFAULT '0000-00-00 00:00:00',
  PRIMARY KEY (`geo_zone_id`)
) ENGINE=MyISAM  DEFAULT CHARSET=utf8 COLLATE=utf8_bin AUTO_INCREMENT=5 ;

--
-- Dumping data for table 'pve_geo_zone'
--

INSERT INTO `pve_geo_zone` VALUES
(3, 'UK VAT Zone', 'UK VAT', '2010-02-26 22:33:24', '2009-01-06 23:26:25'),
(4, 'UK Shipping', 'UK Shipping Zones', '2010-12-15 15:18:13', '2009-06-23 01:14:53');

-- --------------------------------------------------------

--
-- Table structure for table`pve_information`
--

CREATE TABLE `pve_information` (
  `information_id` int(11) NOT NULL AUTO_INCREMENT,
  `bottom` int(1) NOT NULL DEFAULT '0',
  `sort_order` int(3) NOT NULL DEFAULT '0',
  `status` tinyint(1) NOT NULL DEFAULT '1',
  PRIMARY KEY (`information_id`)
) ENGINE=MyISAM  DEFAULT CHARSET=utf8 COLLATE=utf8_bin AUTO_INCREMENT=8 ;

--
-- Dumping data for table 'pve_information'
--

INSERT INTO `pve_information` VALUES
(3, 1, 3, 1),
(4, 1, 1, 1),
(5, 1, 4, 1),
(6, 1, 2, 1);

-- --------------------------------------------------------

--
-- Table structure for table`pve_information_description`
--

CREATE TABLE `pve_information_description` (
  `information_id` int(11) NOT NULL,
  `language_id` int(11) NOT NULL,
  `title` varchar(64) COLLATE utf8_bin NOT NULL DEFAULT '',
  `description` text COLLATE utf8_bin NOT NULL,
  PRIMARY KEY (`information_id`,`language_id`)
) ENGINE=MyISAM DEFAULT CHARSET=utf8 COLLATE=utf8_bin;

--
-- Dumping data for table 'pve_information_description'
--

INSERT INTO `pve_information_description` VALUES
(4, 1, 'About Us', '&lt;p&gt;\r\n	Dalam usaha mewujudkan rangkaian perniagaan percetakan &lt;img alt=&quot;&quot; class=&quot;alignright&quot; height=&quot;819&quot; src=&quot;http://mycard2u.com/File/upload/webpic.png&quot; title=&quot;pic&quot; width=&quot;469&quot; /&gt;e-teknologi secara terbuka kepada semua golongan, kami memberikan komitmen yang penuh bagi menyediakan sebuah &lt;strong&gt;platfom sokongan e-dagang ini yang mesra penguna&lt;/strong&gt;. Secara teknikalnya, kami membangunkan laman myCard2u.com ini setelah membuat beberapa kajian terperinci dengan mementingkan keperluan bersama. Kami amat mementingkan pelangan kami kerana &lt;strong&gt;pelangan adalah tulang belakang kepada kejayaan sesebuah perniagaan&lt;/strong&gt;.&lt;/p&gt;\r\n&lt;p&gt;\r\n	Sejak awal tahun 2010, &lt;strong&gt;myCard2u.com&lt;/strong&gt;, telah menyediakan perkhidmatan &lt;strong&gt;cetakan yang berkualiti tinggi dengan harga yang berpatutan.&lt;/strong&gt; Kejayaan kami disebabkan oleh penghantaran dalam tempoh masa yang singkat dan harga yang ditawarkan jauh lebih murah. &lt;strong&gt;myCard2u.com&lt;/strong&gt;, menyediakan cetakan &lt;strong&gt;offset&lt;/strong&gt; dan &lt;strong&gt;digital&lt;/strong&gt; dalam warna penuh untuk kad nama, kad pos, kad ucapan, penanda buku, flyer promosi, brosur, poster, beg kertas, folder syarikat, buku panduan, kad plastik 500gsm, kalendar desktop dan sebagainya. &lt;strong&gt;myCard2u.com&lt;/strong&gt;, menerima tempahan dari &lt;strong&gt;seluruh Malaysia&lt;/strong&gt; melalui laman web &lt;a href=&quot;http://www.mycard2u.com/print&quot;&gt;&lt;strong&gt;www.myCard2u.com&lt;/strong&gt;&lt;/a&gt;. Dengan mengunakan kaedah terkini dalam Teknologi Maklumat, kami meningkatkan usaha bagi mengurangkan kos dan mempercepatkan proses penerimaan kepada pelangan. Kami menjamin kepada seluruh pelangan bahawa kami akan mempertahankan motto &lt;strong&gt;''Your Printing Solution''. &lt;/strong&gt;&lt;/p&gt;\r\n&lt;p&gt;\r\n	&lt;em&gt;*myCard2u.com adalah cawangan tunggal Rahadatul Aisy.&lt;/em&gt;&lt;/p&gt;\r\n&lt;p style=&quot;text-align: center;&quot;&gt;\r\n	&lt;em&gt;&lt;img alt=&quot;&quot; class=&quot;aligncenter size-full wp-image-168&quot; height=&quot;186&quot; src=&quot;http://mycard2u.com/wp-content/uploads/2011/05/togetherwemakeadifference.gif&quot; title=&quot;motto&quot; width=&quot;226&quot; /&gt;&lt;/em&gt;&lt;/p&gt;\r\n&lt;p&gt;\r\n	&amp;nbsp; &amp;nbsp;&lt;/p&gt;\r\n'),
(5, 1, 'Terms &amp; Conditions', '&lt;p&gt;\r\n	Kami menitik beratkan kualiti semua produk perkhidmatan kami dan akan memastikan pelangan menerima produk dan berpuas hati dengan perkhidmatan yang kami sediakan. Sekiranya kualiti cetakan kami tidak seperti yang anda harapkan, anda boleh membuat aduan kepada kami di &lt;strong&gt;admin@mycard2u.com&lt;/strong&gt; dalam &lt;strong&gt;tempoh 3 hari selepas menerima produk&lt;/strong&gt; kami.&lt;/p&gt;\r\n&lt;p&gt;\r\n	&lt;span style=&quot;font-size:14px;&quot;&gt;&lt;strong&gt;&lt;span style=&quot;color: rgb(255, 0, 0);&quot;&gt;Untuk makluman anda, kami hanya menerima aduan berkenaan kualiti percetakan sahaja. Kami tidak bertanggungjawab dengan sebarang kesilapan pada tulisan (wording) dan kesilapan ejaan pada setiap produk kami. Ini kerana kami akan memastikan pelangan memeriksa dan membuat pengesahan artwork (confirmation artwork) sebelum pihak kami memulakan cetakan.&lt;/span&gt;&lt;/strong&gt;&lt;/span&gt;&lt;/p&gt;\r\n'),
(6, 1, 'Delivery Information', '&lt;p&gt;\r\n	&lt;span style=&quot;font-size:18px;&quot;&gt;Di &lt;strong&gt;myCard2u.com&lt;/strong&gt;, penghantaran ke &lt;strong&gt;seluruh semenanjung Malaysia&lt;/strong&gt; adalah &lt;strong&gt;RM8&lt;/strong&gt; untuk setiap tempahan.&lt;/span&gt;&lt;/p&gt;\r\n&lt;p&gt;\r\n	&lt;span style=&quot;font-size:18px;&quot;&gt;Tempahan anda dijamin akan sampai kepada anda dalam tempoh 5-7 hari bekerja selepas pengesahan artwork (&lt;em&gt;confirmation artwork&lt;/em&gt;) dibuat. &lt;/span&gt;&lt;/p&gt;\r\n&lt;p&gt;\r\n	&lt;span style=&quot;font-size:18px;&quot;&gt;*kecuali untuk banner &amp;amp; bunting 1 hari bekerja &amp;amp; sticker 6-8 hari bekerja.&lt;/span&gt;&lt;/p&gt;\r\n'),
(3, 1, 'Our Location', '&lt;p&gt;\r\n    Kami beroperasi di alamat berikut :&lt;/p&gt;\r\n&lt;p style=&quot;text-align: center;&quot;&gt;\r\n    &lt;a href=&quot;http://mycard2u.com/wp-content/uploads/2011/05/map.png&quot; target=&quot;_blank&quot;&gt;&lt;img alt=&quot;&quot; class=&quot;aligncenter size-medium wp-image-735&quot; height=&quot;118&quot; src=&quot;http://mycard2u.com/wp-content/uploads/2011/05/map-300x107.png&quot; title=&quot;Map&quot; width=&quot;335&quot; /&gt;&lt;/a&gt;&lt;/p&gt;\r\n&lt;p style=&quot;text-align: center;&quot;&gt;\r\n    klik untuk besarkan&lt;/p&gt;\r\n&lt;p&gt;\r\n    &amp;nbsp;&lt;/p&gt;\r\n&lt;p&gt;\r\n    No 71-1, Jalan SP 4, Taman Semabok Perdana, 75050 Melaka.&lt;/p&gt;\r\n&lt;address&gt;\r\n    Beroperasi Dari 9 pagi - 5 petang.&lt;/address&gt;\r\n&lt;pre&gt;\r\nHubungi : 013 - 6666 155 (Talian Terus) / 016 - 733 6869 (Afiq)&lt;/pre&gt;\r\n&lt;p&gt;\r\n    Atau email kami : admin@mycard2u.com Sebarang cadangan kepada kami amat dialu-alukan.&lt;/p&gt;\r\n\r\n\r\n');

-- --------------------------------------------------------

--
-- Table structure for table`pve_information_to_layout`
--

CREATE TABLE `pve_information_to_layout` (
  `information_id` int(11) NOT NULL,
  `store_id` int(11) NOT NULL,
  `layout_id` int(11) NOT NULL,
  PRIMARY KEY (`information_id`,`store_id`)
) ENGINE=MyISAM DEFAULT CHARSET=utf8 COLLATE=utf8_bin;

-- --------------------------------------------------------

--
-- Table structure for table`pve_information_to_store`
--

CREATE TABLE `pve_information_to_store` (
  `information_id` int(11) NOT NULL,
  `store_id` int(11) NOT NULL,
  PRIMARY KEY (`information_id`,`store_id`)
) ENGINE=MyISAM DEFAULT CHARSET=utf8 COLLATE=utf8_bin;

--
-- Dumping data for table 'pve_information_to_store'
--

INSERT INTO `pve_information_to_store` VALUES
(3, 0),
(4, 0),
(5, 0),
(6, 0);

-- --------------------------------------------------------

--
-- Table structure for table`pve_language`
--

CREATE TABLE `pve_language` (
  `language_id` int(11) NOT NULL AUTO_INCREMENT,
  `name` varchar(32) COLLATE utf8_bin NOT NULL DEFAULT '',
  `code` varchar(5) COLLATE utf8_bin NOT NULL,
  `locale` varchar(255) COLLATE utf8_bin NOT NULL,
  `image` varchar(64) COLLATE utf8_bin NOT NULL,
  `directory` varchar(32) COLLATE utf8_bin NOT NULL DEFAULT '',
  `filename` varchar(64) COLLATE utf8_bin NOT NULL DEFAULT '',
  `sort_order` int(3) NOT NULL DEFAULT '0',
  `status` tinyint(1) NOT NULL,
  PRIMARY KEY (`language_id`),
  KEY `name` (`name`)
) ENGINE=MyISAM  DEFAULT CHARSET=utf8 COLLATE=utf8_bin AUTO_INCREMENT=2 ;

--
-- Dumping data for table 'pve_language'
--

INSERT INTO `pve_language` VALUES
(1, 'English', 'en', 'en_US.UTF-8,en_US,en-gb,english', 'gb.png', 'english', 'english', 1, 1);

-- --------------------------------------------------------

--
-- Table structure for table`pve_layout`
--

CREATE TABLE `pve_layout` (
  `layout_id` int(11) NOT NULL AUTO_INCREMENT,
  `name` varchar(64) COLLATE utf8_bin NOT NULL,
  PRIMARY KEY (`layout_id`)
) ENGINE=MyISAM  DEFAULT CHARSET=utf8 COLLATE=utf8_bin AUTO_INCREMENT=12 ;

--
-- Dumping data for table 'pve_layout'
--

INSERT INTO `pve_layout` VALUES
(1, 'Home'),
(2, 'Product'),
(3, 'Category'),
(4, 'Default'),
(5, 'Manufacturer'),
(6, 'Account'),
(7, 'Checkout'),
(8, 'Contact'),
(9, 'Sitemap'),
(10, 'Affiliate'),
(11, 'Information');

-- --------------------------------------------------------

--
-- Table structure for table`pve_layout_route`
--

CREATE TABLE `pve_layout_route` (
  `layout_route_id` int(11) NOT NULL AUTO_INCREMENT,
  `layout_id` int(11) NOT NULL,
  `store_id` int(11) NOT NULL,
  `route` varchar(255) COLLATE utf8_bin NOT NULL,
  PRIMARY KEY (`layout_route_id`)
) ENGINE=MyISAM  DEFAULT CHARSET=utf8 COLLATE=utf8_bin AUTO_INCREMENT=32 ;

--
-- Dumping data for table 'pve_layout_route'
--

INSERT INTO `pve_layout_route` VALUES
(30, 6, 0, 'account'),
(17, 10, 0, 'affiliate/'),
(29, 3, 0, 'product/category'),
(26, 1, 0, 'common/home'),
(20, 2, 0, 'product/product'),
(24, 11, 0, 'information/information'),
(22, 5, 0, 'product/manufacturer'),
(23, 7, 0, 'checkout/'),
(31, 8, 0, 'information/contact');

-- --------------------------------------------------------

--
-- Table structure for table`pve_length_class`
--

CREATE TABLE `pve_length_class` (
  `length_class_id` int(11) NOT NULL AUTO_INCREMENT,
  `value` decimal(15,8) NOT NULL,
  PRIMARY KEY (`length_class_id`)
) ENGINE=MyISAM  DEFAULT CHARSET=utf8 COLLATE=utf8_bin AUTO_INCREMENT=4 ;

--
-- Dumping data for table 'pve_length_class'
--

INSERT INTO `pve_length_class` VALUES
(1, '1.00000000'),
(2, '10.00000000'),
(3, '0.39370000');

-- --------------------------------------------------------

--
-- Table structure for table`pve_length_class_description`
--

CREATE TABLE `pve_length_class_description` (
  `length_class_id` int(11) NOT NULL AUTO_INCREMENT,
  `language_id` int(11) NOT NULL,
  `title` varchar(32) COLLATE utf8_bin NOT NULL,
  `unit` varchar(4) COLLATE utf8_bin NOT NULL,
  PRIMARY KEY (`length_class_id`,`language_id`)
) ENGINE=MyISAM  DEFAULT CHARSET=utf8 COLLATE=utf8_bin AUTO_INCREMENT=4 ;

--
-- Dumping data for table 'pve_length_class_description'
--

INSERT INTO `pve_length_class_description` VALUES
(1, 1, 'Centimeter', 'cm'),
(2, 1, 'Millimeter', 'mm'),
(3, 1, 'Inch', 'in');

-- --------------------------------------------------------

--
-- Table structure for table`pve_manufacturer`
--

CREATE TABLE `pve_manufacturer` (
  `manufacturer_id` int(11) NOT NULL AUTO_INCREMENT,
  `name` varchar(64) COLLATE utf8_bin NOT NULL DEFAULT '',
  `image` varchar(255) COLLATE utf8_bin DEFAULT NULL,
  `sort_order` int(3) NOT NULL,
  PRIMARY KEY (`manufacturer_id`)
) ENGINE=MyISAM  DEFAULT CHARSET=utf8 COLLATE=utf8_bin AUTO_INCREMENT=11 ;

--
-- Dumping data for table 'pve_manufacturer'
--

INSERT INTO `pve_manufacturer` VALUES
(5, 'HTC', 'data/demo/htc_logo.jpg', 0),
(6, 'Palm', 'data/demo/palm_logo.jpg', 0),
(7, 'Hewlett-Packard', 'data/demo/hp_logo.jpg', 0),
(8, 'Apple', 'data/demo/apple_logo.jpg', 0),
(9, 'Canon', 'data/demo/canon_logo.jpg', 0),
(10, 'Sony', 'data/demo/sony_logo.jpg', 0);

-- --------------------------------------------------------

--
-- Table structure for table`pve_manufacturer_to_store`
--

CREATE TABLE `pve_manufacturer_to_store` (
  `manufacturer_id` int(11) NOT NULL,
  `store_id` int(11) NOT NULL,
  PRIMARY KEY (`manufacturer_id`,`store_id`)
) ENGINE=MyISAM DEFAULT CHARSET=utf8 COLLATE=utf8_bin;

-- --------------------------------------------------------

--
-- Table structure for table`pve_option`
--

CREATE TABLE `pve_option` (
  `option_id` int(11) NOT NULL AUTO_INCREMENT,
  `type` varchar(32) COLLATE utf8_bin NOT NULL,
  `sort_order` int(3) NOT NULL,
  PRIMARY KEY (`option_id`)
) ENGINE=MyISAM  DEFAULT CHARSET=utf8 COLLATE=utf8_bin AUTO_INCREMENT=29 ;

--
-- Dumping data for table 'pve_option'
--

INSERT INTO `pve_option` VALUES
(5, 'text', 5),
(3, 'text', 3),
(2, 'select', 2),
(1, 'select', 1),
(4, 'textarea', 4),
(6, 'text', 6),
(7, 'text', 7),
(8, 'text', 8),
(9, 'textarea', 9),
(10, 'text', 10),
(11, 'text', 11),
(12, 'text', 12),
(13, 'textarea', 13),
(14, 'textarea', 14),
(15, 'date', 15),
(16, 'date', 16),
(17, 'textarea', 17),
(18, 'textarea', 18),
(19, 'textarea', 19),
(20, 'textarea', 20),
(21, 'datetime', 21),
(22, 'datetime', 22),
(23, 'datetime', 23),
(24, 'datetime', 24),
(25, 'checkbox', 25),
(26, 'select', 26),
(27, 'select', 27),
(28, 'radio', 28);

-- --------------------------------------------------------

--
-- Table structure for table`pve_option_description`
--

CREATE TABLE `pve_option_description` (
  `option_id` int(11) NOT NULL,
  `language_id` int(11) NOT NULL,
  `name` varchar(128) COLLATE utf8_bin NOT NULL,
  PRIMARY KEY (`option_id`,`language_id`)
) ENGINE=MyISAM DEFAULT CHARSET=utf8 COLLATE=utf8_bin;

--
-- Dumping data for table 'pve_option_description'
--

INSERT INTO `pve_option_description` VALUES
(3, 1, 'Name'),
(2, 1, 'Page Side'),
(6, 1, 'Email'),
(5, 1, 'Company Name'),
(1, 1, 'Quantity'),
(7, 1, 'Phone No'),
(4, 1, 'Address'),
(8, 1, 'Fax No'),
(9, 1, 'Description'),
(10, 1, 'Design No'),
(11, 1, 'Nama Pengantin Lelaki'),
(12, 1, 'Nama Pengantin Perempuan'),
(13, 1, 'Nama Ibu &amp; Bapa Pengantin Lelaki'),
(14, 1, 'Nama Ibu &amp; Bapa Pengantin Perempuan'),
(15, 1, 'Tarikh Majlis Lelaki'),
(16, 1, 'Tarikh Majlis Perempuan'),
(17, 1, 'Alamat Lelaki'),
(18, 1, 'Alamat Perempuan'),
(19, 1, 'Turut Mengundang Keluarga Lelaki'),
(20, 1, 'Turut Mengundang Keluarga Perempuan'),
(21, 1, 'Aturcara Majlis Lelaki'),
(22, 1, 'Aturcara Majlis Perempuan'),
(23, 1, 'Masa Bersanding Lelaki'),
(24, 1, 'Masa Bersanding Perempuan'),
(25, 1, 'Envelope'),
(26, 1, 'Round Corner'),
(27, 1, 'Punch Hole'),
(28, 1, 'Design Banner');

-- --------------------------------------------------------

--
-- Table structure for table`pve_option_value`
--

CREATE TABLE `pve_option_value` (
  `option_value_id` int(11) NOT NULL AUTO_INCREMENT,
  `option_id` int(11) NOT NULL,
  `image` varchar(255) COLLATE utf8_bin NOT NULL,
  `sort_order` int(3) NOT NULL,
  PRIMARY KEY (`option_value_id`)
) ENGINE=MyISAM  DEFAULT CHARSET=utf8 COLLATE=utf8_bin AUTO_INCREMENT=50 ;

--
-- Dumping data for table 'pve_option_value'
--

INSERT INTO `pve_option_value` VALUES
(49, 1, '', 1),
(1, 1, 'no_image.jpg', 2),
(2, 1, 'no_image.jpg', 3),
(4, 1, 'no_image.jpg', 5),
(3, 1, 'no_image.jpg', 4),
(5, 1, 'no_image.jpg', 6),
(6, 2, '', 1),
(7, 2, '', 2),
(23, 25, 'no_image.jpg', 2),
(11, 26, 'no_image.jpg', 1),
(12, 26, 'no_image.jpg', 2),
(13, 26, '', 3),
(14, 26, '', 4),
(15, 26, '', 5),
(16, 27, 'no_image.jpg', 1),
(17, 27, 'no_image.jpg', 2),
(18, 27, 'no_image.jpg', 3),
(19, 28, '', 1),
(20, 28, '', 2),
(21, 28, '', 3),
(9, 25, 'no_image.jpg', 1);

-- --------------------------------------------------------

--
-- Table structure for table`pve_option_value_description`
--

CREATE TABLE `pve_option_value_description` (
  `option_value_id` int(11) NOT NULL,
  `language_id` int(11) NOT NULL,
  `option_id` int(11) NOT NULL,
  `name` varchar(128) COLLATE utf8_bin NOT NULL,
  PRIMARY KEY (`option_value_id`,`language_id`)
) ENGINE=MyISAM DEFAULT CHARSET=utf8 COLLATE=utf8_bin;

--
-- Dumping data for table 'pve_option_value_description'
--

INSERT INTO `pve_option_value_description` VALUES
(7, 1, 2, 'Double Side'),
(6, 1, 2, 'Sinlge Side'),
(49, 1, 1, '50'),
(2, 1, 1, '200'),
(1, 1, 1, '100'),
(3, 1, 1, '300'),
(4, 1, 1, '500'),
(5, 1, 1, '1000'),
(11, 1, 26, 'No'),
(12, 1, 26, '5mm'),
(13, 1, 26, '6mm'),
(14, 1, 26, '7mm'),
(15, 1, 26, '8mm'),
(16, 1, 27, 'No'),
(17, 1, 27, '3mm'),
(18, 1, 27, '5mm'),
(19, 1, 28, 'Pilih Design ini'),
(20, 1, 28, 'Pilih Design lain'),
(21, 1, 28, 'Ada Design sendiri'),
(23, 1, 25, 'YES'),
(9, 1, 25, 'NO');

-- --------------------------------------------------------

--
-- Table structure for table`pve_order`
--

CREATE TABLE `pve_order` (
  `order_id` int(11) NOT NULL AUTO_INCREMENT,
  `invoice_no` int(11) NOT NULL DEFAULT '0',
  `invoice_prefix` varchar(26) COLLATE utf8_bin NOT NULL,
  `store_id` int(11) NOT NULL DEFAULT '0',
  `store_name` varchar(64) COLLATE utf8_bin NOT NULL,
  `store_url` varchar(255) COLLATE utf8_bin NOT NULL,
  `customer_id` int(11) NOT NULL DEFAULT '0',
  `customer_group_id` int(11) NOT NULL DEFAULT '0',
  `firstname` varchar(32) COLLATE utf8_bin NOT NULL DEFAULT '',
  `lastname` varchar(32) COLLATE utf8_bin NOT NULL,
  `email` varchar(96) COLLATE utf8_bin NOT NULL,
  `telephone` varchar(32) COLLATE utf8_bin NOT NULL DEFAULT '',
  `fax` varchar(32) COLLATE utf8_bin NOT NULL DEFAULT '',
  `payment_firstname` varchar(32) COLLATE utf8_bin NOT NULL DEFAULT '',
  `payment_lastname` varchar(32) COLLATE utf8_bin NOT NULL DEFAULT '',
  `payment_company` varchar(32) COLLATE utf8_bin NOT NULL,
  `payment_company_id` varchar(32) COLLATE utf8_bin NOT NULL,
  `payment_tax_id` varchar(32) COLLATE utf8_bin NOT NULL,
  `payment_address_1` varchar(128) COLLATE utf8_bin NOT NULL,
  `payment_address_2` varchar(128) COLLATE utf8_bin NOT NULL,
  `payment_city` varchar(128) COLLATE utf8_bin NOT NULL,
  `payment_postcode` varchar(10) COLLATE utf8_bin NOT NULL DEFAULT '',
  `payment_country` varchar(128) COLLATE utf8_bin NOT NULL,
  `payment_country_id` int(11) NOT NULL,
  `payment_zone` varchar(128) COLLATE utf8_bin NOT NULL,
  `payment_zone_id` int(11) NOT NULL,
  `payment_address_format` text COLLATE utf8_bin NOT NULL,
  `payment_method` varchar(128) COLLATE utf8_bin NOT NULL DEFAULT '',
  `payment_code` varchar(128) COLLATE utf8_bin NOT NULL,
  `shipping_firstname` varchar(32) COLLATE utf8_bin NOT NULL,
  `shipping_lastname` varchar(32) COLLATE utf8_bin NOT NULL DEFAULT '',
  `shipping_company` varchar(32) COLLATE utf8_bin NOT NULL,
  `shipping_address_1` varchar(128) COLLATE utf8_bin NOT NULL,
  `shipping_address_2` varchar(128) COLLATE utf8_bin NOT NULL,
  `shipping_city` varchar(128) COLLATE utf8_bin NOT NULL,
  `shipping_postcode` varchar(10) COLLATE utf8_bin NOT NULL DEFAULT '',
  `shipping_country` varchar(128) COLLATE utf8_bin NOT NULL,
  `shipping_country_id` int(11) NOT NULL,
  `shipping_zone` varchar(128) COLLATE utf8_bin NOT NULL,
  `shipping_zone_id` int(11) NOT NULL,
  `shipping_address_format` text COLLATE utf8_bin NOT NULL,
  `shipping_method` varchar(128) COLLATE utf8_bin NOT NULL DEFAULT '',
  `shipping_code` varchar(128) COLLATE utf8_bin NOT NULL,
  `comment` text COLLATE utf8_bin NOT NULL,
  `total` decimal(15,4) NOT NULL DEFAULT '0.0000',
  `order_status_id` int(11) NOT NULL DEFAULT '0',
  `affiliate_id` int(11) NOT NULL,
  `commission` decimal(15,4) NOT NULL,
  `language_id` int(11) NOT NULL,
  `currency_id` int(11) NOT NULL,
  `currency_code` varchar(3) COLLATE utf8_bin NOT NULL,
  `currency_value` decimal(15,8) NOT NULL DEFAULT '1.00000000',
  `ip` varchar(40) COLLATE utf8_bin NOT NULL,
  `forwarded_ip` varchar(40) COLLATE utf8_bin NOT NULL,
  `user_agent` varchar(255) COLLATE utf8_bin NOT NULL,
  `accept_language` varchar(255) COLLATE utf8_bin NOT NULL,
  `date_added` datetime NOT NULL,
  `date_modified` datetime NOT NULL,
  PRIMARY KEY (`order_id`)
) ENGINE=MyISAM  DEFAULT CHARSET=utf8 COLLATE=utf8_bin AUTO_INCREMENT=4 ;

--
-- Dumping data for table 'pve_order'
--

INSERT INTO `pve_order` VALUES
(3, 0, 'INV-2012-00', 0, 'Print myCard2u', 'http://store.mycard2u.com/', 0, 1, 'Noor Puspamarina ', 'binti Radzali', 'boking7@jiwang.ws', '60123455767', '', 'Noor Puspamarina ', 'binti Radzali', '', '', '', 'B-03-07, Kuarters Hospital Kajang', 'Jalan SC 1, Pusat Industri Sg. Chua', 'Kajang', '43000', 'Malaysia', 129, 'Selangor', 1983, '', 'Bank Transfer', 'bank_transfer', 'Noor Puspamarina ', 'binti Radzali', '', 'B-03-07, Kuarters Hospital Kajang', 'Jalan SC 1, Pusat Industri Sg. Chua', 'Kajang', '43000', 'Malaysia', 129, 'Selangor', 1983, '', 'Flat Shipping Rate', 'flat.flat', '', '33.0000', 3, 0, '0.0000', 1, 4, 'MYR', '1.00000000', '116.197.5.100', '', 'Mozilla/5.0 (Windows NT 6.1; rv:17.0) Gecko/20100101 Firefox/17.0', 'en-US,en;q=0.5', '2012-12-17 15:17:59', '2012-12-17 16:23:07');

-- --------------------------------------------------------

--
-- Table structure for table`pve_order_download`
--

CREATE TABLE `pve_order_download` (
  `order_download_id` int(11) NOT NULL AUTO_INCREMENT,
  `order_id` int(11) NOT NULL,
  `order_product_id` int(11) NOT NULL,
  `name` varchar(64) COLLATE utf8_bin NOT NULL DEFAULT '',
  `filename` varchar(128) COLLATE utf8_bin NOT NULL DEFAULT '',
  `mask` varchar(128) COLLATE utf8_bin NOT NULL DEFAULT '',
  `remaining` int(3) NOT NULL DEFAULT '0',
  PRIMARY KEY (`order_download_id`)
) ENGINE=MyISAM DEFAULT CHARSET=utf8 COLLATE=utf8_bin AUTO_INCREMENT=1 ;

-- --------------------------------------------------------

--
-- Table structure for table`pve_order_history`
--

CREATE TABLE `pve_order_history` (
  `order_history_id` int(11) NOT NULL AUTO_INCREMENT,
  `order_id` int(11) NOT NULL,
  `order_status_id` int(5) NOT NULL,
  `notify` tinyint(1) NOT NULL DEFAULT '0',
  `comment` text COLLATE utf8_bin NOT NULL,
  `date_added` datetime NOT NULL DEFAULT '0000-00-00 00:00:00',
  PRIMARY KEY (`order_history_id`)
) ENGINE=MyISAM  DEFAULT CHARSET=utf8 COLLATE=utf8_bin AUTO_INCREMENT=5 ;

--
-- Dumping data for table 'pve_order_history'
--

INSERT INTO `pve_order_history` VALUES
(3, 3, 2, 1, 'Bank Transfer Instructions\n\nHere is the list of available options and you may select the payment method during the checkout process.\r\n\r\n#Internet Bank Transfer\r\n\r\n#Direct Deposit (At bank counter or ATM)\r\n\r\n#Credit card (Payment RM100 &amp; above)\r\n\r\nBank account details :\r\n\r\nBank : Maybank\r\nA/c no : 154026413304\r\nName : Mohamad Afiq Bin Abu Bakar\r\n\r\nBank : Cimb Bank\r\nA/c no :04060072168523\r\nName : Mohamad Afiq Bin Abu Bakar\r\n\r\nFor payment via Credit Card, Please Contact Us by email.\r\n\r\nOnce payment is made, customers are required to e-mail us the Payment Details to admin@mycard2u.com. \r\n\r\nStrictly follow the format as below;\r\n\r\nPayment Details\r\nEmail :	\r\nBank Name :	(what is the bank that you use to transfer us the money)\r\nDate :	(date of money deposited or transferred)\r\nAmount :	(RM***.**)\r\nPayment Evidence:	(Reference number or scan of physical copy slip)\n\nYour order will not ship until we receive payment.', '2012-12-17 15:18:19'),
(4, 3, 3, 1, 'Kangaroo World Wide Express, Tracking No : 803346374. Http://track.kangaroo.com.my ', '2012-12-17 16:23:07');

-- --------------------------------------------------------

--
-- Table structure for table`pve_order_option`
--

CREATE TABLE `pve_order_option` (
  `order_option_id` int(11) NOT NULL AUTO_INCREMENT,
  `order_id` int(11) NOT NULL,
  `order_product_id` int(11) NOT NULL,
  `product_option_id` int(11) NOT NULL,
  `product_option_value_id` int(11) NOT NULL DEFAULT '0',
  `name` varchar(255) COLLATE utf8_bin NOT NULL,
  `value` text COLLATE utf8_bin NOT NULL,
  `type` varchar(32) COLLATE utf8_bin NOT NULL,
  PRIMARY KEY (`order_option_id`)
) ENGINE=MyISAM  DEFAULT CHARSET=utf8 COLLATE=utf8_bin AUTO_INCREMENT=3 ;

--
-- Dumping data for table 'pve_order_option'
--

INSERT INTO `pve_order_option` VALUES
(2, 3, 3, 670, 254, 'Quantity', '100', 'select');

-- --------------------------------------------------------

--
-- Table structure for table`pve_order_product`
--

CREATE TABLE `pve_order_product` (
  `order_product_id` int(11) NOT NULL AUTO_INCREMENT,
  `order_id` int(11) NOT NULL,
  `product_id` int(11) NOT NULL,
  `name` varchar(255) COLLATE utf8_bin NOT NULL,
  `model` varchar(64) COLLATE utf8_bin NOT NULL,
  `quantity` int(4) NOT NULL,
  `price` decimal(15,4) NOT NULL DEFAULT '0.0000',
  `total` decimal(15,4) NOT NULL DEFAULT '0.0000',
  `tax` decimal(15,4) NOT NULL DEFAULT '0.0000',
  `reward` int(8) NOT NULL,
  PRIMARY KEY (`order_product_id`)
) ENGINE=MyISAM  DEFAULT CHARSET=utf8 COLLATE=utf8_bin AUTO_INCREMENT=4 ;

--
-- Dumping data for table 'pve_order_product'
--

INSERT INTO `pve_order_product` VALUES
(3, 3, 115, 'Sticker Fragile', 'Sticker Fragile', 1, '25.0000', '25.0000', '0.0000', 0);

-- --------------------------------------------------------

--
-- Table structure for table`pve_order_status`
--

CREATE TABLE `pve_order_status` (
  `order_status_id` int(11) NOT NULL AUTO_INCREMENT,
  `language_id` int(11) NOT NULL,
  `name` varchar(32) COLLATE utf8_bin NOT NULL,
  PRIMARY KEY (`order_status_id`,`language_id`)
) ENGINE=MyISAM  DEFAULT CHARSET=utf8 COLLATE=utf8_bin AUTO_INCREMENT=17 ;

--
-- Dumping data for table 'pve_order_status'
--

INSERT INTO `pve_order_status` VALUES
(2, 1, 'Processing'),
(3, 1, 'Shipped'),
(7, 1, 'Canceled'),
(5, 1, 'Complete'),
(8, 1, 'Denied'),
(9, 1, 'Canceled Reversal'),
(10, 1, 'Failed'),
(11, 1, 'Refunded'),
(12, 1, 'Reversed'),
(13, 1, 'Chargeback'),
(1, 1, 'Pending'),
(16, 1, 'Voided'),
(15, 1, 'Processed'),
(14, 1, 'Expired');

-- --------------------------------------------------------

--
-- Table structure for table`pve_order_total`
--

CREATE TABLE `pve_order_total` (
  `order_total_id` int(10) NOT NULL AUTO_INCREMENT,
  `order_id` int(11) NOT NULL,
  `code` varchar(32) COLLATE utf8_bin NOT NULL,
  `title` varchar(255) COLLATE utf8_bin NOT NULL DEFAULT '',
  `text` varchar(255) COLLATE utf8_bin NOT NULL DEFAULT '',
  `value` decimal(15,4) NOT NULL DEFAULT '0.0000',
  `sort_order` int(3) NOT NULL,
  PRIMARY KEY (`order_total_id`),
  KEY `idx_orders_total_orders_id` (`order_id`)
) ENGINE=MyISAM  DEFAULT CHARSET=utf8 COLLATE=utf8_bin AUTO_INCREMENT=10 ;

--
-- Dumping data for table 'pve_order_total'
--

INSERT INTO `pve_order_total` VALUES
(9, 3, 'total', 'Total', 'RM33.00', '33.0000', 9),
(8, 3, 'shipping', 'Flat Shipping Rate', 'RM8.00', '8.0000', 3),
(7, 3, 'sub_total', 'Sub-Total', 'RM25.00', '25.0000', 1);

-- --------------------------------------------------------

--
-- Table structure for table`pve_order_voucher`
--

CREATE TABLE `pve_order_voucher` (
  `order_voucher_id` int(11) NOT NULL AUTO_INCREMENT,
  `order_id` int(11) NOT NULL,
  `voucher_id` int(11) NOT NULL,
  `description` varchar(255) COLLATE utf8_bin NOT NULL,
  `code` varchar(10) COLLATE utf8_bin NOT NULL,
  `from_name` varchar(64) COLLATE utf8_bin NOT NULL,
  `from_email` varchar(96) COLLATE utf8_bin NOT NULL,
  `to_name` varchar(64) COLLATE utf8_bin NOT NULL,
  `to_email` varchar(96) COLLATE utf8_bin NOT NULL,
  `voucher_theme_id` int(11) NOT NULL,
  `message` text COLLATE utf8_bin NOT NULL,
  `amount` decimal(15,4) NOT NULL,
  PRIMARY KEY (`order_voucher_id`)
) ENGINE=MyISAM DEFAULT CHARSET=utf8 COLLATE=utf8_bin AUTO_INCREMENT=1 ;

-- --------------------------------------------------------

--
-- Table structure for table`pve_product`
--

CREATE TABLE `pve_product` (
  `product_id` int(11) NOT NULL AUTO_INCREMENT,
  `model` varchar(64) COLLATE utf8_bin NOT NULL,
  `sku` varchar(64) COLLATE utf8_bin NOT NULL,
  `upc` varchar(12) COLLATE utf8_bin NOT NULL,
  `ean` varchar(14) COLLATE utf8_bin NOT NULL,
  `jan` varchar(13) COLLATE utf8_bin NOT NULL,
  `isbn` varchar(13) COLLATE utf8_bin NOT NULL,
  `mpn` varchar(64) COLLATE utf8_bin NOT NULL,
  `location` varchar(128) COLLATE utf8_bin NOT NULL,
  `quantity` int(4) NOT NULL DEFAULT '0',
  `stock_status_id` int(11) NOT NULL,
  `image` varchar(255) COLLATE utf8_bin DEFAULT NULL,
  `manufacturer_id` int(11) NOT NULL,
  `shipping` tinyint(1) NOT NULL DEFAULT '1',
  `price` decimal(15,4) NOT NULL DEFAULT '0.0000',
  `points` int(8) NOT NULL DEFAULT '0',
  `tax_class_id` int(11) NOT NULL,
  `date_available` date NOT NULL,
  `weight` decimal(15,8) NOT NULL DEFAULT '0.00000000',
  `weight_class_id` int(11) NOT NULL DEFAULT '0',
  `length` decimal(15,8) NOT NULL DEFAULT '0.00000000',
  `width` decimal(15,8) NOT NULL DEFAULT '0.00000000',
  `height` decimal(15,8) NOT NULL DEFAULT '0.00000000',
  `length_class_id` int(11) NOT NULL DEFAULT '0',
  `subtract` tinyint(1) NOT NULL DEFAULT '1',
  `minimum` int(11) NOT NULL DEFAULT '1',
  `sort_order` int(11) NOT NULL DEFAULT '0',
  `status` tinyint(1) NOT NULL DEFAULT '0',
  `date_added` datetime NOT NULL DEFAULT '0000-00-00 00:00:00',
  `date_modified` datetime NOT NULL DEFAULT '0000-00-00 00:00:00',
  `viewed` int(5) NOT NULL DEFAULT '0',
  PRIMARY KEY (`product_id`)
) ENGINE=MyISAM  DEFAULT CHARSET=utf8 COLLATE=utf8_bin AUTO_INCREMENT=122 ;

--
-- Dumping data for table 'pve_product'
--

INSERT INTO `pve_product` VALUES
(50, 'B-70De', '', '', '', '', '', '', '', 10000, 5, 'data/bcard 1-70/Business Card 1.jpg', 0, 1, '30.0000', 0, 0, '2012-09-29', '0.00000000', 1, '54.00000000', '90.00000000', '0.00000000', 2, 1, 1, 1, 1, '2012-09-30 22:28:10', '2012-11-06 10:32:13', 10),
(53, 'KD-16U-B', '', '', '', '', '', '', '', 99999, 5, 'data/kad kahwin/kad kahwin wawa1.png', 0, 1, '0.4700', 0, 0, '2012-09-30', '0.00000000', 1, '0.00000000', '0.00000000', '0.00000000', 1, 0, 1000, 1, 1, '2012-10-01 12:17:07', '2012-12-20 23:09:03', 14),
(54, 'KD-16U-B500', '', '', '', '', '', '', '', 99999, 5, 'data/kad kahwin/kad kahwin wawa1.png', 0, 1, '0.8500', 0, 0, '2012-09-30', '0.00000000', 1, '0.00000000', '0.00000000', '0.00000000', 1, 0, 500, 1, 1, '2012-10-01 12:22:35', '2012-12-20 23:08:42', 8),
(55, 'KD-16U-EB', '', '', '', '', '', '', '', 99999, 5, 'data/kad kahwin/kad kahwin izuan1.png', 0, 1, '0.4700', 0, 0, '2012-09-30', '0.00000000', 1, '0.00000000', '0.00000000', '0.00000000', 1, 0, 1000, 1, 1, '2012-10-01 12:39:39', '2012-12-20 16:45:30', 35),
(56, 'KD-16U-EB500', '', '', '', '', '', '', '', 99999, 5, 'data/kad kahwin/kad kahwin izuan1.png', 0, 1, '0.8500', 0, 0, '2012-09-30', '0.00000000', 1, '0.00000000', '0.00000000', '0.00000000', 1, 0, 500, 1, 1, '2012-10-01 12:41:00', '2012-12-20 16:45:40', 16),
(57, 'KD-PK-Pink', '', '', '', '', '', '', '', 999999, 5, 'data/kad kahwin/kad kahwin poskad.png', 0, 1, '0.3000', 0, 0, '2012-09-30', '0.00000000', 1, '0.00000000', '0.00000000', '0.00000000', 1, 1, 1000, 1, 1, '2012-10-01 13:05:16', '2012-12-20 23:08:23', 28),
(58, 'KD-PK-Pink500', '', '', '', '', '', '', '', 999999, 5, 'data/kad kahwin/kad kahwin poskad.png', 0, 1, '0.5700', 0, 0, '2012-09-30', '0.00000000', 1, '0.00000000', '0.00000000', '0.00000000', 1, 0, 500, 1, 1, '2012-10-01 13:06:33', '2012-12-20 23:07:38', 8),
(59, 'KD-16U-EBP', '', '', '', '', '', '', '', 9999999, 5, 'data/kad kahwin/GreetingCard_C16UB.png', 0, 1, '0.4700', 0, 0, '2012-09-30', '0.00000000', 1, '0.00000000', '0.00000000', '0.00000000', 1, 0, 1000, 1, 1, '2012-10-01 13:27:45', '2012-12-20 16:45:48', 26),
(60, 'KD-16U-EBP', '', '', '', '', '', '', '', 9999999, 5, 'data/kad kahwin/GreetingCard_C16UB.png', 0, 1, '0.8500', 0, 0, '2012-09-30', '0.00000000', 1, '0.00000000', '0.00000000', '0.00000000', 1, 0, 500, 1, 1, '2012-10-01 13:28:24', '2012-12-20 16:45:55', 10),
(61, 'KD-16U-G', '', '', '', '', '', '', '', 9999999, 5, 'data/kad kahwin/kad kahwin saya.jpg', 0, 1, '0.4700', 0, 0, '2012-09-30', '0.00000000', 1, '0.00000000', '0.00000000', '0.00000000', 1, 1, 1000, 1, 1, '2012-10-01 13:37:59', '2012-12-20 16:46:03', 14),
(62, 'KD-16U-G500', '', '', '', '', '', '', '', 9999999, 5, 'data/kad kahwin/kad kahwin saya.jpg', 0, 1, '0.8500', 0, 0, '2012-09-30', '0.00000000', 1, '0.00000000', '0.00000000', '0.00000000', 1, 0, 500, 1, 1, '2012-10-01 13:38:13', '2012-12-20 16:46:11', 12),
(63, 'L-1', '', '', '', '', '', '', '', 9999, 5, 'data/label/yaan.png', 0, 1, '30.0000', 0, 0, '2012-09-30', '0.00000000', 1, '0.00000000', '0.00000000', '0.00000000', 1, 1, 1, 1, 1, '2012-10-01 13:50:46', '2012-10-04 15:55:32', 6),
(64, 'KD-16U-G500', '', '', '', '', '', '', '', 999999, 5, 'data/kad kahwin/sal32.png', 0, 1, '0.8500', 0, 0, '2012-09-30', '0.00000000', 1, '0.00000000', '0.00000000', '0.00000000', 1, 0, 500, 1, 1, '2012-10-01 14:16:58', '2012-12-20 16:51:03', 13),
(65, 'KD-16U-G', '', '', '', '', '', '', '', 999999, 5, 'data/kad kahwin/sal32.png', 0, 1, '0.4700', 0, 0, '2012-09-30', '0.00000000', 1, '0.00000000', '0.00000000', '0.00000000', 1, 0, 1000, 1, 1, '2012-10-01 14:17:54', '2012-12-20 16:51:18', 30),
(66, 'KD-16U-CF', '', '', '', '', '', '', '', 99999, 5, 'data/kad kahwin/kad kahwin Cute Floral_pre.png', 0, 1, '0.4700', 0, 0, '2012-09-30', '0.00000000', 1, '0.00000000', '0.00000000', '0.00000000', 1, 0, 1000, 1, 1, '2012-10-01 14:56:54', '2012-12-20 16:44:39', 45),
(67, 'KD-PK-CE', '', '', '', '', '', '', '', 99999, 5, 'data/kad kahwin/kad kahwin Cute Floral_pre eco.png', 0, 1, '0.3000', 0, 0, '2012-09-30', '0.00000000', 1, '0.00000000', '0.00000000', '0.00000000', 1, 1, 1000, 1, 1, '2012-10-01 15:06:50', '2012-12-20 16:44:56', 82),
(69, 'KD-16U-LFU', '', '', '', '', '', '', '', 99999, 5, 'data/kad kahwin love for you2.png', 0, 1, '0.4700', 0, 0, '2012-10-02', '0.00000000', 1, '0.00000000', '0.00000000', '0.00000000', 1, 1, 1000, 1, 1, '2012-10-03 09:44:38', '2012-12-20 23:16:00', 48),
(70, 'Banner30-1', '', '', '', '', '', '', '', 999999, 5, 'data/banner/banner.png', 0, 1, '60.0000', 0, 0, '2012-10-03', '0.00000000', 1, '0.00000000', '0.00000000', '0.00000000', 1, 1, 1, 1, 1, '2012-10-04 15:58:50', '2012-11-08 21:15:24', 27),
(71, 'Banner 24', '', '', '', '', '', '', '', 999999, 5, 'data/banner/banner 3x8 kecilkan.png', 0, 1, '48.0000', 0, 0, '2012-10-03', '0.00000000', 1, '0.00000000', '0.00000000', '0.00000000', 1, 1, 1, 1, 1, '2012-10-05 14:24:44', '2012-11-08 21:16:25', 28),
(72, 'bunting12-D8', '', '', '', '', '', '', '', 999999, 5, 'data/bunting/bunting kecilkan.png', 0, 1, '26.0000', 0, 0, '2012-10-03', '0.00000000', 1, '0.00000000', '0.00000000', '0.00000000', 1, 1, 1, 1, 1, '2012-10-05 14:35:03', '2012-12-20 15:47:46', 33),
(73, 'bunting10-D2', '', '', '', '', '', '', '', 999999, 5, 'data/bunting/keropok lekor.png', 0, 1, '24.0000', 0, 0, '2012-10-03', '0.00000000', 1, '0.00000000', '0.00000000', '0.00000000', 1, 1, 1, 1, 1, '2012-10-05 14:41:59', '2012-12-20 15:46:42', 34),
(74, 'KD-16U-LFU500', '', '', '', '', '', '', '', 98999, 5, 'data/kad kahwin love for you2.png', 0, 1, '0.8500', 0, 0, '2012-10-02', '0.00000000', 1, '0.00000000', '0.00000000', '0.00000000', 1, 0, 500, 1, 1, '2012-10-06 13:00:38', '2012-12-20 23:15:24', 8),
(75, 'KD-PK-Pink500', '', '', '', '', '', '', '', 999999, 5, 'data/kad kahwin/kad kahwin hijau.png', 0, 1, '0.5700', 0, 0, '2012-09-30', '0.00000000', 1, '0.00000000', '0.00000000', '0.00000000', 1, 0, 500, 1, 1, '2012-10-06 13:04:55', '2012-12-20 16:55:34', 18),
(76, 'KD-PK-Green', '', '', '', '', '', '', '', 999999, 5, 'data/kad kahwin/kad kahwin hijau.png', 0, 1, '0.3000', 0, 0, '2012-09-30', '0.00000000', 1, '0.00000000', '0.00000000', '0.00000000', 1, 0, 1000, 1, 1, '2012-10-06 13:15:56', '2012-12-20 16:55:27', 52),
(77, 'B-Retro', '', '', '', '', '', '', '', 9999, 5, 'data/retro/retro style.png', 0, 1, '30.0000', 0, 0, '2012-09-29', '0.00000000', 1, '54.00000000', '90.00000000', '0.00000000', 2, 1, 1, 2, 1, '2012-10-08 10:59:34', '2012-11-06 10:32:31', 11),
(78, 'KD-Retro', '', '', '', '', '', '', '', 999999, 5, 'data/kad kahwin/kad kahwin retro page 2.png', 0, 1, '0.3000', 0, 0, '2012-09-30', '0.00000000', 1, '0.00000000', '0.00000000', '0.00000000', 1, 1, 1000, 1, 1, '2012-10-08 12:13:18', '2012-12-20 23:07:10', 20),
(79, 'KD-PK-Pink', '', '', '', '', '', '', '', 999999, 5, 'data/kad kahwin/kad kahwin poskad.png', 0, 1, '0.5900', 0, 0, '2012-09-30', '0.00000000', 1, '0.00000000', '0.00000000', '0.00000000', 1, 1, 300, 1, 1, '2012-10-08 12:25:52', '2012-12-20 23:08:03', 7),
(80, 'KD-16U-FL', '', '', '', '', '', '', '', 98999, 5, 'data/kad kahwin/GreetingCard_C16UB_front small.png', 0, 1, '0.4700', 0, 0, '2012-10-02', '0.00000000', 1, '0.00000000', '0.00000000', '0.00000000', 1, 1, 1000, 1, 1, '2012-10-11 15:04:39', '2012-12-20 16:51:31', 41),
(81, 'KD-16U-F', '', '', '', '', '', '', '', 98999, 5, 'data/kad kahwin/GreetingCard_C16U_new_front small.png', 0, 1, '0.4700', 0, 0, '2012-10-02', '0.00000000', 1, '0.00000000', '0.00000000', '0.00000000', 1, 1, 1000, 1, 1, '2012-10-11 15:19:56', '2012-12-20 16:55:49', 14),
(82, 'KD-PK-LC Green', '', '', '', '', '', '', '', 999999, 5, 'data/kad kahwin/template.png', 0, 1, '0.3000', 0, 0, '2012-10-15', '0.00000000', 1, '0.00000000', '0.00000000', '0.00000000', 1, 1, 1000, 1, 1, '2012-10-15 12:21:55', '2012-12-20 23:17:38', 24),
(83, 'KD-PK-G Gold', '', '', '', '', '', '', '', 999999, 5, 'data/kad kahwin/kad kahwin gold31.png', 0, 1, '0.3500', 0, 0, '2012-10-15', '0.00000000', 1, '0.00000000', '0.00000000', '0.00000000', 1, 1, 1000, 1, 1, '2012-10-15 12:26:15', '2012-12-20 16:50:46', 89),
(84, 'Sticker Square KasumaD', '', '', '', '', '', '', '', 999999, 5, 'data/business card/Sticker.png', 0, 1, '0.2900', 0, 0, '2012-10-14', '0.00000000', 1, '0.00000000', '0.00000000', '0.00000000', 1, 1, 500, 1, 1, '2012-10-15 15:27:06', '2012-10-22 13:12:22', 8),
(85, 'Sticker Circle', '', '', '', '', '', '', '', 999999, 5, 'data/sticker/label bulat.png', 0, 1, '0.4600', 0, 0, '2012-10-14', '0.00000000', 1, '0.00000000', '0.00000000', '0.00000000', 1, 1, 500, 1, 1, '2012-10-15 15:28:41', '2012-10-15 15:33:08', 11),
(86, 'L-1', '', '', '', '', '', '', '', 9999, 5, 'data/sticker/sticker 3.png', 0, 1, '30.0000', 0, 0, '2012-09-30', '0.00000000', 1, '0.00000000', '0.00000000', '0.00000000', 1, 1, 1, 1, 1, '2012-10-17 23:28:07', '2012-10-17 23:57:55', 12),
(87, 'bunting10-D1', '', '', '', '', '', '', '', 999998, 5, 'data/bunting/bunting1.png', 0, 1, '24.0000', 0, 0, '2012-10-03', '0.00000000', 1, '0.00000000', '0.00000000', '0.00000000', 1, 1, 1, 1, 1, '2012-10-22 13:00:51', '2012-12-20 15:46:34', 33),
(88, 'bunting10-D3', '', '', '', '', '', '', '', 999999, 5, 'data/bunting/bunting2.png', 0, 1, '24.0000', 0, 0, '2012-10-03', '0.00000000', 1, '0.00000000', '0.00000000', '0.00000000', 1, 1, 1, 1, 1, '2012-10-22 13:03:52', '2012-12-20 15:46:49', 36),
(89, 'bunting10-D4', '', '', '', '', '', '', '', 999999, 5, 'data/bunting/bunting3.png', 0, 1, '24.0000', 0, 0, '2012-10-03', '0.00000000', 1, '0.00000000', '0.00000000', '0.00000000', 1, 1, 1, 1, 1, '2012-10-22 13:04:29', '2012-12-20 15:46:57', 34),
(90, 'B-Kasuma1', '', '', '', '', '', '', '', 9998, 5, 'data/business card/business card_new.png', 0, 1, '30.0000', 0, 0, '2012-09-29', '0.00000000', 1, '54.00000000', '90.00000000', '0.00000000', 2, 1, 1, 1, 1, '2012-10-22 13:05:15', '2012-11-06 10:31:30', 15),
(91, 'B-Kasuma2', '', '', '', '', '', '', '', 9999, 5, 'data/business card/business card2.png', 0, 1, '30.0000', 0, 0, '2012-09-29', '0.00000000', 1, '54.00000000', '90.00000000', '0.00000000', 2, 1, 1, 1, 1, '2012-10-22 13:07:54', '2012-11-06 10:31:44', 17),
(92, 'B-Kasuma3', '', '', '', '', '', '', '', 9999, 5, 'data/business card/Sticker.png', 0, 1, '30.0000', 0, 0, '2012-09-29', '0.00000000', 1, '54.00000000', '90.00000000', '0.00000000', 2, 1, 1, 1, 1, '2012-10-22 13:09:02', '2012-11-06 10:31:56', 10),
(93, 'Sticker Square', '', '', '', '', '', '', '', 999999, 5, 'data/sticker/sticker 6.png', 0, 1, '0.2900', 0, 0, '2012-10-14', '0.00000000', 1, '0.00000000', '0.00000000', '0.00000000', 1, 1, 500, 1, 1, '2012-10-22 13:10:46', '2012-10-22 13:13:22', 8),
(94, 'KD-6UA-FB', '', '', '', '', '', '', '', 99999, 5, 'data/kad kahwin/kad kahwin fb preview.png', 0, 1, '0.4000', 0, 0, '2012-11-07', '0.00000000', 1, '0.00000000', '0.00000000', '0.00000000', 1, 0, 1000, 1, 1, '2012-11-07 12:02:14', '2012-12-20 16:54:13', 29),
(95, 'Bunting Stand-Tripod', '', '', '', '', '', '', '', 9999999, 5, 'data/bunting/bunting_stand.jpg', 0, 1, '70.0000', 0, 0, '2012-12-09', '2.00000000', 1, '0.00000000', '0.00000000', '0.00000000', 1, 1, 1, 1, 1, '2012-12-10 09:11:26', '2012-12-10 09:31:16', 10),
(96, 'bunting10-2-D5', '', '', '', '', '', '', '', 999998, 5, 'data/bunting/bunting.png', 0, 1, '24.0000', 0, 0, '2012-10-03', '0.00000000', 1, '0.00000000', '0.00000000', '0.00000000', 1, 1, 1, 1, 1, '2012-12-10 09:24:13', '2012-12-20 15:47:05', 32),
(97, 'bunting10-3-D6', '', '', '', '', '', '', '', 999999, 5, 'data/bunting/bunting-2.png', 0, 1, '24.0000', 0, 0, '2012-10-03', '0.00000000', 1, '0.00000000', '0.00000000', '0.00000000', 1, 1, 1, 1, 1, '2012-12-10 09:24:13', '2012-12-20 15:47:32', 34),
(98, 'bunting10-D7', '', '', '', '', '', '', '', 999999, 5, 'data/bunting/bunting4.png', 0, 1, '24.0000', 0, 0, '2012-10-03', '0.00000000', 1, '0.00000000', '0.00000000', '0.00000000', 1, 1, 1, 1, 1, '2012-12-10 09:24:13', '2012-12-20 15:47:40', 55),
(99, 'KD-16U-Love', '', '', '', '', '', '', '', 98999, 5, 'data/kad kahwin/kad kahwin menarik.png', 0, 1, '0.4700', 0, 0, '2012-12-10', '0.00000000', 1, '0.00000000', '0.00000000', '0.00000000', 1, 1, 1000, 1, 1, '2012-12-10 10:42:42', '2012-12-20 23:16:25', 34),
(100, 'KD-PK-LC Blue', '', '', '', '', '', '', '', 999999, 5, 'data/kad kahwin/kad kahwin murah.png', 0, 1, '0.3000', 0, 0, '2012-10-15', '0.00000000', 1, '0.00000000', '0.00000000', '0.00000000', 1, 1, 1000, 1, 1, '2012-12-12 14:02:43', '2012-12-20 17:01:04', 51),
(101, 'KB-PK-Pink', '', '', '', '', '', '', '', 999999, 5, 'data/kad birthday/Birthday Card 1.png', 0, 1, '0.5900', 0, 0, '2012-09-30', '0.00000000', 1, '0.00000000', '0.00000000', '0.00000000', 1, 1, 300, 1, 1, '2012-12-12 14:15:39', '2012-12-20 16:43:29', 9),
(102, 'KB-PK-Pink-100', '', '', '', '', '', '', '', 999999, 5, 'data/kad birthday/Birthday Card 1.png', 0, 1, '1.5000', 0, 0, '2012-09-30', '0.00000000', 1, '0.00000000', '0.00000000', '0.00000000', 1, 1, 100, 1, 1, '2012-12-12 14:32:38', '2012-12-20 23:04:21', 11),
(103, 'KD-Retro', '', '', '', '', '', '', '', 999999, 5, 'data/kad kahwin/kad kahwin retro page 2.png', 0, 1, '0.5900', 0, 0, '2012-09-30', '0.00000000', 1, '0.00000000', '0.00000000', '0.00000000', 1, 1, 300, 1, 1, '2012-12-13 21:32:32', '2012-12-20 23:05:31', 7),
(104, 'KD-Retro', '', '', '', '', '', '', '', 999999, 5, 'data/kad kahwin/kad kahwin retro page 2.png', 0, 1, '0.5700', 0, 0, '2012-09-30', '0.00000000', 1, '0.00000000', '0.00000000', '0.00000000', 1, 1, 500, 1, 1, '2012-12-13 21:34:24', '2012-12-20 23:04:49', 12),
(105, 'KD-PK-CE', '', '', '', '', '', '', '', 99999, 5, 'data/kad kahwin/kad kahwin Cute Floral_pre eco.png', 0, 1, '0.5700', 0, 0, '2012-09-30', '0.00000000', 1, '0.00000000', '0.00000000', '0.00000000', 1, 1, 500, 1, 1, '2012-12-13 21:36:18', '2012-12-20 16:45:14', 31),
(106, 'KD-PK-CE', '', '', '', '', '', '', '', 99999, 5, 'data/kad kahwin/kad kahwin Cute Floral_pre eco.png', 0, 1, '0.5900', 0, 0, '2012-09-30', '0.00000000', 1, '0.00000000', '0.00000000', '0.00000000', 1, 1, 300, 1, 1, '2012-12-13 21:36:31', '2012-12-20 16:45:05', 23),
(107, 'KD-PK-G Gold', '', '', '', '', '', '', '', 999999, 5, 'data/kad kahwin/kad kahwin gold31.png', 0, 1, '0.5700', 0, 0, '2012-10-15', '0.00000000', 1, '0.00000000', '0.00000000', '0.00000000', 1, 1, 500, 1, 1, '2012-12-13 21:56:11', '2012-12-20 17:00:33', 23),
(108, 'KD-PK-LC Blue', '', '', '', '', '', '', '', 999999, 5, 'data/kad kahwin/kad kahwin murah.png', 0, 1, '0.5700', 0, 0, '2012-10-15', '0.00000000', 1, '0.00000000', '0.00000000', '0.00000000', 1, 1, 500, 1, 1, '2012-12-13 21:56:11', '2012-12-20 23:18:34', 29),
(109, 'KD-PK-LC Green', '', '', '', '', '', '', '', 999999, 5, 'data/kad kahwin/template.png', 0, 1, '0.5700', 0, 0, '2012-10-15', '0.00000000', 1, '0.00000000', '0.00000000', '0.00000000', 1, 1, 500, 1, 1, '2012-12-13 21:56:12', '2012-12-20 23:16:44', 10),
(110, 'KD-PK-G Gold', '', '', '', '', '', '', '', 999999, 5, 'data/kad kahwin/kad kahwin gold31.png', 0, 1, '0.5900', 0, 0, '2012-10-15', '0.00000000', 1, '0.00000000', '0.00000000', '0.00000000', 1, 1, 300, 1, 1, '2012-12-13 22:02:39', '2012-12-20 16:57:13', 18),
(111, 'KD-PK-LC Blue', '', '', '', '', '', '', '', 999999, 5, 'data/kad kahwin/kad kahwin murah.png', 0, 1, '0.5900', 0, 0, '2012-10-15', '0.00000000', 1, '0.00000000', '0.00000000', '0.00000000', 1, 1, 300, 1, 1, '2012-12-13 22:02:39', '2012-12-20 17:01:11', 14),
(112, 'KD-PK-LC Green', '', '', '', '', '', '', '', 999999, 5, 'data/kad kahwin/template.png', 0, 1, '0.5900', 0, 0, '2012-10-15', '0.00000000', 1, '0.00000000', '0.00000000', '0.00000000', 1, 1, 300, 1, 1, '2012-12-13 22:02:39', '2012-12-20 23:17:11', 13),
(113, 'KD-PK-Pink500', '', '', '', '', '', '', '', 999999, 5, 'data/kad kahwin/kad kahwin hijau.png', 0, 1, '0.5700', 0, 0, '2012-09-30', '0.00000000', 1, '0.00000000', '0.00000000', '0.00000000', 1, 0, 500, 1, 1, '2012-12-13 23:23:44', '2012-12-20 16:55:42', 21),
(114, 'KD-16U-CF', '', '', '', '', '', '', '', 99999, 5, 'data/kad kahwin/kad kahwin Cute Floral_pre.png', 0, 1, '0.8500', 0, 0, '2012-09-30', '0.00000000', 1, '0.00000000', '0.00000000', '0.00000000', 1, 0, 500, 1, 1, '2012-12-14 10:07:09', '2012-12-20 16:44:46', 24),
(115, 'Sticker Fragile', '', '', '', '', '', '', '', 9999998, 5, 'data/sticker/fragile sticker.jpg', 0, 1, '15.0000', 0, 0, '2012-12-16', '0.00000000', 1, '0.00000000', '0.00000000', '0.00000000', 1, 1, 1, 1, 1, '2012-12-17 15:13:08', '2012-12-17 15:15:42', 6),
(116, 'KD-6UA-FB500', '', '', '', '', '', '', '', 99999, 5, 'data/kad kahwin/kad kahwin fb preview.png', 0, 1, '0.7000', 0, 0, '2012-11-07', '0.00000000', 1, '0.00000000', '0.00000000', '0.00000000', 1, 0, 500, 1, 1, '2012-12-20 15:14:27', '2012-12-20 16:51:52', 9),
(117, 'KD-6UA-FB', '', '', '', '', '', '', '', 99999, 5, 'data/kad kahwin/kad kahwin fb preview.png', 0, 1, '1.1000', 0, 0, '2012-11-07', '0.00000000', 1, '0.00000000', '0.00000000', '0.00000000', 1, 0, 300, 1, 1, '2012-12-20 15:14:39', '2012-12-20 16:53:57', 5),
(118, 'KD-6UA-GL', '', '', '', '', '', '', '', 99999, 5, 'data/kad kahwin/Kad Kahwin Green Love page.png', 0, 1, '0.4000', 0, 0, '2012-11-07', '0.00000000', 1, '0.00000000', '0.00000000', '0.00000000', 1, 0, 1000, 1, 1, '2012-12-20 15:29:21', '2012-12-20 17:00:42', 19),
(119, 'KD-6UA-GL500', '', '', '', '', '', '', '', 99999, 5, 'data/kad kahwin/Kad Kahwin Green Love page.png', 0, 1, '0.7000', 0, 0, '2012-11-07', '0.00000000', 1, '0.00000000', '0.00000000', '0.00000000', 1, 0, 500, 1, 1, '2012-12-20 15:33:39', '2012-12-20 17:00:57', 15),
(120, 'KD-6UA-GL300', '', '', '', '', '', '', '', 99999, 5, 'data/kad kahwin/Kad Kahwin Green Love page.png', 0, 1, '1.1000', 0, 0, '2012-11-07', '0.00000000', 1, '0.00000000', '0.00000000', '0.00000000', 1, 0, 300, 1, 1, '2012-12-20 15:33:43', '2012-12-20 17:00:50', 8),
(121, 'bunting10-3-D6', '', '', '', '', '', '', '', 999999, 5, 'data/bunting/bunting-2.png', 0, 1, '24.0000', 0, 0, '2012-10-03', '0.00000000', 1, '0.00000000', '0.00000000', '0.00000000', 1, 1, 1, 1, 0, '2012-12-21 14:52:18', '0000-00-00 00:00:00', 0);

-- --------------------------------------------------------

--
-- Table structure for table`pve_product_attribute`
--

CREATE TABLE `pve_product_attribute` (
  `product_id` int(11) NOT NULL,
  `attribute_id` int(11) NOT NULL,
  `language_id` int(11) NOT NULL,
  `text` text COLLATE utf8_bin NOT NULL,
  PRIMARY KEY (`product_id`,`attribute_id`,`language_id`)
) ENGINE=MyISAM DEFAULT CHARSET=utf8 COLLATE=utf8_bin;

-- --------------------------------------------------------

--
-- Table structure for table`pve_product_description`
--

CREATE TABLE `pve_product_description` (
  `product_id` int(11) NOT NULL AUTO_INCREMENT,
  `language_id` int(11) NOT NULL,
  `name` varchar(255) COLLATE utf8_bin NOT NULL,
  `description` text COLLATE utf8_bin NOT NULL,
  `meta_description` varchar(255) COLLATE utf8_bin NOT NULL,
  `meta_keyword` varchar(255) COLLATE utf8_bin NOT NULL,
  `tag` text COLLATE utf8_bin NOT NULL,
  PRIMARY KEY (`product_id`,`language_id`),
  KEY `name` (`name`),
  FULLTEXT KEY `description` (`description`),
  FULLTEXT KEY `tag` (`tag`)
) ENGINE=MyISAM  DEFAULT CHARSET=utf8 COLLATE=utf8_bin AUTO_INCREMENT=122 ;

--
-- Dumping data for table 'pve_product_description'
--

INSERT INTO `pve_product_description` VALUES
(73, 1, 'Bunting 2 x 5 feet', '&lt;p&gt;\r\n	Print &lt;strong&gt;Bunting&lt;/strong&gt; ini bersaiz 2 feet x 5 feet. Anda dinasihatkan untuk memastikan ukuran &lt;strong&gt;bunting&lt;/strong&gt; yang anda tempah adalah tepat. Ada kemungkinan &lt;strong&gt;bunting&lt;/strong&gt; yang telalu besar atau panjang tidak dapat di gantung ditempat yang sesuai.&lt;/p&gt;\r\n&lt;p&gt;\r\n	&lt;strong&gt;Bunting&lt;/strong&gt; adalah merupakan kaedah pengiklanan yang agak penting dimasa kini. &lt;strong&gt;Bunting&lt;/strong&gt; juga dapat menyampaikan maklumat seperti papan tanda, tetapi kosnya jauh lebih murah. Dalam Majlis Perkahwinan, &lt;strong&gt;bunting&lt;/strong&gt; ini merupakan perkara wajib yang perlu ada. Dengan &lt;strong&gt;bunting&lt;/strong&gt; ini lah, pada hadirin mengenali keluarga pengantin sebelum menghadiri majlis. Jika tiada &lt;strong&gt;bunting&lt;/strong&gt;, kemungkinan tersilap rumah adalah tinggi, lebih-lebih lagi jika ada 2 atau lebih Majlis Perkahwinan di tempat yang sama. Harga &lt;strong&gt;bunting&lt;/strong&gt; bergantung kepada saiznya. Dan ukuran &lt;strong&gt;bunting&lt;/strong&gt; adalah dikira dalam unit ''kaki''. Tiada tambahan untuk memasukkan gambar pada &lt;strong&gt;bunting&lt;/strong&gt; anda. Sekiranya &lt;strong&gt;bunting&lt;/strong&gt; ini merupakan pilihan anda, sila isikan butiran diatas.&lt;/p&gt;\r\n&lt;p&gt;\r\n	Angaran masa untuk kami cetak &lt;strong&gt;bunting&lt;/strong&gt; ini adalah 1 hari selepas art work &lt;strong&gt;bunting&lt;/strong&gt; di setujui. Anda perlu membuat tempahan &lt;strong&gt;bunting&lt;/strong&gt; sebelum jam 3 petang. Selepas waktu itu, masa ditambah 1 hari lagi untuk proses cetak &lt;strong&gt;bunting&lt;/strong&gt;. Sebagai contoh, anda buat tempahan &lt;strong&gt;bunting&lt;/strong&gt; pada jam 1 petang, 1hb Nov 2012. Pada 2hb Nov 2012 pihak kami akan hantar &lt;strong&gt;bunting&lt;/strong&gt; anda untuk di pos. Dan anda akan menerima &lt;strong&gt;bunting&lt;/strong&gt; pada 3hb Nov 2012.&lt;/p&gt;\r\n&lt;p&gt;\r\n	Sekiranya anda ingin mengambil &lt;strong&gt;bunting&lt;/strong&gt; di galeri kami, masa mencetak &lt;strong&gt;bunting&lt;/strong&gt; adalah 24 jam. Sebagai contoh, anda membuat tempahan &lt;strong&gt;bunting&lt;/strong&gt; di galeri pada jam 12 tengah hari, 1 Nov 2012. &lt;strong&gt;bunting&lt;/strong&gt; anda boleh diambil pada atau selepas 12 tengah hari, 2 Nov 2012.&lt;/p&gt;\r\n&lt;p&gt;\r\n	Kami juga menerima &lt;strong&gt;bunting&lt;/strong&gt; yang anda design sendiri. Akan tetapi, kami hanya menerima artwork &lt;strong&gt;bunting&lt;/strong&gt; di dalam format .pdf atau .cdr atau .ai sahaja. Art work &lt;strong&gt;bunting&lt;/strong&gt; dalam bentuk .jpeg atau .png atau .gif atau lain-lain format, perlu dirujuk dahulu dengan pihak kami. Sila hantar art work &lt;strong&gt;bunting&lt;/strong&gt; anda di admin@mycard2u.com selepas butiran tempahan di isi dengan sempurna. Dan pastikan art work &lt;strong&gt;bunting&lt;/strong&gt; anda mempunyai ukuran yang tepat.&lt;/p&gt;\r\n&lt;p&gt;\r\n	Sebarang pertanyaan anda mengenai &lt;strong&gt;bunting&lt;/strong&gt;, sila hubungi talian hotline kami :013-6666155 atau email di admin@mycard2u.com.&lt;/p&gt;\r\n&lt;p&gt;\r\n	&lt;strong&gt;BUNTING&lt;/strong&gt;&lt;/p&gt;\r\n', 'Tempah bunting secara online dengan harga yang murah', 'bunting, print bunting, bunting online, tempah bunting online, bunting murah, bunting perkahwinan', 'bunting, print bunting, bunting online, bunting murah, bunting melaka, bunting perkahwinan, bunting cantik, bunting online, tempah bunting'),
(74, 1, 'Kad Kahwin Love For You 500pcs', '&lt;div class=&quot;tab-content&quot; id=&quot;tab-description&quot; style=&quot;display: block;&quot;&gt;\r\n	&lt;p&gt;\r\n		Spesifikasi Kad:&lt;/p&gt;\r\n	&lt;p&gt;\r\n		Lipatan: 3 Lipatan&lt;/p&gt;\r\n	&lt;p&gt;\r\n		Saiz Buka: A4&lt;/p&gt;\r\n	&lt;p&gt;\r\n		Kad ini sesuai untuk nama kedua belah pihak pengantin (lelaki &amp;amp; perempuan)&lt;/p&gt;\r\n	&lt;p&gt;\r\n		*PERCUMA - Tambahan gambar pada kad.&lt;/p&gt;\r\n	&lt;p&gt;\r\n		Harga kad yg dinyatakan diatas adalah harga siap termasuk kos printing.&lt;/p&gt;\r\n\r\n&lt;iframe allowfullscreen=&quot;&quot; frameborder=&quot;0&quot; height=&quot;480&quot; src=&quot;http://www.youtube.com/embed/QjOU7ekHyrA&quot; width=&quot;640&quot;&gt;&lt;/iframe&gt;\r\n&lt;/div&gt;\r\n&lt;p&gt;\r\n	&amp;nbsp;&lt;/p&gt;\r\n', '', '', ''),
(77, 1, 'Business Card Retro Style', '', '', '', ''),
(78, 1, 'Kad Kahwin Retro Style 1000pcs', '&lt;div class=&quot;tab-content&quot; id=&quot;tab-description&quot; style=&quot;display: block;&quot;&gt;\r\n	&lt;p&gt;\r\n		Spesifikasi Kad:&lt;/p&gt;\r\n	&lt;p&gt;\r\n		Lipatan: tiada&lt;/p&gt;\r\n	&lt;p&gt;\r\n		Saiz Buka: 182mm x 99mm&lt;/p&gt;\r\n	&lt;p&gt;\r\n		Kad ini sesuai untuk satu nama pihak pengantin sahaja (lelaki atau perempuan)&lt;/p&gt;\r\n	&lt;p&gt;\r\n		*PERCUMA - Tambahan gambar pada kad.&lt;/p&gt;\r\n	&lt;p&gt;\r\n		Harga kad yg dinyatakan diatas adalah harga siap termasuk kos printing.&lt;/p&gt;\r\n\r\n&lt;iframe allowfullscreen=&quot;&quot; frameborder=&quot;0&quot; height=&quot;480&quot; src=&quot;http://www.youtube.com/embed/QjOU7ekHyrA&quot; width=&quot;640&quot;&gt;&lt;/iframe&gt;\r\n&lt;/div&gt;\r\n&lt;p&gt;\r\n	&amp;nbsp;&lt;/p&gt;\r\n', '', '', ''),
(81, 1, 'Kad Kahwin Fantasy 1000pcs', '&lt;div class=&quot;tab-content&quot; id=&quot;tab-description&quot; style=&quot;display: block;&quot;&gt;\r\n	&lt;p&gt;\r\n		Spesifikasi Kad:&lt;/p&gt;\r\n	&lt;p&gt;\r\n		Lipatan: 3 Lipatan&lt;/p&gt;\r\n	&lt;p&gt;\r\n		Saiz Buka: A4&lt;/p&gt;\r\n	&lt;p&gt;\r\n		Kad ini sesuai untuk nama kedua belah pihak pengantin (lelaki &amp;amp; perempuan)&lt;/p&gt;\r\n	&lt;p&gt;\r\n		*PERCUMA - Tambahan gambar pada kad.&lt;/p&gt;\r\n	&lt;p&gt;\r\n		Harga kad yg dinyatakan diatas adalah harga siap termasuk kos printing.&lt;/p&gt;\r\n\r\n&lt;iframe width=&quot;640&quot; height=&quot;480&quot; src=&quot;http://www.youtube.com/embed/QjOU7ekHyrA&quot; frameborder=&quot;0&quot; allowfullscreen&gt;&lt;/iframe&gt;\r\n&lt;/div&gt;\r\n&lt;p&gt;\r\n	&amp;nbsp;&lt;/p&gt;\r\n', '', '', ''),
(82, 1, 'Kad Kahwin Local Green 1000pcs', '&lt;div class=&quot;tab-content&quot; id=&quot;tab-description&quot; style=&quot;display: block;&quot;&gt;\r\n	&lt;p&gt;\r\n		Spesifikasi Kad:&lt;/p&gt;\r\n	&lt;p&gt;\r\n		Lipatan: tiada&lt;/p&gt;\r\n	&lt;p&gt;\r\n		Saiz Buka: 90mm x 216mm&lt;/p&gt;\r\n	&lt;p&gt;\r\n		Kad ini sesuai untuk satu nama pihak pengantin sahaja (lelaki atau perempuan)&lt;/p&gt;\r\n	&lt;p&gt;\r\n		*PERCUMA - Tambahan gambar pada kad.&lt;/p&gt;\r\n	&lt;p&gt;\r\n		Harga kad yg dinyatakan diatas adalah harga siap termasuk kos printing.&lt;/p&gt;\r\n\r\n&lt;iframe allowfullscreen=&quot;&quot; frameborder=&quot;0&quot; height=&quot;480&quot; src=&quot;http://www.youtube.com/embed/QjOU7ekHyrA&quot; width=&quot;640&quot;&gt;&lt;/iframe&gt;\r\n&lt;/div&gt;\r\n&lt;p&gt;\r\n	&amp;nbsp;&lt;/p&gt;\r\n', '', '', ''),
(83, 1, 'Kad Kahwin Golden Gold 1000pcs', '&lt;div class=&quot;tab-content&quot; id=&quot;tab-description&quot; style=&quot;display: block;&quot;&gt;\r\n	&lt;p&gt;\r\n		Spesifikasi Kad:&lt;/p&gt;\r\n	&lt;p&gt;\r\n		Lipatan: tiada&lt;/p&gt;\r\n	&lt;p&gt;\r\n		Saiz Buka: 90mm x 216mm&lt;/p&gt;\r\n	&lt;p&gt;\r\n		Kad ini sesuai untuk satu nama pihak pengantin sahaja (lelaki atau perempuan)&lt;/p&gt;\r\n	&lt;p&gt;\r\n		*PERCUMA - Tambahan gambar pada kad.&lt;/p&gt;\r\n	&lt;p&gt;\r\n		Harga kad yg dinyatakan diatas adalah harga siap termasuk kos printing.&lt;/p&gt;\r\n\r\n&lt;iframe width=&quot;640&quot; height=&quot;480&quot; src=&quot;http://www.youtube.com/embed/QjOU7ekHyrA&quot; frameborder=&quot;0&quot; allowfullscreen&gt;&lt;/iframe&gt;\r\n&lt;/div&gt;\r\n&lt;p&gt;\r\n	&amp;nbsp;&lt;/p&gt;\r\n', '', '', ''),
(84, 1, 'Sticker Square ', '&lt;div class=&quot;tab-content&quot; id=&quot;tab-description&quot; style=&quot;display: block;&quot;&gt;\n	&lt;p&gt;\n		Spesifikasi Produk:&lt;/p&gt;\n	&lt;p&gt;\n		Saiz : 90mm x 54mm (Petak)&lt;/p&gt;\n	Jenis Material : 80gsm Mirrokote Sticker + gloss (s)&lt;br /&gt;\n	&lt;p&gt;\n		Design : Custom (Boleh Ubah dan Pelbagai)&lt;/p&gt;\n	&lt;p&gt;\n		Harga yg dinyatakan diatas adalah harga siap termasuk kos printing.&lt;/p&gt;\n&lt;/div&gt;\n&lt;p&gt;\n	&amp;nbsp;&lt;/p&gt;\n', '', '', ''),
(85, 1, 'Sticker Circle', '&lt;div class=&quot;tab-content&quot; id=&quot;tab-description&quot; style=&quot;display: block;&quot;&gt;\n	&lt;p&gt;\n		Spesifikasi Produk:&lt;/p&gt;\n	&lt;p&gt;\n		Saiz : 56mm x 52mm (Bulat)&lt;/p&gt;\n	Jenis Material : 80gsm Mirrokote Sticker + gloss (s)&lt;br /&gt;\n	&lt;p&gt;\n		Design : Custom (Boleh Ubah dan Pelbagai)&lt;/p&gt;\n	&lt;p&gt;\n		Harga yg dinyatakan diatas adalah harga siap termasuk kos printing.&lt;/p&gt;\n&lt;/div&gt;\n&lt;p&gt;\n	&amp;nbsp;&lt;/p&gt;\n', '', '', ''),
(86, 1, 'Label Funkie 9 Design', '', '', '', ''),
(50, 1, 'Business Card 1-70 Design Collection', '', '', '', ''),
(53, 1, 'Kad Kahwin Nice Black 1000pcs', '&lt;p&gt;\r\n	Spesifikasi Kad:&lt;/p&gt;\r\n&lt;p&gt;\r\n	Lipatan: 3 Lipatan&lt;/p&gt;\r\n&lt;p&gt;\r\n	Saiz Buka: A4&lt;/p&gt;\r\n&lt;p&gt;\r\n	Kad ini sesuai untuk nama kedua belah pihak pengantin (lelaki &amp;amp; perempuan)&lt;/p&gt;\r\n&lt;p&gt;\r\n	*PERCUMA - Tambahan gambar pada kad.&lt;/p&gt;\r\n&lt;p&gt;\r\n	Harga kad yg dinyatakan diatas adalah harga siap termasuk kos printing.&lt;/p&gt;\r\n\r\n&lt;iframe allowfullscreen=&quot;&quot; frameborder=&quot;0&quot; height=&quot;480&quot; src=&quot;http://www.youtube.com/embed/QjOU7ekHyrA&quot; width=&quot;640&quot;&gt;&lt;/iframe&gt;\r\n', '', '', ''),
(54, 1, 'Kad Kahwin Nice Black 500pcs', '&lt;p&gt;\r\n	Spesifikasi Kad:&lt;/p&gt;\r\n&lt;p&gt;\r\n	Lipatan: 3 Lipatan&lt;/p&gt;\r\n&lt;p&gt;\r\n	Saiz Buka: A4&lt;/p&gt;\r\n&lt;p&gt;\r\n	Kad ini sesuai untuk nama kedua belah pihak pengantin (lelaki &amp;amp; perempuan)&lt;/p&gt;\r\n&lt;p&gt;\r\n	*PERCUMA - Tambahan gambar pada kad.&lt;/p&gt;\r\n&lt;p&gt;\r\n	Harga kad yg dinyatakan diatas adalah harga siap termasuk kos printing.&lt;/p&gt;\r\n\r\n&lt;iframe allowfullscreen=&quot;&quot; frameborder=&quot;0&quot; height=&quot;480&quot; src=&quot;http://www.youtube.com/embed/QjOU7ekHyrA&quot; width=&quot;640&quot;&gt;&lt;/iframe&gt;\r\n', '', '', ''),
(55, 1, 'Kad Kahwin Elegent Black 1000pcs', '&lt;p&gt;\r\n	Spesifikasi Kad:&lt;/p&gt;\r\n&lt;p&gt;\r\n	Lipatan: 2 Lipatan&lt;/p&gt;\r\n&lt;p&gt;\r\n	Saiz Buka: 210mm x 196mm&lt;/p&gt;\r\n&lt;p&gt;\r\n	Kad ini sesuai untuk sebelah pihak pengantin sahaja (lelaki/perempuan)&lt;/p&gt;\r\n&lt;p&gt;\r\n	*PERCUMA - Tambahan gambar pada kad.&lt;/p&gt;\r\n&lt;p&gt;\r\n	Harga kad yg dinyatakan diatas adalah harga siap termasuk kos printing.&lt;/p&gt;\r\n\r\n&lt;iframe width=&quot;640&quot; height=&quot;480&quot; src=&quot;http://www.youtube.com/embed/QjOU7ekHyrA&quot; frameborder=&quot;0&quot; allowfullscreen&gt;&lt;/iframe&gt;\r\n', '', '', ''),
(56, 1, 'Kad Kahwin Elegent Black 500pcs', '&lt;p&gt;\r\n	Spesifikasi Kad:&lt;/p&gt;\r\n&lt;p&gt;\r\n	Lipatan: 2 Lipatan&lt;/p&gt;\r\n&lt;p&gt;\r\n	Saiz Buka: 210mm x 196mm&lt;/p&gt;\r\n&lt;p&gt;\r\n	Kad ini sesuai untuk sebelah pihak pengantin sahaja (lelaki/perempuan)&lt;/p&gt;\r\n&lt;p&gt;\r\n	*PERCUMA - Tambahan gambar pada kad.&lt;/p&gt;\r\n&lt;p&gt;\r\n	Harga kad yg dinyatakan diatas adalah harga siap termasuk kos printing.&lt;/p&gt;\r\n\r\n&lt;iframe width=&quot;640&quot; height=&quot;480&quot; src=&quot;http://www.youtube.com/embed/QjOU7ekHyrA&quot; frameborder=&quot;0&quot; allowfullscreen&gt;&lt;/iframe&gt;\r\n', '', '', ''),
(62, 1, 'Kad Kahwin Elegent Green 500pcs', '&lt;div class=&quot;tab-content&quot; id=&quot;tab-description&quot; style=&quot;display: block;&quot;&gt;\r\n	&lt;p&gt;\r\n		Spesifikasi Kad:&lt;/p&gt;\r\n	&lt;p&gt;\r\n		Lipatan: 3 Lipatan&lt;/p&gt;\r\n	&lt;p&gt;\r\n		Saiz Buka: A4&lt;/p&gt;\r\n	&lt;p&gt;\r\n		Kad ini sesuai untuk nama kedua belah pihak pengantin (lelaki &amp;amp; perempuan)&lt;/p&gt;\r\n	&lt;p&gt;\r\n		*PERCUMA - Tambahan gambar pada kad.&lt;/p&gt;\r\n	&lt;p&gt;\r\n		Harga kad yg dinyatakan diatas adalah harga siap termasuk kos printing.&lt;/p&gt;\r\n\r\n&lt;iframe width=&quot;640&quot; height=&quot;480&quot; src=&quot;http://www.youtube.com/embed/QjOU7ekHyrA&quot; frameborder=&quot;0&quot; allowfullscreen&gt;&lt;/iframe&gt;\r\n&lt;/div&gt;\r\n&lt;p&gt;\r\n	&amp;nbsp;&lt;/p&gt;\r\n', '', '', ''),
(63, 1, 'Label Greet Pink', '', '', '', ''),
(67, 1, 'Kad Kahwin Cute Floral Eco 1000pcs', '&lt;div class=&quot;tab-content&quot; id=&quot;tab-description&quot; style=&quot;display: block&quot;&gt;\r\n	&lt;p&gt;\r\n		Spesifikasi Kad:&lt;/p&gt;\r\n	&lt;p&gt;\r\n		Lipatan: tiada&lt;/p&gt;\r\n	&lt;p&gt;\r\n		Saiz Buka: 182mm x 110mm&lt;/p&gt;\r\n	&lt;p&gt;\r\n		Kad ini sesuai untuk satu nama pihak pengantin sahaja (lelaki atau perempuan)&lt;/p&gt;\r\n	&lt;p&gt;\r\n		*PERCUMA - Tambahan gambar pada kad.&lt;/p&gt;\r\n	&lt;p&gt;\r\n		Harga kad yg dinyatakan diatas adalah harga siap termasuk kos printing.&lt;/p&gt;\r\n\r\n&lt;iframe width=&quot;640&quot; height=&quot;480&quot; src=&quot;http://www.youtube.com/embed/QjOU7ekHyrA&quot; frameborder=&quot;0&quot; allowfullscreen&gt;&lt;/iframe&gt;\r\n&lt;/div&gt;\r\n&lt;p&gt;\r\n	&amp;nbsp;&lt;/p&gt;\r\n', '', '', ''),
(69, 1, 'Kad Kahwin Love For You 1000pcs', '&lt;div class=&quot;tab-content&quot; id=&quot;tab-description&quot; style=&quot;display: block;&quot;&gt;\r\n	&lt;p&gt;\r\n		Spesifikasi Kad:&lt;/p&gt;\r\n	&lt;p&gt;\r\n		Lipatan: 3 Lipatan&lt;/p&gt;\r\n	&lt;p&gt;\r\n		Saiz Buka: A4&lt;/p&gt;\r\n	&lt;p&gt;\r\n		Kad ini sesuai untuk nama kedua belah pihak pengantin (lelaki &amp;amp; perempuan)&lt;/p&gt;\r\n	&lt;p&gt;\r\n		*PERCUMA - Tambahan gambar pada kad.&lt;/p&gt;\r\n	&lt;p&gt;\r\n		Harga kad yg dinyatakan diatas adalah harga siap termasuk kos printing.&lt;/p&gt;\r\n\r\n&lt;iframe allowfullscreen=&quot;&quot; frameborder=&quot;0&quot; height=&quot;480&quot; src=&quot;http://www.youtube.com/embed/QjOU7ekHyrA&quot; width=&quot;640&quot;&gt;&lt;/iframe&gt;\r\n&lt;/div&gt;\r\n&lt;p&gt;\r\n	&amp;nbsp;&lt;/p&gt;\r\n', '', '', ''),
(70, 1, 'Banner 3 x 10 feet', '&lt;p&gt;\n	Print &lt;strong&gt;Banner&lt;/strong&gt; ini bersaiz 3 feet x 10 feet. Anda dinasihatkan untuk memastikan ukuran &lt;strong&gt;banner&lt;/strong&gt; yang anda tempah adalah tepat. Ada kemungkinan &lt;strong&gt;banner&lt;/strong&gt; yang telalu besar atau panjang tidak dapat di gantung ditempat yang sesuai.&lt;/p&gt;\n&lt;p&gt;\n	&lt;strong&gt;Banner&lt;/strong&gt; adalah merupakan kaedah pengiklanan yang agak penting dimasa kini. &lt;strong&gt;Banner&lt;/strong&gt; juga dapat menyampaikan maklumat seperti papan tanda, tetapi kosnya jauh lebih murah. Harga &lt;strong&gt;banner&lt;/strong&gt; bergantung kepada saiznya. Dan ukuran &lt;strong&gt;banner&lt;/strong&gt; adalah dikira dalam unit &#039;kaki&#039;. Sekiranya &lt;strong&gt;banner&lt;/strong&gt; ini merupakan pilihan anda, sila isikan butiran diatas.&lt;/p&gt;\n&lt;p&gt;\n	Angaran masa untuk kami cetak &lt;strong&gt;banner&lt;/strong&gt; ini adalah 1 hari selepas art work &lt;strong&gt;banner&lt;/strong&gt; di setujui. Anda perlu membuat tempahan &lt;strong&gt;banner&lt;/strong&gt; sebelum jam 3 petang. Selepas waktu itu, masa ditambah 1 hari lagi untuk proses cetak &lt;strong&gt;banner&lt;/strong&gt;. Sebagai contoh, anda buat tempahan &lt;strong&gt;banner&lt;/strong&gt; pada jam 1 petang, 1hb Nov 2012. Pada 2hb Nov 2012 pihak kami akan hantar &lt;strong&gt;banner&lt;/strong&gt; anda untuk di pos. Dan anda akan menerima &lt;strong&gt;banner&lt;/strong&gt; pada 3hb Nov 2012.&lt;/p&gt;\n&lt;p&gt;\n	Sekiranya anda ingin mengambil &lt;strong&gt;banner&lt;/strong&gt; di galeri kami, masa mencetak &lt;strong&gt;banner&lt;/strong&gt; adalah 24 jam. Sebagai contoh, anda membuat tempahan &lt;strong&gt;banner&lt;/strong&gt; di galeri pada jam 12 tengah hari, 1 Nov 2012. &lt;strong&gt;Banner&lt;/strong&gt; anda boleh diambil pada atau selepas 12 tengah hari, 2 Nov 2012.&lt;/p&gt;\n&lt;p&gt;\n	Kami juga menerima &lt;strong&gt;banner&lt;/strong&gt; yang anda design sendiri. Akan tetapi, kami hanya menerima artwork &lt;strong&gt;banner&lt;/strong&gt; di dalam format .pdf atau .cdr atau .ai sahaja. Art work &lt;strong&gt;banner&lt;/strong&gt; dalam bentuk .jpeg atau .png atau .gif atau lain-lain format, perlu dirujuk dahulu dengan pihak kami. Sila hantar art work &lt;strong&gt;banner&lt;/strong&gt; anda di admin@mycard2u.com selepas butiran tempahan di isi dengan sempurna. Dan pastikan art work &lt;strong&gt;banner&lt;/strong&gt; anda mempunyai ukuran yang tepat.&lt;/p&gt;\n&lt;p&gt;\n	Sebarang pertanyaan anda mengenai &lt;strong&gt;banner&lt;/strong&gt;, sila hubungi talian hotline kami :013-6666155 atau email di admin@mycard2u.com.&lt;/p&gt;\n&lt;p&gt;\n	&lt;strong&gt;&lt;span style=&quot;font-size:16px;&quot;&gt;BANNER&lt;/span&gt;&lt;/strong&gt;&lt;/p&gt;\n', 'Tempah banner secara online dengan harga yang murah', 'Banner, Banners, print, Print Banner, Print banner online, cheap banner, banner murah, ', 'Banner, Print banner, online print banner, Banner Melaka, print, print banner melaka'),
(71, 1, 'Banner 3 x 8 feet', '&lt;p&gt;\n	Print &lt;strong&gt;Banner&lt;/strong&gt; ini bersaiz 3 feet x 8 feet. Anda dinasihatkan untuk memastikan ukuran &lt;strong&gt;banner&lt;/strong&gt; yang anda tempah adalah tepat. Ada kemungkinan &lt;strong&gt;banner&lt;/strong&gt; yang telalu besar atau panjang tidak dapat di gantung ditempat yang sesuai.&lt;/p&gt;\n&lt;p&gt;\n	&lt;strong&gt;Banner&lt;/strong&gt; adalah merupakan kaedah pengiklanan yang agak penting dimasa kini. &lt;strong&gt;Banner&lt;/strong&gt; juga dapat menyampaikan maklumat seperti papan tanda, tetapi kosnya jauh lebih murah. Harga &lt;strong&gt;banner&lt;/strong&gt; bergantung kepada saiznya. Dan ukuran &lt;strong&gt;banner&lt;/strong&gt; adalah dikira dalam unit &#039;kaki&#039;. Sekiranya &lt;strong&gt;banner&lt;/strong&gt; ini merupakan pilihan anda, sila isikan butiran diatas.&lt;/p&gt;\n&lt;p&gt;\n	Angaran masa untuk kami cetak &lt;strong&gt;banner&lt;/strong&gt; ini adalah 1 hari selepas art work &lt;strong&gt;banner&lt;/strong&gt; di setujui. Anda perlu membuat tempahan &lt;strong&gt;banner&lt;/strong&gt; sebelum jam 3 petang. Selepas waktu itu, masa ditambah 1 hari lagi untuk proses cetak &lt;strong&gt;banner&lt;/strong&gt;. Sebagai contoh, anda buat tempahan &lt;strong&gt;banner&lt;/strong&gt; pada jam 1 petang, 1hb Nov 2012. Pada 2hb Nov 2012 pihak kami akan hantar &lt;strong&gt;banner&lt;/strong&gt; anda untuk di pos. Dan anda akan menerima &lt;strong&gt;banner&lt;/strong&gt; pada 3hb Nov 2012.&lt;/p&gt;\n&lt;p&gt;\n	Sekiranya anda ingin mengambil &lt;strong&gt;banner&lt;/strong&gt; di galeri kami, masa mencetak &lt;strong&gt;banner&lt;/strong&gt; adalah 24 jam. Sebagai contoh, anda membuat tempahan &lt;strong&gt;banner&lt;/strong&gt; di galeri pada jam 12 tengah hari, 1 Nov 2012. &lt;strong&gt;Banner&lt;/strong&gt; anda boleh diambil pada atau selepas 12 tengah hari, 2 Nov 2012.&lt;/p&gt;\n&lt;p&gt;\n	Kami juga menerima &lt;strong&gt;banner&lt;/strong&gt; yang anda design sendiri. Akan tetapi, kami hanya menerima artwork &lt;strong&gt;banner&lt;/strong&gt; di dalam format .pdf atau .cdr atau .ai sahaja. Art work &lt;strong&gt;banner&lt;/strong&gt; dalam bentuk .jpeg atau .png atau .gif atau lain-lain format, perlu dirujuk dahulu dengan pihak kami. Sila hantar art work &lt;strong&gt;banner&lt;/strong&gt; anda di admin@mycard2u.com selepas butiran tempahan di isi dengan sempurna. Dan pastikan art work &lt;strong&gt;banner&lt;/strong&gt; anda mempunyai ukuran yang tepat.&lt;/p&gt;\n&lt;p&gt;\n	Sebarang pertanyaan anda mengenai &lt;strong&gt;banner&lt;/strong&gt;, sila hubungi talian hotline kami :013-6666155 atau email di admin@mycard2u.com.&lt;/p&gt;\n&lt;p&gt;\n	&lt;strong&gt;&lt;span style=&quot;font-size:16px;&quot;&gt;BANNER&lt;/span&gt;&lt;/strong&gt;&lt;/p&gt;\n', 'Tempah banner secara online dengan harga yang murah', 'Banner, Banners, print, Print Banner, Print banner online, cheap banner, banner murah, ', 'Banner, Print banner, online print banner, Banner Melaka, print, print banner melaka'),
(72, 1, 'Bunting 2 x 6 feet', '&lt;p&gt;\r\n	Print &lt;strong&gt;Bunting&lt;/strong&gt; ini bersaiz 2 feet x 5 feet. Anda dinasihatkan untuk memastikan ukuran &lt;strong&gt;bunting&lt;/strong&gt; yang anda tempah adalah tepat. Ada kemungkinan &lt;strong&gt;bunting&lt;/strong&gt; yang telalu besar atau panjang tidak dapat di gantung ditempat yang sesuai.&lt;/p&gt;\r\n&lt;p&gt;\r\n	&lt;strong&gt;Bunting&lt;/strong&gt; adalah merupakan kaedah pengiklanan yang agak penting dimasa kini. &lt;strong&gt;Bunting&lt;/strong&gt; juga dapat menyampaikan maklumat seperti papan tanda, tetapi kosnya jauh lebih murah. Dalam Majlis Perkahwinan, &lt;strong&gt;bunting&lt;/strong&gt; ini merupakan perkara wajib yang perlu ada. Dengan &lt;strong&gt;bunting&lt;/strong&gt; ini lah, pada hadirin mengenali keluarga pengantin sebelum menghadiri majlis. Jika tiada &lt;strong&gt;bunting&lt;/strong&gt;, kemungkinan tersilap rumah adalah tinggi, lebih-lebih lagi jika ada 2 atau lebih Majlis Perkahwinan di tempat yang sama. Harga &lt;strong&gt;bunting&lt;/strong&gt; bergantung kepada saiznya. Dan ukuran &lt;strong&gt;bunting&lt;/strong&gt; adalah dikira dalam unit ''kaki''. Tiada tambahan untuk memasukkan gambar pada &lt;strong&gt;bunting&lt;/strong&gt; anda. Sekiranya &lt;strong&gt;bunting&lt;/strong&gt; ini merupakan pilihan anda, sila isikan butiran diatas.&lt;/p&gt;\r\n&lt;p&gt;\r\n	Angaran masa untuk kami cetak &lt;strong&gt;bunting&lt;/strong&gt; ini adalah 1 hari selepas art work &lt;strong&gt;bunting&lt;/strong&gt; di setujui. Anda perlu membuat tempahan &lt;strong&gt;bunting&lt;/strong&gt; sebelum jam 3 petang. Selepas waktu itu, masa ditambah 1 hari lagi untuk proses cetak &lt;strong&gt;bunting&lt;/strong&gt;. Sebagai contoh, anda buat tempahan &lt;strong&gt;bunting&lt;/strong&gt; pada jam 1 petang, 1hb Nov 2012. Pada 2hb Nov 2012 pihak kami akan hantar &lt;strong&gt;bunting&lt;/strong&gt; anda untuk di pos. Dan anda akan menerima &lt;strong&gt;bunting&lt;/strong&gt; pada 3hb Nov 2012.&lt;/p&gt;\r\n&lt;p&gt;\r\n	Sekiranya anda ingin mengambil &lt;strong&gt;bunting&lt;/strong&gt; di galeri kami, masa mencetak &lt;strong&gt;bunting&lt;/strong&gt; adalah 24 jam. Sebagai contoh, anda membuat tempahan &lt;strong&gt;bunting&lt;/strong&gt; di galeri pada jam 12 tengah hari, 1 Nov 2012. &lt;strong&gt;bunting&lt;/strong&gt; anda boleh diambil pada atau selepas 12 tengah hari, 2 Nov 2012.&lt;/p&gt;\r\n&lt;p&gt;\r\n	Kami juga menerima &lt;strong&gt;bunting&lt;/strong&gt; yang anda design sendiri. Akan tetapi, kami hanya menerima artwork &lt;strong&gt;bunting&lt;/strong&gt; di dalam format .pdf atau .cdr atau .ai sahaja. Art work &lt;strong&gt;bunting&lt;/strong&gt; dalam bentuk .jpeg atau .png atau .gif atau lain-lain format, perlu dirujuk dahulu dengan pihak kami. Sila hantar art work &lt;strong&gt;bunting&lt;/strong&gt; anda di admin@mycard2u.com selepas butiran tempahan di isi dengan sempurna. Dan pastikan art work &lt;strong&gt;bunting&lt;/strong&gt; anda mempunyai ukuran yang tepat.&lt;/p&gt;\r\n&lt;p&gt;\r\n	Sebarang pertanyaan anda mengenai &lt;strong&gt;bunting&lt;/strong&gt;, sila hubungi talian hotline kami :013-6666155 atau email di admin@mycard2u.com.&lt;/p&gt;\r\n&lt;p&gt;\r\n	&lt;strong&gt;BUNTING&lt;/strong&gt;&lt;/p&gt;\r\n', 'Tempah bunting secara online dengan harga yang murah', 'bunting, print bunting, bunting online, tempah bunting online, bunting murah, bunting perkahwinan', 'bunting, print bunting, bunting online, bunting murah, bunting melaka, bunting perkahwinan, bunting cantik, bunting online, tempah bunting'),
(87, 1, 'Bunting 2 x 5 feet', '&lt;p&gt;\r\n	Print &lt;strong&gt;Bunting&lt;/strong&gt; ini bersaiz 2 feet x 5 feet. Anda dinasihatkan untuk memastikan ukuran &lt;strong&gt;bunting&lt;/strong&gt; yang anda tempah adalah tepat. Ada kemungkinan &lt;strong&gt;bunting&lt;/strong&gt; yang telalu besar atau panjang tidak dapat di gantung ditempat yang sesuai.&lt;/p&gt;\r\n&lt;p&gt;\r\n	&lt;strong&gt;Bunting&lt;/strong&gt; adalah merupakan kaedah pengiklanan yang agak penting dimasa kini. &lt;strong&gt;Bunting&lt;/strong&gt; juga dapat menyampaikan maklumat seperti papan tanda, tetapi kosnya jauh lebih murah. Dalam Majlis Perkahwinan, &lt;strong&gt;bunting&lt;/strong&gt; ini merupakan perkara wajib yang perlu ada. Dengan &lt;strong&gt;bunting&lt;/strong&gt; ini lah, pada hadirin mengenali keluarga pengantin sebelum menghadiri majlis. Jika tiada &lt;strong&gt;bunting&lt;/strong&gt;, kemungkinan tersilap rumah adalah tinggi, lebih-lebih lagi jika ada 2 atau lebih Majlis Perkahwinan di tempat yang sama. Harga &lt;strong&gt;bunting&lt;/strong&gt; bergantung kepada saiznya. Dan ukuran &lt;strong&gt;bunting&lt;/strong&gt; adalah dikira dalam unit ''kaki''. Tiada tambahan untuk memasukkan gambar pada &lt;strong&gt;bunting&lt;/strong&gt; anda. Sekiranya &lt;strong&gt;bunting&lt;/strong&gt; ini merupakan pilihan anda, sila isikan butiran diatas.&lt;/p&gt;\r\n&lt;p&gt;\r\n	Angaran masa untuk kami cetak &lt;strong&gt;bunting&lt;/strong&gt; ini adalah 1 hari selepas art work &lt;strong&gt;bunting&lt;/strong&gt; di setujui. Anda perlu membuat tempahan &lt;strong&gt;bunting&lt;/strong&gt; sebelum jam 3 petang. Selepas waktu itu, masa ditambah 1 hari lagi untuk proses cetak &lt;strong&gt;bunting&lt;/strong&gt;. Sebagai contoh, anda buat tempahan &lt;strong&gt;bunting&lt;/strong&gt; pada jam 1 petang, 1hb Nov 2012. Pada 2hb Nov 2012 pihak kami akan hantar &lt;strong&gt;bunting&lt;/strong&gt; anda untuk di pos. Dan anda akan menerima &lt;strong&gt;bunting&lt;/strong&gt; pada 3hb Nov 2012.&lt;/p&gt;\r\n&lt;p&gt;\r\n	Sekiranya anda ingin mengambil &lt;strong&gt;bunting&lt;/strong&gt; di galeri kami, masa mencetak &lt;strong&gt;bunting&lt;/strong&gt; adalah 24 jam. Sebagai contoh, anda membuat tempahan &lt;strong&gt;bunting&lt;/strong&gt; di galeri pada jam 12 tengah hari, 1 Nov 2012. &lt;strong&gt;bunting&lt;/strong&gt; anda boleh diambil pada atau selepas 12 tengah hari, 2 Nov 2012.&lt;/p&gt;\r\n&lt;p&gt;\r\n	Kami juga menerima &lt;strong&gt;bunting&lt;/strong&gt; yang anda design sendiri. Akan tetapi, kami hanya menerima artwork &lt;strong&gt;bunting&lt;/strong&gt; di dalam format .pdf atau .cdr atau .ai sahaja. Art work &lt;strong&gt;bunting&lt;/strong&gt; dalam bentuk .jpeg atau .png atau .gif atau lain-lain format, perlu dirujuk dahulu dengan pihak kami. Sila hantar art work &lt;strong&gt;bunting&lt;/strong&gt; anda di admin@mycard2u.com selepas butiran tempahan di isi dengan sempurna. Dan pastikan art work &lt;strong&gt;bunting&lt;/strong&gt; anda mempunyai ukuran yang tepat.&lt;/p&gt;\r\n&lt;p&gt;\r\n	Sebarang pertanyaan anda mengenai &lt;strong&gt;bunting&lt;/strong&gt;, sila hubungi talian hotline kami :013-6666155 atau email di admin@mycard2u.com.&lt;/p&gt;\r\n&lt;p&gt;\r\n	&lt;strong&gt;BUNTING&lt;/strong&gt;&lt;/p&gt;\r\n', 'Tempah bunting secara online dengan harga yang murah', 'bunting, print bunting, bunting online, tempah bunting online, bunting murah, bunting perkahwinan', 'bunting, print bunting, bunting online, bunting murah, bunting melaka, bunting perkahwinan, bunting cantik, bunting online, tempah bunting'),
(88, 1, 'Bunting 2 x 5 feet', '&lt;p&gt;\r\n	Print &lt;strong&gt;Bunting&lt;/strong&gt; ini bersaiz 2 feet x 5 feet. Anda dinasihatkan untuk memastikan ukuran &lt;strong&gt;bunting&lt;/strong&gt; yang anda tempah adalah tepat. Ada kemungkinan &lt;strong&gt;bunting&lt;/strong&gt; yang telalu besar atau panjang tidak dapat di gantung ditempat yang sesuai.&lt;/p&gt;\r\n&lt;p&gt;\r\n	&lt;strong&gt;Bunting&lt;/strong&gt; adalah merupakan kaedah pengiklanan yang agak penting dimasa kini. &lt;strong&gt;Bunting&lt;/strong&gt; juga dapat menyampaikan maklumat seperti papan tanda, tetapi kosnya jauh lebih murah. Dalam Majlis Perkahwinan, &lt;strong&gt;bunting&lt;/strong&gt; ini merupakan perkara wajib yang perlu ada. Dengan &lt;strong&gt;bunting&lt;/strong&gt; ini lah, pada hadirin mengenali keluarga pengantin sebelum menghadiri majlis. Jika tiada &lt;strong&gt;bunting&lt;/strong&gt;, kemungkinan tersilap rumah adalah tinggi, lebih-lebih lagi jika ada 2 atau lebih Majlis Perkahwinan di tempat yang sama. Harga &lt;strong&gt;bunting&lt;/strong&gt; bergantung kepada saiznya. Dan ukuran &lt;strong&gt;bunting&lt;/strong&gt; adalah dikira dalam unit ''kaki''. Tiada tambahan untuk memasukkan gambar pada &lt;strong&gt;bunting&lt;/strong&gt; anda. Sekiranya &lt;strong&gt;bunting&lt;/strong&gt; ini merupakan pilihan anda, sila isikan butiran diatas.&lt;/p&gt;\r\n&lt;p&gt;\r\n	Angaran masa untuk kami cetak &lt;strong&gt;bunting&lt;/strong&gt; ini adalah 1 hari selepas art work &lt;strong&gt;bunting&lt;/strong&gt; di setujui. Anda perlu membuat tempahan &lt;strong&gt;bunting&lt;/strong&gt; sebelum jam 3 petang. Selepas waktu itu, masa ditambah 1 hari lagi untuk proses cetak &lt;strong&gt;bunting&lt;/strong&gt;. Sebagai contoh, anda buat tempahan &lt;strong&gt;bunting&lt;/strong&gt; pada jam 1 petang, 1hb Nov 2012. Pada 2hb Nov 2012 pihak kami akan hantar &lt;strong&gt;bunting&lt;/strong&gt; anda untuk di pos. Dan anda akan menerima &lt;strong&gt;bunting&lt;/strong&gt; pada 3hb Nov 2012.&lt;/p&gt;\r\n&lt;p&gt;\r\n	Sekiranya anda ingin mengambil &lt;strong&gt;bunting&lt;/strong&gt; di galeri kami, masa mencetak &lt;strong&gt;bunting&lt;/strong&gt; adalah 24 jam. Sebagai contoh, anda membuat tempahan &lt;strong&gt;bunting&lt;/strong&gt; di galeri pada jam 12 tengah hari, 1 Nov 2012. &lt;strong&gt;bunting&lt;/strong&gt; anda boleh diambil pada atau selepas 12 tengah hari, 2 Nov 2012.&lt;/p&gt;\r\n&lt;p&gt;\r\n	Kami juga menerima &lt;strong&gt;bunting&lt;/strong&gt; yang anda design sendiri. Akan tetapi, kami hanya menerima artwork &lt;strong&gt;bunting&lt;/strong&gt; di dalam format .pdf atau .cdr atau .ai sahaja. Art work &lt;strong&gt;bunting&lt;/strong&gt; dalam bentuk .jpeg atau .png atau .gif atau lain-lain format, perlu dirujuk dahulu dengan pihak kami. Sila hantar art work &lt;strong&gt;bunting&lt;/strong&gt; anda di admin@mycard2u.com selepas butiran tempahan di isi dengan sempurna. Dan pastikan art work &lt;strong&gt;bunting&lt;/strong&gt; anda mempunyai ukuran yang tepat.&lt;/p&gt;\r\n&lt;p&gt;\r\n	Sebarang pertanyaan anda mengenai &lt;strong&gt;bunting&lt;/strong&gt;, sila hubungi talian hotline kami :013-6666155 atau email di admin@mycard2u.com.&lt;/p&gt;\r\n&lt;p&gt;\r\n	&lt;strong&gt;BUNTING&lt;/strong&gt;&lt;/p&gt;\r\n', 'Tempah bunting secara online dengan harga yang murah', 'bunting, print bunting, bunting online, tempah bunting online, bunting murah, bunting perkahwinan', 'bunting, print bunting, bunting online, bunting murah, bunting melaka, bunting perkahwinan, bunting cantik, bunting online, tempah bunting'),
(89, 1, 'Bunting 2 x 5 feet', '&lt;p&gt;\r\n	Print &lt;strong&gt;Bunting&lt;/strong&gt; ini bersaiz 2 feet x 5 feet. Anda dinasihatkan untuk memastikan ukuran &lt;strong&gt;bunting&lt;/strong&gt; yang anda tempah adalah tepat. Ada kemungkinan &lt;strong&gt;bunting&lt;/strong&gt; yang telalu besar atau panjang tidak dapat di gantung ditempat yang sesuai.&lt;/p&gt;\r\n&lt;p&gt;\r\n	&lt;strong&gt;Bunting&lt;/strong&gt; adalah merupakan kaedah pengiklanan yang agak penting dimasa kini. &lt;strong&gt;Bunting&lt;/strong&gt; juga dapat menyampaikan maklumat seperti papan tanda, tetapi kosnya jauh lebih murah. Dalam Majlis Perkahwinan, &lt;strong&gt;bunting&lt;/strong&gt; ini merupakan perkara wajib yang perlu ada. Dengan &lt;strong&gt;bunting&lt;/strong&gt; ini lah, pada hadirin mengenali keluarga pengantin sebelum menghadiri majlis. Jika tiada &lt;strong&gt;bunting&lt;/strong&gt;, kemungkinan tersilap rumah adalah tinggi, lebih-lebih lagi jika ada 2 atau lebih Majlis Perkahwinan di tempat yang sama. Harga &lt;strong&gt;bunting&lt;/strong&gt; bergantung kepada saiznya. Dan ukuran &lt;strong&gt;bunting&lt;/strong&gt; adalah dikira dalam unit ''kaki''. Tiada tambahan untuk memasukkan gambar pada &lt;strong&gt;bunting&lt;/strong&gt; anda. Sekiranya &lt;strong&gt;bunting&lt;/strong&gt; ini merupakan pilihan anda, sila isikan butiran diatas.&lt;/p&gt;\r\n&lt;p&gt;\r\n	Angaran masa untuk kami cetak &lt;strong&gt;bunting&lt;/strong&gt; ini adalah 1 hari selepas art work &lt;strong&gt;bunting&lt;/strong&gt; di setujui. Anda perlu membuat tempahan &lt;strong&gt;bunting&lt;/strong&gt; sebelum jam 3 petang. Selepas waktu itu, masa ditambah 1 hari lagi untuk proses cetak &lt;strong&gt;bunting&lt;/strong&gt;. Sebagai contoh, anda buat tempahan &lt;strong&gt;bunting&lt;/strong&gt; pada jam 1 petang, 1hb Nov 2012. Pada 2hb Nov 2012 pihak kami akan hantar &lt;strong&gt;bunting&lt;/strong&gt; anda untuk di pos. Dan anda akan menerima &lt;strong&gt;bunting&lt;/strong&gt; pada 3hb Nov 2012.&lt;/p&gt;\r\n&lt;p&gt;\r\n	Sekiranya anda ingin mengambil &lt;strong&gt;bunting&lt;/strong&gt; di galeri kami, masa mencetak &lt;strong&gt;bunting&lt;/strong&gt; adalah 24 jam. Sebagai contoh, anda membuat tempahan &lt;strong&gt;bunting&lt;/strong&gt; di galeri pada jam 12 tengah hari, 1 Nov 2012. &lt;strong&gt;bunting&lt;/strong&gt; anda boleh diambil pada atau selepas 12 tengah hari, 2 Nov 2012.&lt;/p&gt;\r\n&lt;p&gt;\r\n	Kami juga menerima &lt;strong&gt;bunting&lt;/strong&gt; yang anda design sendiri. Akan tetapi, kami hanya menerima artwork &lt;strong&gt;bunting&lt;/strong&gt; di dalam format .pdf atau .cdr atau .ai sahaja. Art work &lt;strong&gt;bunting&lt;/strong&gt; dalam bentuk .jpeg atau .png atau .gif atau lain-lain format, perlu dirujuk dahulu dengan pihak kami. Sila hantar art work &lt;strong&gt;bunting&lt;/strong&gt; anda di admin@mycard2u.com selepas butiran tempahan di isi dengan sempurna. Dan pastikan art work &lt;strong&gt;bunting&lt;/strong&gt; anda mempunyai ukuran yang tepat.&lt;/p&gt;\r\n&lt;p&gt;\r\n	Sebarang pertanyaan anda mengenai &lt;strong&gt;bunting&lt;/strong&gt;, sila hubungi talian hotline kami :013-6666155 atau email di admin@mycard2u.com.&lt;/p&gt;\r\n&lt;p&gt;\r\n	&lt;strong&gt;BUNTING&lt;/strong&gt;&lt;/p&gt;\r\n', 'Tempah bunting secara online dengan harga yang murah', 'bunting, print bunting, bunting online, tempah bunting online, bunting murah, bunting perkahwinan', 'bunting, print bunting, bunting online, bunting murah, bunting melaka, bunting perkahwinan, bunting cantik, bunting online, tempah bunting'),
(90, 1, 'Business Card', '', '', '', ''),
(91, 1, 'Business Card', '', '', '', ''),
(92, 1, 'Business Card', '', '', '', ''),
(93, 1, 'Sticker Square 6 Design', '&lt;div class=&quot;tab-content&quot; id=&quot;tab-description&quot; style=&quot;display: block;&quot;&gt;\n	&lt;p&gt;\n		Spesifikasi Produk:&lt;/p&gt;\n	&lt;p&gt;\n		Saiz : 90mm x 54mm (Petak)&lt;/p&gt;\n	Jenis Material : 80gsm Mirrokote Sticker + gloss (s)&lt;br /&gt;\n	&lt;p&gt;\n		Design : Custom (Boleh Ubah dan Pelbagai)&lt;/p&gt;\n	&lt;p&gt;\n		Harga yg dinyatakan diatas adalah harga siap termasuk kos printing.&lt;/p&gt;\n&lt;/div&gt;\n&lt;p&gt;\n	&amp;nbsp;&lt;/p&gt;\n', '', '', ''),
(95, 1, 'Bunting Stand', '&lt;h5&gt;\n	&lt;span style=&quot;font-family:arial,helvetica,sans-serif;&quot;&gt;&lt;span style=&quot;font-size: 12px;&quot;&gt;Bunting Stand - Tripod&lt;/span&gt;&lt;/span&gt;&lt;/h5&gt;\n&lt;p&gt;\n	&lt;span style=&quot;font-family:arial,helvetica,sans-serif;&quot;&gt;&lt;span style=&quot;font-size: 12px;&quot;&gt;Saiz : 600mm-700mm x 1800mm (Max Bunting 2.5&rsquo; x 6&rsquo; kaki)&lt;br /&gt;\n	Berat : 2 kg&lt;/span&gt;&lt;/span&gt;&lt;/p&gt;\n&lt;p&gt;\n	&lt;span style=&quot;font-family:arial,helvetica,sans-serif;&quot;&gt;&lt;span style=&quot;font-size: 12px;&quot;&gt;Material: Metal&lt;/span&gt;&lt;/span&gt; (besi)&lt;/p&gt;\n&lt;p&gt;\n	Warna : Hitam&lt;/p&gt;\n&lt;p&gt;\n	Harga tidak termasuk &#039;Cetak Bunting&#039;&lt;br /&gt;\n	&amp;nbsp;&lt;/p&gt;\n&lt;p&gt;\n	&lt;span style=&quot;font-family:arial,helvetica,sans-serif;&quot;&gt;&lt;span style=&quot;font-size: 12px;&quot;&gt;&lt;span style=&quot;color:#ff0000;&quot;&gt;&lt;strong&gt;Percuma Beg untuk packing!&lt;/strong&gt;&lt;/span&gt;&lt;/span&gt;&lt;/span&gt;&lt;/p&gt;\n', 'Bunting Stand', 'Bunting Stand, Tripod, Bunting tripod', ''),
(96, 1, 'Bunting 2 x 5 feet', '&lt;p&gt;\r\n	Print &lt;strong&gt;Bunting&lt;/strong&gt; ini bersaiz 2 feet x 5 feet. Anda dinasihatkan untuk memastikan ukuran &lt;strong&gt;bunting&lt;/strong&gt; yang anda tempah adalah tepat. Ada kemungkinan &lt;strong&gt;bunting&lt;/strong&gt; yang telalu besar atau panjang tidak dapat di gantung ditempat yang sesuai.&lt;/p&gt;\r\n&lt;p&gt;\r\n	&lt;strong&gt;Bunting&lt;/strong&gt; adalah merupakan kaedah pengiklanan yang agak penting dimasa kini. &lt;strong&gt;Bunting&lt;/strong&gt; juga dapat menyampaikan maklumat seperti papan tanda, tetapi kosnya jauh lebih murah. Dalam Majlis Perkahwinan, &lt;strong&gt;bunting&lt;/strong&gt; ini merupakan perkara wajib yang perlu ada. Dengan &lt;strong&gt;bunting&lt;/strong&gt; ini lah, pada hadirin mengenali keluarga pengantin sebelum menghadiri majlis. Jika tiada &lt;strong&gt;bunting&lt;/strong&gt;, kemungkinan tersilap rumah adalah tinggi, lebih-lebih lagi jika ada 2 atau lebih Majlis Perkahwinan di tempat yang sama. Harga &lt;strong&gt;bunting&lt;/strong&gt; bergantung kepada saiznya. Dan ukuran &lt;strong&gt;bunting&lt;/strong&gt; adalah dikira dalam unit ''kaki''. Tiada tambahan untuk memasukkan gambar pada &lt;strong&gt;bunting&lt;/strong&gt; anda. Sekiranya &lt;strong&gt;bunting&lt;/strong&gt; ini merupakan pilihan anda, sila isikan butiran diatas.&lt;/p&gt;\r\n&lt;p&gt;\r\n	Angaran masa untuk kami cetak &lt;strong&gt;bunting&lt;/strong&gt; ini adalah 1 hari selepas art work &lt;strong&gt;bunting&lt;/strong&gt; di setujui. Anda perlu membuat tempahan &lt;strong&gt;bunting&lt;/strong&gt; sebelum jam 3 petang. Selepas waktu itu, masa ditambah 1 hari lagi untuk proses cetak &lt;strong&gt;bunting&lt;/strong&gt;. Sebagai contoh, anda buat tempahan &lt;strong&gt;bunting&lt;/strong&gt; pada jam 1 petang, 1hb Nov 2012. Pada 2hb Nov 2012 pihak kami akan hantar &lt;strong&gt;bunting&lt;/strong&gt; anda untuk di pos. Dan anda akan menerima &lt;strong&gt;bunting&lt;/strong&gt; pada 3hb Nov 2012.&lt;/p&gt;\r\n&lt;p&gt;\r\n	Sekiranya anda ingin mengambil &lt;strong&gt;bunting&lt;/strong&gt; di galeri kami, masa mencetak &lt;strong&gt;bunting&lt;/strong&gt; adalah 24 jam. Sebagai contoh, anda membuat tempahan &lt;strong&gt;bunting&lt;/strong&gt; di galeri pada jam 12 tengah hari, 1 Nov 2012. &lt;strong&gt;bunting&lt;/strong&gt; anda boleh diambil pada atau selepas 12 tengah hari, 2 Nov 2012.&lt;/p&gt;\r\n&lt;p&gt;\r\n	Kami juga menerima &lt;strong&gt;bunting&lt;/strong&gt; yang anda design sendiri. Akan tetapi, kami hanya menerima artwork &lt;strong&gt;bunting&lt;/strong&gt; di dalam format .pdf atau .cdr atau .ai sahaja. Art work &lt;strong&gt;bunting&lt;/strong&gt; dalam bentuk .jpeg atau .png atau .gif atau lain-lain format, perlu dirujuk dahulu dengan pihak kami. Sila hantar art work &lt;strong&gt;bunting&lt;/strong&gt; anda di admin@mycard2u.com selepas butiran tempahan di isi dengan sempurna. Dan pastikan art work &lt;strong&gt;bunting&lt;/strong&gt; anda mempunyai ukuran yang tepat.&lt;/p&gt;\r\n&lt;p&gt;\r\n	Sebarang pertanyaan anda mengenai &lt;strong&gt;bunting&lt;/strong&gt;, sila hubungi talian hotline kami :013-6666155 atau email di admin@mycard2u.com.&lt;/p&gt;\r\n&lt;p&gt;\r\n	&lt;strong&gt;BUNTING&lt;/strong&gt;&lt;/p&gt;\r\n', 'Tempah bunting secara online dengan harga yang murah', 'bunting, print bunting, bunting online, tempah bunting online, bunting murah, bunting perkahwinan', 'bunting, print bunting, bunting online, bunting murah, bunting melaka, bunting perkahwinan, bunting cantik, bunting online, tempah bunting'),
(97, 1, 'Bunting 2 x 5 feet', '&lt;p&gt;\r\n	Print &lt;strong&gt;Bunting&lt;/strong&gt; ini bersaiz 2 feet x 5 feet. Anda dinasihatkan untuk memastikan ukuran &lt;strong&gt;bunting&lt;/strong&gt; yang anda tempah adalah tepat. Ada kemungkinan &lt;strong&gt;bunting&lt;/strong&gt; yang telalu besar atau panjang tidak dapat di gantung ditempat yang sesuai.&lt;/p&gt;\r\n&lt;p&gt;\r\n	&lt;strong&gt;Bunting&lt;/strong&gt; adalah merupakan kaedah pengiklanan yang agak penting dimasa kini. &lt;strong&gt;Bunting&lt;/strong&gt; juga dapat menyampaikan maklumat seperti papan tanda, tetapi kosnya jauh lebih murah. Dalam Majlis Perkahwinan, &lt;strong&gt;bunting&lt;/strong&gt; ini merupakan perkara wajib yang perlu ada. Dengan &lt;strong&gt;bunting&lt;/strong&gt; ini lah, pada hadirin mengenali keluarga pengantin sebelum menghadiri majlis. Jika tiada &lt;strong&gt;bunting&lt;/strong&gt;, kemungkinan tersilap rumah adalah tinggi, lebih-lebih lagi jika ada 2 atau lebih Majlis Perkahwinan di tempat yang sama. Harga &lt;strong&gt;bunting&lt;/strong&gt; bergantung kepada saiznya. Dan ukuran &lt;strong&gt;bunting&lt;/strong&gt; adalah dikira dalam unit ''kaki''. Tiada tambahan untuk memasukkan gambar pada &lt;strong&gt;bunting&lt;/strong&gt; anda. Sekiranya &lt;strong&gt;bunting&lt;/strong&gt; ini merupakan pilihan anda, sila isikan butiran diatas.&lt;/p&gt;\r\n&lt;p&gt;\r\n	Angaran masa untuk kami cetak &lt;strong&gt;bunting&lt;/strong&gt; ini adalah 1 hari selepas art work &lt;strong&gt;bunting&lt;/strong&gt; di setujui. Anda perlu membuat tempahan &lt;strong&gt;bunting&lt;/strong&gt; sebelum jam 3 petang. Selepas waktu itu, masa ditambah 1 hari lagi untuk proses cetak &lt;strong&gt;bunting&lt;/strong&gt;. Sebagai contoh, anda buat tempahan &lt;strong&gt;bunting&lt;/strong&gt; pada jam 1 petang, 1hb Nov 2012. Pada 2hb Nov 2012 pihak kami akan hantar &lt;strong&gt;bunting&lt;/strong&gt; anda untuk di pos. Dan anda akan menerima &lt;strong&gt;bunting&lt;/strong&gt; pada 3hb Nov 2012.&lt;/p&gt;\r\n&lt;p&gt;\r\n	Sekiranya anda ingin mengambil &lt;strong&gt;bunting&lt;/strong&gt; di galeri kami, masa mencetak &lt;strong&gt;bunting&lt;/strong&gt; adalah 24 jam. Sebagai contoh, anda membuat tempahan &lt;strong&gt;bunting&lt;/strong&gt; di galeri pada jam 12 tengah hari, 1 Nov 2012. &lt;strong&gt;bunting&lt;/strong&gt; anda boleh diambil pada atau selepas 12 tengah hari, 2 Nov 2012.&lt;/p&gt;\r\n&lt;p&gt;\r\n	Kami juga menerima &lt;strong&gt;bunting&lt;/strong&gt; yang anda design sendiri. Akan tetapi, kami hanya menerima artwork &lt;strong&gt;bunting&lt;/strong&gt; di dalam format .pdf atau .cdr atau .ai sahaja. Art work &lt;strong&gt;bunting&lt;/strong&gt; dalam bentuk .jpeg atau .png atau .gif atau lain-lain format, perlu dirujuk dahulu dengan pihak kami. Sila hantar art work &lt;strong&gt;bunting&lt;/strong&gt; anda di admin@mycard2u.com selepas butiran tempahan di isi dengan sempurna. Dan pastikan art work &lt;strong&gt;bunting&lt;/strong&gt; anda mempunyai ukuran yang tepat.&lt;/p&gt;\r\n&lt;p&gt;\r\n	Sebarang pertanyaan anda mengenai &lt;strong&gt;bunting&lt;/strong&gt;, sila hubungi talian hotline kami :013-6666155 atau email di admin@mycard2u.com.&lt;/p&gt;\r\n&lt;p&gt;\r\n	&lt;strong&gt;BUNTING&lt;/strong&gt;&lt;/p&gt;\r\n', 'Tempah bunting secara online dengan harga yang murah', 'bunting, print bunting, bunting online, tempah bunting online, bunting murah, bunting perkahwinan', 'bunting, print bunting, bunting online, bunting murah, bunting melaka, bunting perkahwinan, bunting cantik, bunting online, tempah bunting'),
(98, 1, 'Bunting 2 x 5 feet', '&lt;p&gt;\r\n	Print &lt;strong&gt;Bunting&lt;/strong&gt; ini bersaiz 2 feet x 5 feet. Anda dinasihatkan untuk memastikan ukuran &lt;strong&gt;bunting&lt;/strong&gt; yang anda tempah adalah tepat. Ada kemungkinan &lt;strong&gt;bunting&lt;/strong&gt; yang telalu besar atau panjang tidak dapat di gantung ditempat yang sesuai.&lt;/p&gt;\r\n&lt;p&gt;\r\n	&lt;strong&gt;Bunting&lt;/strong&gt; adalah merupakan kaedah pengiklanan yang agak penting dimasa kini. &lt;strong&gt;Bunting&lt;/strong&gt; juga dapat menyampaikan maklumat seperti papan tanda, tetapi kosnya jauh lebih murah. Dalam Majlis Perkahwinan, &lt;strong&gt;bunting&lt;/strong&gt; ini merupakan perkara wajib yang perlu ada. Dengan &lt;strong&gt;bunting&lt;/strong&gt; ini lah, pada hadirin mengenali keluarga pengantin sebelum menghadiri majlis. Jika tiada &lt;strong&gt;bunting&lt;/strong&gt;, kemungkinan tersilap rumah adalah tinggi, lebih-lebih lagi jika ada 2 atau lebih Majlis Perkahwinan di tempat yang sama. Harga &lt;strong&gt;bunting&lt;/strong&gt; bergantung kepada saiznya. Dan ukuran &lt;strong&gt;bunting&lt;/strong&gt; adalah dikira dalam unit ''kaki''. Tiada tambahan untuk memasukkan gambar pada &lt;strong&gt;bunting&lt;/strong&gt; anda. Sekiranya &lt;strong&gt;bunting&lt;/strong&gt; ini merupakan pilihan anda, sila isikan butiran diatas.&lt;/p&gt;\r\n&lt;p&gt;\r\n	Angaran masa untuk kami cetak &lt;strong&gt;bunting&lt;/strong&gt; ini adalah 1 hari selepas art work &lt;strong&gt;bunting&lt;/strong&gt; di setujui. Anda perlu membuat tempahan &lt;strong&gt;bunting&lt;/strong&gt; sebelum jam 3 petang. Selepas waktu itu, masa ditambah 1 hari lagi untuk proses cetak &lt;strong&gt;bunting&lt;/strong&gt;. Sebagai contoh, anda buat tempahan &lt;strong&gt;bunting&lt;/strong&gt; pada jam 1 petang, 1hb Nov 2012. Pada 2hb Nov 2012 pihak kami akan hantar &lt;strong&gt;bunting&lt;/strong&gt; anda untuk di pos. Dan anda akan menerima &lt;strong&gt;bunting&lt;/strong&gt; pada 3hb Nov 2012.&lt;/p&gt;\r\n&lt;p&gt;\r\n	Sekiranya anda ingin mengambil &lt;strong&gt;bunting&lt;/strong&gt; di galeri kami, masa mencetak &lt;strong&gt;bunting&lt;/strong&gt; adalah 24 jam. Sebagai contoh, anda membuat tempahan &lt;strong&gt;bunting&lt;/strong&gt; di galeri pada jam 12 tengah hari, 1 Nov 2012. &lt;strong&gt;bunting&lt;/strong&gt; anda boleh diambil pada atau selepas 12 tengah hari, 2 Nov 2012.&lt;/p&gt;\r\n&lt;p&gt;\r\n	Kami juga menerima &lt;strong&gt;bunting&lt;/strong&gt; yang anda design sendiri. Akan tetapi, kami hanya menerima artwork &lt;strong&gt;bunting&lt;/strong&gt; di dalam format .pdf atau .cdr atau .ai sahaja. Art work &lt;strong&gt;bunting&lt;/strong&gt; dalam bentuk .jpeg atau .png atau .gif atau lain-lain format, perlu dirujuk dahulu dengan pihak kami. Sila hantar art work &lt;strong&gt;bunting&lt;/strong&gt; anda di admin@mycard2u.com selepas butiran tempahan di isi dengan sempurna. Dan pastikan art work &lt;strong&gt;bunting&lt;/strong&gt; anda mempunyai ukuran yang tepat.&lt;/p&gt;\r\n&lt;p&gt;\r\n	Sebarang pertanyaan anda mengenai &lt;strong&gt;bunting&lt;/strong&gt;, sila hubungi talian hotline kami :013-6666155 atau email di admin@mycard2u.com.&lt;/p&gt;\r\n&lt;p&gt;\r\n	&lt;strong&gt;BUNTING&lt;/strong&gt;&lt;/p&gt;\r\n', 'Tempah bunting secara online dengan harga yang murah', 'bunting, print bunting, bunting online, tempah bunting online, bunting murah, bunting perkahwinan', 'bunting, print bunting, bunting online, bunting murah, bunting melaka, bunting perkahwinan, bunting cantik, bunting online, tempah bunting'),
(101, 1, 'Kad Birthday 300pcs', '&lt;div class=&quot;tab-content&quot; id=&quot;tab-description&quot; style=&quot;display: block&quot;&gt;\r\n	&lt;p&gt;\r\n		Spesifikasi Kad:&lt;/p&gt;\r\n	&lt;p&gt;\r\n		Lipatan: tiada&lt;/p&gt;\r\n	&lt;p&gt;\r\n		Saiz Buka: 145mm x 100mm&lt;/p&gt;\r\n	&lt;p&gt;\r\n		Kad ini sesuai untuk Kad Hari Jadi atau apa saja Kad Jemputan&lt;/p&gt;\r\n	&lt;p&gt;\r\n		*PERCUMA - Tambahan gambar pada kad.&lt;/p&gt;\r\n	&lt;p&gt;\r\n		Harga kad yg dinyatakan diatas adalah harga siap termasuk kos printing.&lt;/p&gt;\r\n\r\n&lt;iframe width=&quot;640&quot; height=&quot;480&quot; src=&quot;http://www.youtube.com/embed/QjOU7ekHyrA&quot; frameborder=&quot;0&quot; allowfullscreen&gt;&lt;/iframe&gt;\r\n&lt;/div&gt;\r\n&lt;p&gt;\r\n	&amp;nbsp;&lt;/p&gt;\r\n', '', '', ''),
(66, 1, 'Kad Kahwin Cute Floral 1000pcs', '&lt;div class=&quot;tab-content&quot; id=&quot;tab-description&quot; style=&quot;display: block&quot;&gt;\r\n	&lt;p&gt;\r\n		Spesifikasi Kad:&lt;/p&gt;\r\n	&lt;p&gt;\r\n		Lipatan: 2 Lipatan&lt;/p&gt;\r\n	&lt;p&gt;\r\n		Saiz Buka: 210mm x 196mm&lt;/p&gt;\r\n	&lt;p&gt;\r\n		Kad ini sesuai untuk sebelah pihak pengantin sahaja (lelaki/perempuan)&lt;/p&gt;\r\n	&lt;p&gt;\r\n		*PERCUMA - Tambahan gambar pada kad.&lt;/p&gt;\r\n	&lt;p&gt;\r\n		Harga kad yg dinyatakan diatas adalah harga siap termasuk kos printing.&lt;/p&gt;\r\n\r\n&lt;iframe width=&quot;640&quot; height=&quot;480&quot; src=&quot;http://www.youtube.com/embed/QjOU7ekHyrA&quot; frameborder=&quot;0&quot; allowfullscreen&gt;&lt;/iframe&gt;\r\n&lt;/div&gt;\r\n&lt;p&gt;\r\n	&amp;nbsp;&lt;/p&gt;\r\n', '', '', ''),
(114, 1, 'Kad Kahwin Cute Floral 500pcs', '&lt;div class=&quot;tab-content&quot; id=&quot;tab-description&quot; style=&quot;display: block&quot;&gt;\r\n	&lt;p&gt;\r\n		Spesifikasi Kad:&lt;/p&gt;\r\n	&lt;p&gt;\r\n		Lipatan: 2 Lipatan&lt;/p&gt;\r\n	&lt;p&gt;\r\n		Saiz Buka: 210mm x 196mm&lt;/p&gt;\r\n	&lt;p&gt;\r\n		Kad ini sesuai untuk sebelah pihak pengantin sahaja (lelaki/perempuan)&lt;/p&gt;\r\n	&lt;p&gt;\r\n		*PERCUMA - Tambahan gambar pada kad.&lt;/p&gt;\r\n	&lt;p&gt;\r\n		Harga kad yg dinyatakan diatas adalah harga siap termasuk kos printing.&lt;/p&gt;\r\n\r\n&lt;iframe width=&quot;640&quot; height=&quot;480&quot; src=&quot;http://www.youtube.com/embed/QjOU7ekHyrA&quot; frameborder=&quot;0&quot; allowfullscreen&gt;&lt;/iframe&gt;\r\n&lt;/div&gt;\r\n&lt;p&gt;\r\n	&amp;nbsp;&lt;/p&gt;\r\n', '', '', '');
INSERT INTO `pve_product_description` VALUES
(106, 1, 'Kad Kahwin Cute Floral Eco 300pcs', '&lt;div class=&quot;tab-content&quot; id=&quot;tab-description&quot; style=&quot;display: block&quot;&gt;\r\n	&lt;p&gt;\r\n		Spesifikasi Kad:&lt;/p&gt;\r\n	&lt;p&gt;\r\n		Lipatan: tiada&lt;/p&gt;\r\n	&lt;p&gt;\r\n		Saiz Buka: 182mm x 110mm&lt;/p&gt;\r\n	&lt;p&gt;\r\n		Kad ini sesuai untuk satu nama pihak pengantin sahaja (lelaki atau perempuan)&lt;/p&gt;\r\n	&lt;p&gt;\r\n		*PERCUMA - Tambahan gambar pada kad.&lt;/p&gt;\r\n	&lt;p&gt;\r\n		Harga kad yg dinyatakan diatas adalah harga siap termasuk kos printing.&lt;/p&gt;\r\n\r\n&lt;iframe width=&quot;640&quot; height=&quot;480&quot; src=&quot;http://www.youtube.com/embed/QjOU7ekHyrA&quot; frameborder=&quot;0&quot; allowfullscreen&gt;&lt;/iframe&gt;\r\n&lt;/div&gt;\r\n&lt;p&gt;\r\n	&amp;nbsp;&lt;/p&gt;\r\n', '', '', ''),
(105, 1, 'Kad Kahwin Cute Floral Eco 500pcs', '&lt;div class=&quot;tab-content&quot; id=&quot;tab-description&quot; style=&quot;display: block&quot;&gt;\r\n	&lt;p&gt;\r\n		Spesifikasi Kad:&lt;/p&gt;\r\n	&lt;p&gt;\r\n		Lipatan: tiada&lt;/p&gt;\r\n	&lt;p&gt;\r\n		Saiz Buka: 182mm x 110mm&lt;/p&gt;\r\n	&lt;p&gt;\r\n		Kad ini sesuai untuk satu nama pihak pengantin sahaja (lelaki atau perempuan)&lt;/p&gt;\r\n	&lt;p&gt;\r\n		*PERCUMA - Tambahan gambar pada kad.&lt;/p&gt;\r\n	&lt;p&gt;\r\n		Harga kad yg dinyatakan diatas adalah harga siap termasuk kos printing.&lt;/p&gt;\r\n\r\n&lt;iframe width=&quot;640&quot; height=&quot;480&quot; src=&quot;http://www.youtube.com/embed/QjOU7ekHyrA&quot; frameborder=&quot;0&quot; allowfullscreen&gt;&lt;/iframe&gt;\r\n&lt;/div&gt;\r\n&lt;p&gt;\r\n	&amp;nbsp;&lt;/p&gt;\r\n', '', '', ''),
(59, 1, 'Kad Kahwin Elegent Black Pink 1000pcs', '&lt;div class=&quot;tab-content&quot; id=&quot;tab-description&quot; style=&quot;display: block;&quot;&gt;\r\n	&lt;p&gt;\r\n		Spesifikasi Kad:&lt;/p&gt;\r\n	&lt;p&gt;\r\n		Lipatan: 3 Lipatan&lt;/p&gt;\r\n	&lt;p&gt;\r\n		Saiz Buka: A4&lt;/p&gt;\r\n	&lt;p&gt;\r\n		Kad ini sesuai untuk nama kedua belah pihak pengantin (lelaki &amp;amp; perempuan)&lt;/p&gt;\r\n	&lt;p&gt;\r\n		*PERCUMA - Tambahan gambar pada kad.&lt;/p&gt;\r\n	&lt;p&gt;\r\n		Harga kad yg dinyatakan diatas adalah harga siap termasuk kos printing.&lt;/p&gt;\r\n\r\n&lt;iframe width=&quot;640&quot; height=&quot;480&quot; src=&quot;http://www.youtube.com/embed/QjOU7ekHyrA&quot; frameborder=&quot;0&quot; allowfullscreen&gt;&lt;/iframe&gt;\r\n&lt;/div&gt;\r\n&lt;p&gt;\r\n	&amp;nbsp;&lt;/p&gt;\r\n', '', '', ''),
(60, 1, 'Kad Kahwin Elegent Black Pink 500pcs', '&lt;div class=&quot;tab-content&quot; id=&quot;tab-description&quot; style=&quot;display: block;&quot;&gt;\r\n	&lt;p&gt;\r\n		Spesifikasi Kad:&lt;/p&gt;\r\n	&lt;p&gt;\r\n		Lipatan: 3 Lipatan&lt;/p&gt;\r\n	&lt;p&gt;\r\n		Saiz Buka: A4&lt;/p&gt;\r\n	&lt;p&gt;\r\n		Kad ini sesuai untuk nama kedua belah pihak pengantin (lelaki &amp;amp; perempuan)&lt;/p&gt;\r\n	&lt;p&gt;\r\n		*PERCUMA - Tambahan gambar pada kad.&lt;/p&gt;\r\n	&lt;p&gt;\r\n		Harga kad yg dinyatakan diatas adalah harga siap termasuk kos printing.&lt;/p&gt;\r\n\r\n&lt;iframe width=&quot;640&quot; height=&quot;480&quot; src=&quot;http://www.youtube.com/embed/QjOU7ekHyrA&quot; frameborder=&quot;0&quot; allowfullscreen&gt;&lt;/iframe&gt;\r\n&lt;/div&gt;\r\n&lt;p&gt;\r\n	&amp;nbsp;&lt;/p&gt;\r\n', '', '', ''),
(61, 1, 'Kad Kahwin Elegent Green 1000pcs', '&lt;div class=&quot;tab-content&quot; id=&quot;tab-description&quot; style=&quot;display: block;&quot;&gt;\r\n	&lt;p&gt;\r\n		Spesifikasi Kad:&lt;/p&gt;\r\n	&lt;p&gt;\r\n		Lipatan: 3 Lipatan&lt;/p&gt;\r\n	&lt;p&gt;\r\n		Saiz Buka: A4&lt;/p&gt;\r\n	&lt;p&gt;\r\n		Kad ini sesuai untuk nama kedua belah pihak pengantin (lelaki &amp;amp; perempuan)&lt;/p&gt;\r\n	&lt;p&gt;\r\n		*PERCUMA - Tambahan gambar pada kad.&lt;/p&gt;\r\n	&lt;p&gt;\r\n		Harga kad yg dinyatakan diatas adalah harga siap termasuk kos printing.&lt;/p&gt;\r\n\r\n&lt;iframe width=&quot;640&quot; height=&quot;480&quot; src=&quot;http://www.youtube.com/embed/QjOU7ekHyrA&quot; frameborder=&quot;0&quot; allowfullscreen&gt;&lt;/iframe&gt;\r\n&lt;/div&gt;\r\n&lt;p&gt;\r\n	&amp;nbsp;&lt;/p&gt;\r\n', '', '', ''),
(76, 1, 'Kad Kahwin Famous Green 1000pcs', '&lt;div class=&quot;tab-content&quot; id=&quot;tab-description&quot; style=&quot;display: block;&quot;&gt;\r\n	&lt;p&gt;\r\n		Spesifikasi Kad:&lt;/p&gt;\r\n	&lt;p&gt;\r\n		Lipatan: tiada&lt;/p&gt;\r\n	&lt;p&gt;\r\n		Saiz Buka: 182mm x 110mm&lt;/p&gt;\r\n	&lt;p&gt;\r\n		Kad ini sesuai untuk satu nama pihak pengantin sahaja (lelaki atau perempuan)&lt;/p&gt;\r\n	&lt;p&gt;\r\n		*PERCUMA - Tambahan gambar pada kad.&lt;/p&gt;\r\n	&lt;p&gt;\r\n		Harga kad yg dinyatakan diatas adalah harga siap termasuk kos printing.&lt;/p&gt;\r\n\r\n&lt;iframe width=&quot;640&quot; height=&quot;480&quot; src=&quot;http://www.youtube.com/embed/QjOU7ekHyrA&quot; frameborder=&quot;0&quot; allowfullscreen&gt;&lt;/iframe&gt;\r\n&lt;/div&gt;\r\n&lt;p&gt;\r\n	&amp;nbsp;&lt;/p&gt;\r\n', '', '', ''),
(75, 1, 'Kad Kahwin Famous Green 500pcs', '&lt;div class=&quot;tab-content&quot; id=&quot;tab-description&quot; style=&quot;display: block;&quot;&gt;\r\n	&lt;p&gt;\r\n		Spesifikasi Kad:&lt;/p&gt;\r\n	&lt;p&gt;\r\n		Lipatan: tiada&lt;/p&gt;\r\n	&lt;p&gt;\r\n		Saiz Buka: 182mm x 110mm&lt;/p&gt;\r\n	&lt;p&gt;\r\n		Kad ini sesuai untuk satu nama pihak pengantin sahaja (lelaki atau perempuan)&lt;/p&gt;\r\n	&lt;p&gt;\r\n		*PERCUMA - Tambahan gambar pada kad.&lt;/p&gt;\r\n	&lt;p&gt;\r\n		Harga kad yg dinyatakan diatas adalah harga siap termasuk kos printing.&lt;/p&gt;\r\n\r\n&lt;iframe width=&quot;640&quot; height=&quot;480&quot; src=&quot;http://www.youtube.com/embed/QjOU7ekHyrA&quot; frameborder=&quot;0&quot; allowfullscreen&gt;&lt;/iframe&gt;\r\n&lt;/div&gt;\r\n&lt;p&gt;\r\n	&amp;nbsp;&lt;/p&gt;\r\n', '', '', ''),
(113, 1, 'Kad Kahwin Famous Green 500pcs', '&lt;div class=&quot;tab-content&quot; id=&quot;tab-description&quot; style=&quot;display: block&quot;&gt;\r\n	&lt;p&gt;\r\n		Spesifikasi Kad:&lt;/p&gt;\r\n	&lt;p&gt;\r\n		Lipatan: tiada&lt;/p&gt;\r\n	&lt;p&gt;\r\n		Saiz Buka: 182mm x 110mm&lt;/p&gt;\r\n	&lt;p&gt;\r\n		Kad ini sesuai untuk satu nama pihak pengantin sahaja (lelaki atau perempuan)&lt;/p&gt;\r\n	&lt;p&gt;\r\n		*PERCUMA - Tambahan gambar pada kad.&lt;/p&gt;\r\n	&lt;p&gt;\r\n		Harga kad yg dinyatakan diatas adalah harga siap termasuk kos printing.&lt;/p&gt;\r\n\r\n&lt;iframe width=&quot;640&quot; height=&quot;480&quot; src=&quot;http://www.youtube.com/embed/QjOU7ekHyrA&quot; frameborder=&quot;0&quot; allowfullscreen&gt;&lt;/iframe&gt;\r\n&lt;/div&gt;\r\n&lt;p&gt;\r\n	&amp;nbsp;&lt;/p&gt;\r\n', '', '', ''),
(94, 1, 'Kad Kahwin Fantasy Blue 1000pcs', '&lt;p&gt;\r\n	Spesifikasi Kad:&lt;/p&gt;\r\n&lt;p&gt;\r\n	Lipatan: 2 Lipatan&lt;/p&gt;\r\n&lt;p&gt;\r\n	Saiz Buka: 182mm x 166mm&lt;/p&gt;\r\n&lt;p&gt;\r\n	Kad ini sesuai untuk kedua belah pihak pengantin (lelaki/perempuan)&lt;/p&gt;\r\n&lt;p&gt;\r\n	*PERCUMA - Tambahan gambar pada kad.&lt;/p&gt;\r\n&lt;p&gt;\r\n	Harga kad yg dinyatakan diatas adalah harga siap termasuk kos printing.&lt;/p&gt;\r\n\r\n&lt;iframe width=&quot;640&quot; height=&quot;480&quot; src=&quot;http://www.youtube.com/embed/QjOU7ekHyrA&quot; frameborder=&quot;0&quot; allowfullscreen&gt;&lt;/iframe&gt;\r\n', 'Kad Kahwin murah dan cantik', 'kad kahwin, kad perkahwinan, kad undangan perkahwinan, print kad kahwin, print kad, kad kahwin murah, print kad kahwin murah', ''),
(80, 1, 'Kad Kahwin Funky Love 1000pcs', '&lt;div class=&quot;tab-content&quot; id=&quot;tab-description&quot; style=&quot;display: block;&quot;&gt;\r\n	&lt;p&gt;\r\n		Spesifikasi Kad:&lt;/p&gt;\r\n	&lt;p&gt;\r\n		Lipatan: 3 Lipatan&lt;/p&gt;\r\n	&lt;p&gt;\r\n		Saiz Buka: A4&lt;/p&gt;\r\n	&lt;p&gt;\r\n		Kad ini sesuai untuk nama kedua belah pihak pengantin (lelaki &amp;amp; perempuan)&lt;/p&gt;\r\n	&lt;p&gt;\r\n		*PERCUMA - Tambahan gambar pada kad.&lt;/p&gt;\r\n	&lt;p&gt;\r\n		Harga kad yg dinyatakan diatas adalah harga siap termasuk kos printing.&lt;/p&gt;\r\n\r\n&lt;iframe width=&quot;640&quot; height=&quot;480&quot; src=&quot;http://www.youtube.com/embed/QjOU7ekHyrA&quot; frameborder=&quot;0&quot; allowfullscreen&gt;&lt;/iframe&gt;\r\n&lt;/div&gt;\r\n&lt;p&gt;\r\n	&amp;nbsp;&lt;/p&gt;\r\n', '', '', ''),
(65, 1, 'Kad Kahwin Glamor 1000pcs', '&lt;div class=&quot;tab-content&quot; id=&quot;tab-description&quot; style=&quot;display: block;&quot;&gt;\r\n	&lt;p&gt;\r\n		Spesifikasi Kad:&lt;/p&gt;\r\n	&lt;p&gt;\r\n		Lipatan: 3 Lipatan&lt;/p&gt;\r\n	&lt;p&gt;\r\n		Saiz Buka: A4&lt;/p&gt;\r\n	&lt;p&gt;\r\n		Kad ini sesuai untuk nama kedua belah pihak pengantin (lelaki &amp;amp; perempuan)&lt;/p&gt;\r\n	&lt;p&gt;\r\n		*PERCUMA - Tambahan gambar pada kad.&lt;/p&gt;\r\n	&lt;p&gt;\r\n		Harga kad yg dinyatakan diatas adalah harga siap termasuk kos printing.&lt;/p&gt;\r\n\r\n&lt;iframe width=&quot;640&quot; height=&quot;480&quot; src=&quot;http://www.youtube.com/embed/QjOU7ekHyrA&quot; frameborder=&quot;0&quot; allowfullscreen&gt;&lt;/iframe&gt;\r\n&lt;/div&gt;\r\n&lt;p&gt;\r\n	&amp;nbsp;&lt;/p&gt;\r\n', '', '', ''),
(64, 1, 'Kad Kahwin Glamor 500pcs', '&lt;div class=&quot;tab-content&quot; id=&quot;tab-description&quot; style=&quot;display: block;&quot;&gt;\r\n	&lt;p&gt;\r\n		Spesifikasi Kad:&lt;/p&gt;\r\n	&lt;p&gt;\r\n		Lipatan: 3 Lipatan&lt;/p&gt;\r\n	&lt;p&gt;\r\n		Saiz Buka: A4&lt;/p&gt;\r\n	&lt;p&gt;\r\n		Kad ini sesuai untuk nama kedua belah pihak pengantin (lelaki &amp;amp; perempuan)&lt;/p&gt;\r\n	&lt;p&gt;\r\n		*PERCUMA - Tambahan gambar pada kad.&lt;/p&gt;\r\n	&lt;p&gt;\r\n		Harga kad yg dinyatakan diatas adalah harga siap termasuk kos printing.&lt;/p&gt;\r\n\r\n&lt;iframe width=&quot;640&quot; height=&quot;480&quot; src=&quot;http://www.youtube.com/embed/QjOU7ekHyrA&quot; frameborder=&quot;0&quot; allowfullscreen&gt;&lt;/iframe&gt;\r\n&lt;/div&gt;\r\n&lt;p&gt;\r\n	&amp;nbsp;&lt;/p&gt;\r\n', '', '', ''),
(110, 1, 'Kad Kahwin Golden Gold 300pcs', '&lt;div class=&quot;tab-content&quot; id=&quot;tab-description&quot; style=&quot;display: block&quot;&gt;\r\n	&lt;p&gt;\r\n		Spesifikasi Kad:&lt;/p&gt;\r\n	&lt;p&gt;\r\n		Lipatan: tiada&lt;/p&gt;\r\n	&lt;p&gt;\r\n		Saiz Buka: 90mm x 216mm&lt;/p&gt;\r\n	&lt;p&gt;\r\n		Kad ini sesuai untuk satu nama pihak pengantin sahaja (lelaki atau perempuan)&lt;/p&gt;\r\n	&lt;p&gt;\r\n		*PERCUMA - Tambahan gambar pada kad.&lt;/p&gt;\r\n	&lt;p&gt;\r\n		Harga kad yg dinyatakan diatas adalah harga siap termasuk kos printing.&lt;/p&gt;\r\n\r\n&lt;iframe width=&quot;640&quot; height=&quot;480&quot; src=&quot;http://www.youtube.com/embed/QjOU7ekHyrA&quot; frameborder=&quot;0&quot; allowfullscreen&gt;&lt;/iframe&gt;\r\n&lt;/div&gt;\r\n&lt;p&gt;\r\n	&amp;nbsp;&lt;/p&gt;\r\n', '', '', ''),
(107, 1, 'Kad Kahwin Golden Gold 500pcs', '&lt;div class=&quot;tab-content&quot; id=&quot;tab-description&quot; style=&quot;display: block&quot;&gt;\r\n	&lt;p&gt;\r\n		Spesifikasi Kad:&lt;/p&gt;\r\n	&lt;p&gt;\r\n		Lipatan: tiada&lt;/p&gt;\r\n	&lt;p&gt;\r\n		Saiz Buka: 90mm x 216mm&lt;/p&gt;\r\n	&lt;p&gt;\r\n		Kad ini sesuai untuk satu nama pihak pengantin sahaja (lelaki atau perempuan)&lt;/p&gt;\r\n	&lt;p&gt;\r\n		*PERCUMA - Tambahan gambar pada kad.&lt;/p&gt;\r\n	&lt;p&gt;\r\n		Harga kad yg dinyatakan diatas adalah harga siap termasuk kos printing.&lt;/p&gt;\r\n\r\n&lt;iframe width=&quot;640&quot; height=&quot;480&quot; src=&quot;http://www.youtube.com/embed/QjOU7ekHyrA&quot; frameborder=&quot;0&quot; allowfullscreen&gt;&lt;/iframe&gt;\r\n&lt;/div&gt;\r\n&lt;p&gt;\r\n	&amp;nbsp;&lt;/p&gt;\r\n', '', '', ''),
(100, 1, 'Kad Kahwin Local Blue 1000pcs', '&lt;div class=&quot;tab-content&quot; id=&quot;tab-description&quot; style=&quot;display: block;&quot;&gt;\r\n	&lt;p&gt;\r\n		Spesifikasi Kad:&lt;/p&gt;\r\n	&lt;p&gt;\r\n		Lipatan: tiada&lt;/p&gt;\r\n	&lt;p&gt;\r\n		Saiz Buka: 90mm x 216mm&lt;/p&gt;\r\n	&lt;p&gt;\r\n		Kad ini sesuai untuk satu nama pihak pengantin sahaja (lelaki atau perempuan)&lt;/p&gt;\r\n	&lt;p&gt;\r\n		*PERCUMA - Tambahan gambar pada kad.&lt;/p&gt;\r\n	&lt;p&gt;\r\n		Harga kad yg dinyatakan diatas adalah harga siap termasuk kos printing.&lt;/p&gt;\r\n\r\n&lt;iframe width=&quot;640&quot; height=&quot;480&quot; src=&quot;http://www.youtube.com/embed/QjOU7ekHyrA&quot; frameborder=&quot;0&quot; allowfullscreen&gt;&lt;/iframe&gt;\r\n&lt;/div&gt;\r\n&lt;p&gt;\r\n	&amp;nbsp;&lt;/p&gt;\r\n', '', '', ''),
(111, 1, 'Kad Kahwin Local Blue 300pcs', '&lt;div class=&quot;tab-content&quot; id=&quot;tab-description&quot; style=&quot;display: block&quot;&gt;\r\n	&lt;p&gt;\r\n		Spesifikasi Kad:&lt;/p&gt;\r\n	&lt;p&gt;\r\n		Lipatan: tiada&lt;/p&gt;\r\n	&lt;p&gt;\r\n		Saiz Buka: 90mm x 216mm&lt;/p&gt;\r\n	&lt;p&gt;\r\n		Kad ini sesuai untuk satu nama pihak pengantin sahaja (lelaki atau perempuan)&lt;/p&gt;\r\n	&lt;p&gt;\r\n		*PERCUMA - Tambahan gambar pada kad.&lt;/p&gt;\r\n	&lt;p&gt;\r\n		Harga kad yg dinyatakan diatas adalah harga siap termasuk kos printing.&lt;/p&gt;\r\n\r\n&lt;iframe width=&quot;640&quot; height=&quot;480&quot; src=&quot;http://www.youtube.com/embed/QjOU7ekHyrA&quot; frameborder=&quot;0&quot; allowfullscreen&gt;&lt;/iframe&gt;\r\n&lt;/div&gt;\r\n&lt;p&gt;\r\n	&amp;nbsp;&lt;/p&gt;\r\n', '', '', ''),
(108, 1, 'Kad Kahwin Local Blue 500pcs', '&lt;div class=&quot;tab-content&quot; id=&quot;tab-description&quot; style=&quot;display: block&quot;&gt;\r\n	&lt;p&gt;\r\n		Spesifikasi Kad:&lt;/p&gt;\r\n	&lt;p&gt;\r\n		Lipatan: tiada&lt;/p&gt;\r\n	&lt;p&gt;\r\n		Saiz Buka: 90mm x 216mm&lt;/p&gt;\r\n	&lt;p&gt;\r\n		Kad ini sesuai untuk satu nama pihak pengantin sahaja (lelaki atau perempuan)&lt;/p&gt;\r\n	&lt;p&gt;\r\n		*PERCUMA - Tambahan gambar pada kad.&lt;/p&gt;\r\n	&lt;p&gt;\r\n		Harga kad yg dinyatakan diatas adalah harga siap termasuk kos printing.&lt;/p&gt;\r\n\r\n&lt;iframe allowfullscreen=&quot;&quot; frameborder=&quot;0&quot; height=&quot;480&quot; src=&quot;http://www.youtube.com/embed/QjOU7ekHyrA&quot; width=&quot;640&quot;&gt;&lt;/iframe&gt;\r\n&lt;/div&gt;\r\n&lt;p&gt;\r\n	&amp;nbsp;&lt;/p&gt;\r\n', '', '', ''),
(112, 1, 'Kad Kahwin Local Green 300pcs', '&lt;div class=&quot;tab-content&quot; id=&quot;tab-description&quot; style=&quot;display: block&quot;&gt;\r\n	&lt;p&gt;\r\n		Spesifikasi Kad:&lt;/p&gt;\r\n	&lt;p&gt;\r\n		Lipatan: tiada&lt;/p&gt;\r\n	&lt;p&gt;\r\n		Saiz Buka: 90mm x 216mm&lt;/p&gt;\r\n	&lt;p&gt;\r\n		Kad ini sesuai untuk satu nama pihak pengantin sahaja (lelaki atau perempuan)&lt;/p&gt;\r\n	&lt;p&gt;\r\n		*PERCUMA - Tambahan gambar pada kad.&lt;/p&gt;\r\n	&lt;p&gt;\r\n		Harga kad yg dinyatakan diatas adalah harga siap termasuk kos printing.&lt;/p&gt;\r\n\r\n&lt;iframe allowfullscreen=&quot;&quot; frameborder=&quot;0&quot; height=&quot;480&quot; src=&quot;http://www.youtube.com/embed/QjOU7ekHyrA&quot; width=&quot;640&quot;&gt;&lt;/iframe&gt;\r\n&lt;/div&gt;\r\n&lt;p&gt;\r\n	&amp;nbsp;&lt;/p&gt;\r\n', '', '', ''),
(109, 1, 'Kad Kahwin Local Green 500pcs', '&lt;div class=&quot;tab-content&quot; id=&quot;tab-description&quot; style=&quot;display: block&quot;&gt;\r\n	&lt;p&gt;\r\n		Spesifikasi Kad:&lt;/p&gt;\r\n	&lt;p&gt;\r\n		Lipatan: tiada&lt;/p&gt;\r\n	&lt;p&gt;\r\n		Saiz Buka: 90mm x 216mm&lt;/p&gt;\r\n	&lt;p&gt;\r\n		Kad ini sesuai untuk satu nama pihak pengantin sahaja (lelaki atau perempuan)&lt;/p&gt;\r\n	&lt;p&gt;\r\n		*PERCUMA - Tambahan gambar pada kad.&lt;/p&gt;\r\n	&lt;p&gt;\r\n		Harga kad yg dinyatakan diatas adalah harga siap termasuk kos printing.&lt;/p&gt;\r\n\r\n&lt;iframe allowfullscreen=&quot;&quot; frameborder=&quot;0&quot; height=&quot;480&quot; src=&quot;http://www.youtube.com/embed/QjOU7ekHyrA&quot; width=&quot;640&quot;&gt;&lt;/iframe&gt;\r\n&lt;/div&gt;\r\n&lt;p&gt;\r\n	&amp;nbsp;&lt;/p&gt;\r\n', '', '', ''),
(99, 1, 'Kad Kahwin Love 1000pcs', '&lt;div class=&quot;tab-content&quot; id=&quot;tab-description&quot; style=&quot;display: block;&quot;&gt;\r\n	&lt;p&gt;\r\n		Spesifikasi Kad:&lt;/p&gt;\r\n	&lt;p&gt;\r\n		Lipatan: 3 Lipatan&lt;/p&gt;\r\n	&lt;p&gt;\r\n		Saiz Buka: A4&lt;/p&gt;\r\n	&lt;p&gt;\r\n		Kad ini sesuai untuk nama kedua belah pihak pengantin (lelaki &amp;amp; perempuan)&lt;/p&gt;\r\n	&lt;p&gt;\r\n		*PERCUMA - Tambahan gambar pada kad.&lt;/p&gt;\r\n	&lt;p&gt;\r\n		Harga kad yg dinyatakan diatas adalah harga siap termasuk kos printing.&lt;/p&gt;\r\n\r\n&lt;iframe allowfullscreen=&quot;&quot; frameborder=&quot;0&quot; height=&quot;480&quot; src=&quot;http://www.youtube.com/embed/QjOU7ekHyrA&quot; width=&quot;640&quot;&gt;&lt;/iframe&gt;\r\n&lt;/div&gt;\r\n&lt;p&gt;\r\n	&amp;nbsp;&lt;/p&gt;\r\n', '', '', ''),
(57, 1, 'Kad Kahwin Pink 1000pcs', '&lt;div class=&quot;tab-content&quot; id=&quot;tab-description&quot; style=&quot;display: block;&quot;&gt;\r\n	&lt;p&gt;\r\n		Spesifikasi Kad:&lt;/p&gt;\r\n	&lt;p&gt;\r\n		Lipatan: tiada&lt;/p&gt;\r\n	&lt;p&gt;\r\n		Saiz Buka: 182mm x 110mm&lt;/p&gt;\r\n	&lt;p&gt;\r\n		Kad ini sesuai untuk satu nama pihak pengantin sahaja (lelaki atau perempuan)&lt;/p&gt;\r\n	&lt;p&gt;\r\n		*PERCUMA - Tambahan gambar pada kad.&lt;/p&gt;\r\n	&lt;p&gt;\r\n		Harga kad yg dinyatakan diatas adalah harga siap termasuk kos printing.&lt;/p&gt;\r\n\r\n&lt;iframe allowfullscreen=&quot;&quot; frameborder=&quot;0&quot; height=&quot;480&quot; src=&quot;http://www.youtube.com/embed/QjOU7ekHyrA&quot; width=&quot;640&quot;&gt;&lt;/iframe&gt;\r\n&lt;/div&gt;\r\n&lt;p&gt;\r\n	&amp;nbsp;&lt;/p&gt;\r\n', '', '', ''),
(79, 1, 'Kad Kahwin Pink 300pcs', '&lt;div class=&quot;tab-content&quot; id=&quot;tab-description&quot; style=&quot;display: block;&quot;&gt;\r\n	&lt;p&gt;\r\n		Spesifikasi Kad:&lt;/p&gt;\r\n	&lt;p&gt;\r\n		Lipatan: tiada&lt;/p&gt;\r\n	&lt;p&gt;\r\n		Saiz Buka: 182mm x 110mm&lt;/p&gt;\r\n	&lt;p&gt;\r\n		Kad ini sesuai untuk satu nama pihak pengantin sahaja (lelaki atau perempuan)&lt;/p&gt;\r\n	&lt;p&gt;\r\n		*PERCUMA - Tambahan gambar pada kad.&lt;/p&gt;\r\n	&lt;p&gt;\r\n		Harga kad yg dinyatakan diatas adalah harga siap termasuk kos printing.&lt;/p&gt;\r\n\r\n&lt;iframe allowfullscreen=&quot;&quot; frameborder=&quot;0&quot; height=&quot;480&quot; src=&quot;http://www.youtube.com/embed/QjOU7ekHyrA&quot; width=&quot;640&quot;&gt;&lt;/iframe&gt;\r\n&lt;/div&gt;\r\n&lt;p&gt;\r\n	&amp;nbsp;&lt;/p&gt;\r\n', '', '', ''),
(58, 1, 'Kad Kahwin Pink 500pcs', '&lt;div class=&quot;tab-content&quot; id=&quot;tab-description&quot; style=&quot;display: block;&quot;&gt;\r\n	&lt;p&gt;\r\n		Spesifikasi Kad:&lt;/p&gt;\r\n	&lt;p&gt;\r\n		Lipatan: tiada&lt;/p&gt;\r\n	&lt;p&gt;\r\n		Saiz Buka: 182mm x 110mm&lt;/p&gt;\r\n	&lt;p&gt;\r\n		Kad ini sesuai untuk satu nama pihak pengantin sahaja (lelaki atau perempuan)&lt;/p&gt;\r\n	&lt;p&gt;\r\n		*PERCUMA - Tambahan gambar pada kad.&lt;/p&gt;\r\n	&lt;p&gt;\r\n		Harga kad yg dinyatakan diatas adalah harga siap termasuk kos printing.&lt;/p&gt;\r\n\r\n&lt;iframe allowfullscreen=&quot;&quot; frameborder=&quot;0&quot; height=&quot;480&quot; src=&quot;http://www.youtube.com/embed/QjOU7ekHyrA&quot; width=&quot;640&quot;&gt;&lt;/iframe&gt;\r\n&lt;/div&gt;\r\n&lt;p&gt;\r\n	&amp;nbsp;&lt;/p&gt;\r\n', '', '', ''),
(103, 1, 'Kad Kahwin Retro Style 300pcs', '&lt;div class=&quot;tab-content&quot; id=&quot;tab-description&quot; style=&quot;display: block&quot;&gt;\r\n	&lt;p&gt;\r\n		Spesifikasi Kad:&lt;/p&gt;\r\n	&lt;p&gt;\r\n		Lipatan: tiada&lt;/p&gt;\r\n	&lt;p&gt;\r\n		Saiz Buka: 182mm x 99mm&lt;/p&gt;\r\n	&lt;p&gt;\r\n		Kad ini sesuai untuk satu nama pihak pengantin sahaja (lelaki atau perempuan)&lt;/p&gt;\r\n	&lt;p&gt;\r\n		*PERCUMA - Tambahan gambar pada kad.&lt;/p&gt;\r\n	&lt;p&gt;\r\n		Harga kad yg dinyatakan diatas adalah harga siap termasuk kos printing.&lt;/p&gt;\r\n\r\n&lt;iframe allowfullscreen=&quot;&quot; frameborder=&quot;0&quot; height=&quot;480&quot; src=&quot;http://www.youtube.com/embed/QjOU7ekHyrA&quot; width=&quot;640&quot;&gt;&lt;/iframe&gt;\r\n&lt;/div&gt;\r\n&lt;p&gt;\r\n	&amp;nbsp;&lt;/p&gt;\r\n', '', '', ''),
(104, 1, 'Kad Kahwin Retro Style 500pcs', '&lt;div class=&quot;tab-content&quot; id=&quot;tab-description&quot; style=&quot;display: block&quot;&gt;\r\n	&lt;p&gt;\r\n		Spesifikasi Kad:&lt;/p&gt;\r\n	&lt;p&gt;\r\n		Lipatan: tiada&lt;/p&gt;\r\n	&lt;p&gt;\r\n		Saiz Buka: 182mm x 99mm&lt;/p&gt;\r\n	&lt;p&gt;\r\n		Kad ini sesuai untuk satu nama pihak pengantin sahaja (lelaki atau perempuan)&lt;/p&gt;\r\n	&lt;p&gt;\r\n		*PERCUMA - Tambahan gambar pada kad.&lt;/p&gt;\r\n	&lt;p&gt;\r\n		Harga kad yg dinyatakan diatas adalah harga siap termasuk kos printing.&lt;/p&gt;\r\n\r\n&lt;iframe allowfullscreen=&quot;&quot; frameborder=&quot;0&quot; height=&quot;480&quot; src=&quot;http://www.youtube.com/embed/QjOU7ekHyrA&quot; width=&quot;640&quot;&gt;&lt;/iframe&gt;\r\n&lt;/div&gt;\r\n&lt;p&gt;\r\n	&amp;nbsp;&lt;/p&gt;\r\n', '', '', ''),
(115, 1, 'Sticker Fragile', '&lt;p&gt;\r\n	&lt;span class=&quot;body_text&quot;&gt;Printing : Full Color (4C)&lt;br /&gt;\r\n	&lt;br /&gt;\r\n	Side : Single&lt;br /&gt;\r\n	&lt;br /&gt;\r\n	Material : 80gsm mirrokot sticker + gloss lamination (S)&lt;br /&gt;\r\n	&lt;br /&gt;\r\n	Size : 90mm x 54mm&lt;/span&gt;&lt;/p&gt;\r\n&lt;p&gt;\r\n	&lt;span class=&quot;body_text&quot;&gt;* Pastikan barangan anda selamat&lt;br /&gt;\r\n	* Packaging lebih sempurna&lt;br /&gt;\r\n	* Kotak tak hancur&lt;br /&gt;\r\n	* Pelangan puas hati&lt;/span&gt;&lt;/p&gt;\r\n', 'Sticker Fragile', 'Sticker Fragile, fragile, Sticker', ''),
(116, 1, 'Kad Kahwin Fantasy Blue 500pcs', '&lt;p&gt;\r\n	Spesifikasi Kad:&lt;/p&gt;\r\n&lt;p&gt;\r\n	Lipatan: 2 Lipatan&lt;/p&gt;\r\n&lt;p&gt;\r\n	Saiz Buka: 182mm x 166mm&lt;/p&gt;\r\n&lt;p&gt;\r\n	Kad ini sesuai untuk kedua belah pihak pengantin (lelaki/perempuan)&lt;/p&gt;\r\n&lt;p&gt;\r\n	*PERCUMA - Tambahan gambar pada kad.&lt;/p&gt;\r\n&lt;p&gt;\r\n	Harga kad yg dinyatakan diatas adalah harga siap termasuk kos printing.&lt;/p&gt;\r\n\r\n&lt;iframe width=&quot;640&quot; height=&quot;480&quot; src=&quot;http://www.youtube.com/embed/QjOU7ekHyrA&quot; frameborder=&quot;0&quot; allowfullscreen&gt;&lt;/iframe&gt;\r\n', 'Kad Kahwin murah dan cantik', 'kad kahwin, kad perkahwinan, kad undangan perkahwinan, print kad kahwin, print kad, kad kahwin murah, print kad kahwin murah', ''),
(117, 1, 'Kad Kahwin Fantasy Blue 300pcs', '&lt;p&gt;\r\n	Spesifikasi Kad:&lt;/p&gt;\r\n&lt;p&gt;\r\n	Lipatan: 2 Lipatan&lt;/p&gt;\r\n&lt;p&gt;\r\n	Saiz Buka: 182mm x 166mm&lt;/p&gt;\r\n&lt;p&gt;\r\n	Kad ini sesuai untuk kedua belah pihak pengantin (lelaki/perempuan)&lt;/p&gt;\r\n&lt;p&gt;\r\n	*PERCUMA - Tambahan gambar pada kad.&lt;/p&gt;\r\n&lt;p&gt;\r\n	Harga kad yg dinyatakan diatas adalah harga siap termasuk kos printing.&lt;/p&gt;\r\n\r\n&lt;iframe width=&quot;640&quot; height=&quot;480&quot; src=&quot;http://www.youtube.com/embed/QjOU7ekHyrA&quot; frameborder=&quot;0&quot; allowfullscreen&gt;&lt;/iframe&gt;\r\n', 'Kad Kahwin murah dan cantik', 'kad kahwin, kad perkahwinan, kad undangan perkahwinan, print kad kahwin, print kad, kad kahwin murah, print kad kahwin murah', ''),
(118, 1, 'Kad Kahwin Green Love 1000pcs', '&lt;p&gt;\r\n	Spesifikasi Kad:&lt;/p&gt;\r\n&lt;p&gt;\r\n	Lipatan: 2 Lipatan&lt;/p&gt;\r\n&lt;p&gt;\r\n	Saiz Buka: 182mm x 166mm&lt;/p&gt;\r\n&lt;p&gt;\r\n	Kad ini sesuai untuk kedua belah pihak pengantin (lelaki/perempuan)&lt;/p&gt;\r\n&lt;p&gt;\r\n	*PERCUMA - Tambahan gambar pada kad.&lt;/p&gt;\r\n&lt;p&gt;\r\n	Harga kad yg dinyatakan diatas adalah harga siap termasuk kos printing.&lt;/p&gt;\r\n\r\n&lt;iframe width=&quot;640&quot; height=&quot;480&quot; src=&quot;http://www.youtube.com/embed/QjOU7ekHyrA&quot; frameborder=&quot;0&quot; allowfullscreen&gt;&lt;/iframe&gt;\r\n', 'Kad Kahwin murah dan cantik', 'kad kahwin, kad perkahwinan, kad undangan perkahwinan, print kad kahwin, print kad, kad kahwin murah, print kad kahwin murah', ''),
(119, 1, 'Kad Kahwin Green Love 500pcs', '&lt;p&gt;\r\n	Spesifikasi Kad:&lt;/p&gt;\r\n&lt;p&gt;\r\n	Lipatan: 2 Lipatan&lt;/p&gt;\r\n&lt;p&gt;\r\n	Saiz Buka: 182mm x 166mm&lt;/p&gt;\r\n&lt;p&gt;\r\n	Kad ini sesuai untuk kedua belah pihak pengantin (lelaki/perempuan)&lt;/p&gt;\r\n&lt;p&gt;\r\n	*PERCUMA - Tambahan gambar pada kad.&lt;/p&gt;\r\n&lt;p&gt;\r\n	Harga kad yg dinyatakan diatas adalah harga siap termasuk kos printing.&lt;/p&gt;\r\n\r\n&lt;iframe width=&quot;640&quot; height=&quot;480&quot; src=&quot;http://www.youtube.com/embed/QjOU7ekHyrA&quot; frameborder=&quot;0&quot; allowfullscreen&gt;&lt;/iframe&gt;\r\n', 'Kad Kahwin murah dan cantik', 'kad kahwin, kad perkahwinan, kad undangan perkahwinan, print kad kahwin, print kad, kad kahwin murah, print kad kahwin murah', ''),
(120, 1, 'Kad Kahwin Green Love 300pcs', '&lt;p&gt;\r\n	Spesifikasi Kad:&lt;/p&gt;\r\n&lt;p&gt;\r\n	Lipatan: 2 Lipatan&lt;/p&gt;\r\n&lt;p&gt;\r\n	Saiz Buka: 182mm x 166mm&lt;/p&gt;\r\n&lt;p&gt;\r\n	Kad ini sesuai untuk kedua belah pihak pengantin (lelaki/perempuan)&lt;/p&gt;\r\n&lt;p&gt;\r\n	*PERCUMA - Tambahan gambar pada kad.&lt;/p&gt;\r\n&lt;p&gt;\r\n	Harga kad yg dinyatakan diatas adalah harga siap termasuk kos printing.&lt;/p&gt;\r\n\r\n&lt;iframe width=&quot;640&quot; height=&quot;480&quot; src=&quot;http://www.youtube.com/embed/QjOU7ekHyrA&quot; frameborder=&quot;0&quot; allowfullscreen&gt;&lt;/iframe&gt;\r\n', 'Kad Kahwin murah dan cantik', 'kad kahwin, kad perkahwinan, kad undangan perkahwinan, print kad kahwin, print kad, kad kahwin murah, print kad kahwin murah', ''),
(102, 1, 'Kad Birthday 100pcs', '&lt;div class=&quot;tab-content&quot; id=&quot;tab-description&quot; style=&quot;display: block&quot;&gt;\r\n	&lt;p&gt;\r\n		Spesifikasi Kad:&lt;/p&gt;\r\n	&lt;p&gt;\r\n		Lipatan: tiada&lt;/p&gt;\r\n	&lt;p&gt;\r\n		Saiz Buka: 145mm x 100mm&lt;/p&gt;\r\n	&lt;p&gt;\r\n		Kad ini sesuai untuk Kad Hari Jadi atau apa saja Kad Jemputan&lt;/p&gt;\r\n	&lt;p&gt;\r\n		*PERCUMA - Tambahan gambar pada kad.&lt;/p&gt;\r\n	&lt;p&gt;\r\n		Harga kad yg dinyatakan diatas adalah harga siap termasuk kos printing.&lt;/p&gt;\r\n	&lt;iframe allowfullscreen=&quot;&quot; frameborder=&quot;0&quot; height=&quot;480&quot; src=&quot;http://www.youtube.com/embed/QjOU7ekHyrA&quot; width=&quot;640&quot;&gt;&lt;/iframe&gt;&lt;/div&gt;\r\n', '', '', ''),
(121, 1, 'Bunting 2 x 5 feet', '&lt;p&gt;\r\n	Print &lt;strong&gt;Bunting&lt;/strong&gt; ini bersaiz 2 feet x 5 feet. Anda dinasihatkan untuk memastikan ukuran &lt;strong&gt;bunting&lt;/strong&gt; yang anda tempah adalah tepat. Ada kemungkinan &lt;strong&gt;bunting&lt;/strong&gt; yang telalu besar atau panjang tidak dapat di gantung ditempat yang sesuai.&lt;/p&gt;\r\n&lt;p&gt;\r\n	&lt;strong&gt;Bunting&lt;/strong&gt; adalah merupakan kaedah pengiklanan yang agak penting dimasa kini. &lt;strong&gt;Bunting&lt;/strong&gt; juga dapat menyampaikan maklumat seperti papan tanda, tetapi kosnya jauh lebih murah. Dalam Majlis Perkahwinan, &lt;strong&gt;bunting&lt;/strong&gt; ini merupakan perkara wajib yang perlu ada. Dengan &lt;strong&gt;bunting&lt;/strong&gt; ini lah, pada hadirin mengenali keluarga pengantin sebelum menghadiri majlis. Jika tiada &lt;strong&gt;bunting&lt;/strong&gt;, kemungkinan tersilap rumah adalah tinggi, lebih-lebih lagi jika ada 2 atau lebih Majlis Perkahwinan di tempat yang sama. Harga &lt;strong&gt;bunting&lt;/strong&gt; bergantung kepada saiznya. Dan ukuran &lt;strong&gt;bunting&lt;/strong&gt; adalah dikira dalam unit ''kaki''. Tiada tambahan untuk memasukkan gambar pada &lt;strong&gt;bunting&lt;/strong&gt; anda. Sekiranya &lt;strong&gt;bunting&lt;/strong&gt; ini merupakan pilihan anda, sila isikan butiran diatas.&lt;/p&gt;\r\n&lt;p&gt;\r\n	Angaran masa untuk kami cetak &lt;strong&gt;bunting&lt;/strong&gt; ini adalah 1 hari selepas art work &lt;strong&gt;bunting&lt;/strong&gt; di setujui. Anda perlu membuat tempahan &lt;strong&gt;bunting&lt;/strong&gt; sebelum jam 3 petang. Selepas waktu itu, masa ditambah 1 hari lagi untuk proses cetak &lt;strong&gt;bunting&lt;/strong&gt;. Sebagai contoh, anda buat tempahan &lt;strong&gt;bunting&lt;/strong&gt; pada jam 1 petang, 1hb Nov 2012. Pada 2hb Nov 2012 pihak kami akan hantar &lt;strong&gt;bunting&lt;/strong&gt; anda untuk di pos. Dan anda akan menerima &lt;strong&gt;bunting&lt;/strong&gt; pada 3hb Nov 2012.&lt;/p&gt;\r\n&lt;p&gt;\r\n	Sekiranya anda ingin mengambil &lt;strong&gt;bunting&lt;/strong&gt; di galeri kami, masa mencetak &lt;strong&gt;bunting&lt;/strong&gt; adalah 24 jam. Sebagai contoh, anda membuat tempahan &lt;strong&gt;bunting&lt;/strong&gt; di galeri pada jam 12 tengah hari, 1 Nov 2012. &lt;strong&gt;bunting&lt;/strong&gt; anda boleh diambil pada atau selepas 12 tengah hari, 2 Nov 2012.&lt;/p&gt;\r\n&lt;p&gt;\r\n	Kami juga menerima &lt;strong&gt;bunting&lt;/strong&gt; yang anda design sendiri. Akan tetapi, kami hanya menerima artwork &lt;strong&gt;bunting&lt;/strong&gt; di dalam format .pdf atau .cdr atau .ai sahaja. Art work &lt;strong&gt;bunting&lt;/strong&gt; dalam bentuk .jpeg atau .png atau .gif atau lain-lain format, perlu dirujuk dahulu dengan pihak kami. Sila hantar art work &lt;strong&gt;bunting&lt;/strong&gt; anda di admin@mycard2u.com selepas butiran tempahan di isi dengan sempurna. Dan pastikan art work &lt;strong&gt;bunting&lt;/strong&gt; anda mempunyai ukuran yang tepat.&lt;/p&gt;\r\n&lt;p&gt;\r\n	Sebarang pertanyaan anda mengenai &lt;strong&gt;bunting&lt;/strong&gt;, sila hubungi talian hotline kami :013-6666155 atau email di admin@mycard2u.com.&lt;/p&gt;\r\n&lt;p&gt;\r\n	&lt;strong&gt;BUNTING&lt;/strong&gt;&lt;/p&gt;\r\n', 'Tempah bunting secara online dengan harga yang murah', 'bunting, print bunting, bunting online, tempah bunting online, bunting murah, bunting perkahwinan', 'bunting, print bunting, bunting online, bunting murah, bunting melaka, bunting perkahwinan, bunting cantik, bunting online, tempah bunting');

-- --------------------------------------------------------

--
-- Table structure for table`pve_product_discount`
--

CREATE TABLE `pve_product_discount` (
  `product_discount_id` int(11) NOT NULL AUTO_INCREMENT,
  `product_id` int(11) NOT NULL,
  `customer_group_id` int(11) NOT NULL,
  `quantity` int(4) NOT NULL DEFAULT '0',
  `priority` int(5) NOT NULL DEFAULT '1',
  `price` decimal(15,4) NOT NULL DEFAULT '0.0000',
  `date_start` date NOT NULL DEFAULT '0000-00-00',
  `date_end` date NOT NULL DEFAULT '0000-00-00',
  PRIMARY KEY (`product_discount_id`),
  KEY `product_id` (`product_id`)
) ENGINE=MyISAM  DEFAULT CHARSET=utf8 COLLATE=utf8_bin AUTO_INCREMENT=441 ;

-- --------------------------------------------------------

--
-- Table structure for table`pve_product_image`
--

CREATE TABLE `pve_product_image` (
  `product_image_id` int(11) NOT NULL AUTO_INCREMENT,
  `product_id` int(11) NOT NULL,
  `image` varchar(255) COLLATE utf8_bin DEFAULT NULL,
  `sort_order` int(3) NOT NULL DEFAULT '0',
  PRIMARY KEY (`product_image_id`)
) ENGINE=MyISAM  DEFAULT CHARSET=utf8 COLLATE=utf8_bin AUTO_INCREMENT=2536 ;

--
-- Dumping data for table 'pve_product_image'
--

INSERT INTO `pve_product_image` VALUES
(1, 50, 'data/bcard 1-70/Business Card 1.jpg', 1),
(2, 50, 'data/bcard 1-70/Business Card 2.jpg', 2),
(3, 50, 'data/bcard 1-70/Business Card 3.jpg', 3),
(4, 50, 'data/bcard 1-70/Business Card 4.jpg', 4),
(5, 50, 'data/bcard 1-70/Business Card 5.jpg', 5),
(6, 50, 'data/bcard 1-70/Business Card 6.jpg', 6),
(7, 50, 'data/bcard 1-70/Business Card 7.jpg', 7),
(8, 50, 'data/bcard 1-70/Business Card 8.jpg', 8),
(9, 50, 'data/bcard 1-70/Business Card 9.jpg', 9),
(10, 50, 'data/bcard 1-70/Business Card 10.jpg', 10),
(11, 50, 'data/bcard 1-70/Business Card 11.jpg', 11),
(12, 50, 'data/bcard 1-70/Business Card 12.jpg', 12),
(13, 50, 'data/bcard 1-70/Business Card 13.jpg', 13),
(14, 50, 'data/bcard 1-70/Business Card 14.jpg', 14),
(15, 50, 'data/bcard 1-70/Business Card 14.jpg', 14),
(16, 50, 'data/bcard 1-70/Business Card 15.jpg', 15),
(17, 50, 'data/bcard 1-70/Business Card 15.jpg', 15),
(18, 50, 'data/bcard 1-70/Business Card 16.jpg', 16),
(19, 50, 'data/bcard 1-70/Business Card 17.jpg', 17),
(20, 50, 'data/bcard 1-70/Business Card 18.jpg', 18),
(21, 50, 'data/bcard 1-70/Business Card 19.jpg', 19),
(22, 50, 'data/bcard 1-70/Business Card 20.jpg', 20),
(23, 50, 'data/bcard 1-70/Business Card 21.jpg', 21),
(24, 50, 'data/bcard 1-70/Business Card 21.jpg', 21),
(25, 50, 'data/bcard 1-70/Business Card 22.jpg', 22),
(26, 50, 'data/bcard 1-70/Business Card 23.jpg', 23),
(27, 50, 'data/bcard 1-70/Business Card 24.jpg', 24),
(28, 50, 'data/bcard 1-70/Business Card 25.jpg', 25),
(29, 50, 'data/bcard 1-70/Business Card 26.jpg', 26),
(30, 50, 'data/bcard 1-70/Business Card 27.jpg', 27),
(31, 50, 'data/bcard 1-70/Business Card 28.jpg', 28),
(32, 50, 'data/bcard 1-70/Business Card 29.jpg', 29),
(33, 50, 'data/bcard 1-70/Business Card 30.jpg', 30),
(34, 50, 'data/bcard 1-70/Business Card 31.jpg', 31),
(35, 50, 'data/bcard 1-70/Business Card 32.jpg', 32),
(36, 50, 'data/bcard 1-70/Business Card 33.jpg', 33),
(37, 50, 'data/bcard 1-70/Business Card 34.jpg', 34),
(38, 50, 'data/bcard 1-70/Business Card 35.jpg', 35),
(39, 50, 'data/bcard 1-70/Business Card 36.jpg', 36),
(40, 50, 'data/bcard 1-70/Business Card 37.jpg', 37),
(41, 50, 'data/bcard 1-70/Business Card 38.jpg', 38),
(42, 50, 'data/bcard 1-70/Business Card 39.jpg', 39),
(43, 50, 'data/bcard 1-70/Business Card 40.jpg', 40),
(44, 50, 'data/bcard 1-70/Business Card 41.jpg', 41),
(45, 50, 'data/bcard 1-70/Business Card 42.jpg', 42),
(46, 50, 'data/bcard 1-70/Business Card 43.jpg', 43),
(47, 50, 'data/bcard 1-70/Business Card 44.jpg', 44),
(48, 50, 'data/bcard 1-70/Business Card 45.jpg', 45),
(49, 50, 'data/bcard 1-70/Business Card 46.jpg', 46),
(50, 50, 'data/bcard 1-70/Business Card 47.jpg', 47),
(51, 50, 'data/bcard 1-70/Business Card 48.jpg', 48),
(52, 50, 'data/bcard 1-70/Business Card 49.jpg', 49),
(53, 50, 'data/bcard 1-70/Business Card 50.jpg', 50),
(54, 50, 'data/bcard 1-70/Business Card 51.jpg', 51),
(55, 50, 'data/bcard 1-70/Business Card 52.jpg', 52),
(56, 50, 'data/bcard 1-70/Business Card 53.jpg', 53),
(57, 50, 'data/bcard 1-70/Business Card 54.jpg', 54),
(58, 50, 'data/bcard 1-70/Business Card 55.jpg', 55),
(59, 50, 'data/bcard 1-70/Business Card 56.jpg', 56),
(60, 50, 'data/bcard 1-70/Business Card 57.jpg', 57),
(61, 50, 'data/bcard 1-70/Business Card 58.jpg', 58),
(62, 50, 'data/bcard 1-70/Business Card 59.jpg', 59),
(63, 50, 'data/bcard 1-70/Business Card 60.jpg', 60),
(64, 50, 'data/bcard 1-70/Business Card 61.jpg', 61),
(65, 50, 'data/bcard 1-70/Business Card 62.jpg', 62),
(66, 50, 'data/bcard 1-70/Business Card 63.jpg', 63),
(67, 50, 'data/bcard 1-70/Business Card 64.jpg', 64),
(68, 50, 'data/bcard 1-70/Business Card 65.jpg', 65),
(69, 50, 'data/bcard 1-70/Business Card 66.jpg', 66),
(70, 50, 'data/bcard 1-70/Business Card 67.jpg', 67),
(71, 50, 'data/bcard 1-70/Business Card 68.jpg', 68),
(72, 50, 'data/bcard 1-70/Business Card 69.jpg', 69),
(73, 50, 'data/bcard 1-70/Business Card 70.jpg', 70),
(2521, 53, 'data/kad kahwin/kad kahwin wawa2.png', 1),
(2520, 54, 'data/kad kahwin/kad kahwin wawa2.png', 1),
(2464, 55, 'data/kad kahwin/kad kahwin izuan2.png', 1),
(2465, 56, 'data/kad kahwin/kad kahwin izuan2.png', 1),
(2518, 57, 'data/kad kahwin/kad kahwin eco2.png', 2),
(2514, 58, 'data/kad kahwin/kad kahwin eco2.png', 2),
(2466, 59, 'data/kad kahwin/GreetingCard_C16UB2.png', 1),
(2467, 60, 'data/kad kahwin/GreetingCard_C16UB2.png', 1),
(2468, 61, 'data/kad kahwin/kad kahwin saya2.jpg', 1),
(2469, 62, 'data/kad kahwin/kad kahwin saya2.jpg', 1),
(2473, 64, 'data/kad kahwin/sal (3).png', 1),
(2472, 64, 'data/kad kahwin/sal (3)2.png', 2),
(2475, 65, 'data/kad kahwin/sal (3).png', 1),
(2474, 65, 'data/kad kahwin/sal (3)2.png', 2),
(2454, 66, 'data/kad kahwin/kad kahwin Cute Floral2.png', 2),
(2458, 67, 'data/kad kahwin/kad kahwin Cute Floral2 eco.png', 2),
(2525, 69, 'data/kad kahwin/GreetingCard_C16U 1.png', 1),
(2524, 69, 'data/kad kahwin/GreetingCard_C16U 2.png', 2),
(2523, 74, 'data/kad kahwin/GreetingCard_C16U 1.png', 1),
(2522, 74, 'data/kad kahwin/GreetingCard_C16U 2.png', 2),
(2487, 75, 'data/kad kahwin/kad kahwin poskad green1.png', 1),
(2486, 75, 'data/kad kahwin/kad kahwin poskad green2.png', 2),
(2485, 76, 'data/kad kahwin/kad kahwin poskad green1.png', 1),
(2484, 76, 'data/kad kahwin/kad kahwin poskad green2.png', 2),
(102, 77, 'data/retro/retro style1.png', 1),
(103, 77, 'data/retro/retro style2.png', 2),
(104, 77, 'data/retro/retro style3.png', 3),
(105, 77, 'data/retro/retro style4.png', 4),
(106, 77, 'data/retro/retro style5.png', 5),
(107, 77, 'data/retro/retro style6.png', 6),
(2513, 78, 'data/kad kahwin/kad kahwin retro2.png', 2),
(2512, 78, 'data/kad kahwin/kad kahwin retro1.png', 1),
(2516, 79, 'data/kad kahwin/kad kahwin eco2.png', 2),
(2476, 80, 'data/kad kahwin/GreetingCard_C16UB_new2.png', 2),
(2491, 81, 'data/kad kahwin/GreetingCard_C16U_new.png', 1),
(2490, 81, 'data/kad kahwin/GreetingCard_C16U_new2.png', 2),
(2533, 82, 'data/kad kahwin/GreetingCard_C4UC_siti_sub1.png', 1),
(2532, 82, 'data/kad kahwin/GreetingCard_C4UC_siti_sub2.png', 2),
(2471, 83, 'data/kad kahwin/kad kahwin gold1.png', 1),
(2470, 83, 'data/kad kahwin/kad kahwin gold2.png', 2),
(120, 85, 'data/sticker/label bulat.png', 0),
(121, 86, 'data/sticker/sticker 1.png', 1),
(122, 86, 'data/sticker/sticker 2.png', 2),
(123, 86, 'data/sticker/sticker 3.png', 3),
(124, 86, 'data/sticker/sticker 4.png', 4),
(125, 86, 'data/sticker/sticker 5.png', 5),
(126, 86, 'data/sticker/sticker 6.png', 6),
(127, 86, 'data/sticker/sticker 7.png', 7),
(128, 86, 'data/sticker/sticker 8.png', 8),
(129, 86, 'data/sticker/sticker 9.png', 9),
(130, 93, 'data/sticker/sticker 1.png', 1),
(131, 93, 'data/sticker/sticker 2.png', 2),
(132, 93, 'data/sticker/sticker 3.png', 3),
(133, 93, 'data/sticker/sticker 4.png', 4),
(134, 93, 'data/sticker/sticker 5.png', 5),
(135, 93, 'data/sticker/sticker 6.png', 6),
(136, 93, 'data/sticker/sticker 7.png', 7),
(137, 93, 'data/sticker/sticker 8.png', 8),
(138, 93, 'data/sticker/sticker 9.png', 9),
(2482, 94, 'data/kad kahwin/kad kahwin fb 2.png', 2),
(141, 95, 'data/bunting/tripod-bunting-stand.jpg', 1),
(2527, 99, 'data/kad kahwin/kad kahwin menarik 1.png', 1),
(2526, 99, 'data/kad kahwin/kad kahwin menarik 2.png', 2),
(2503, 100, 'data/kad kahwin/kad kahwin murah 1.png', 1),
(2502, 100, 'data/kad kahwin/kad kahwin murah 2.png', 2),
(2453, 101, 'no_image.jpg', 2),
(2452, 101, 'no_image.jpg', 1),
(2507, 102, 'no_image.jpg', 2),
(2506, 102, 'no_image.jpg', 1),
(2511, 103, 'data/kad kahwin/kad kahwin retro1.png', 1),
(2510, 103, 'data/kad kahwin/kad kahwin retro2.png', 2),
(2509, 104, 'data/kad kahwin/kad kahwin retro1.png', 1),
(2508, 104, 'data/kad kahwin/kad kahwin retro2.png', 2),
(2462, 105, 'data/kad kahwin/kad kahwin Cute Floral2 eco.png', 2),
(2460, 106, 'data/kad kahwin/kad kahwin Cute Floral2 eco.png', 2),
(2495, 107, 'data/kad kahwin/kad kahwin gold1.png', 1),
(2494, 107, 'data/kad kahwin/kad kahwin gold2.png', 2),
(2535, 108, 'data/kad kahwin/kad kahwin murah 1.png', 1),
(2534, 108, 'data/kad kahwin/kad kahwin murah 2.png', 2),
(2529, 109, 'data/kad kahwin/GreetingCard_C4UC_siti_sub1.png', 1),
(2528, 109, 'data/kad kahwin/GreetingCard_C4UC_siti_sub2.png', 2),
(2493, 110, 'data/kad kahwin/kad kahwin gold1.png', 1),
(2492, 110, 'data/kad kahwin/kad kahwin gold2.png', 2),
(2505, 111, 'data/kad kahwin/kad kahwin murah 1.png', 1),
(2504, 111, 'data/kad kahwin/kad kahwin murah 2.png', 2),
(2531, 112, 'data/kad kahwin/GreetingCard_C4UC_siti_sub1.png', 1),
(2530, 112, 'data/kad kahwin/GreetingCard_C4UC_siti_sub2.png', 2),
(2489, 113, 'data/kad kahwin/kad kahwin poskad green1.png', 1),
(2488, 113, 'data/kad kahwin/kad kahwin poskad green2.png', 2),
(2456, 114, 'data/kad kahwin/kad kahwin Cute Floral2.png', 2),
(2455, 66, 'data/kad kahwin/kad kahwin Cute Floral.png', 1),
(2457, 114, 'data/kad kahwin/kad kahwin Cute Floral.png', 1),
(2459, 67, 'data/kad kahwin/kad kahwin Cute Floral eco.png', 1),
(2461, 106, 'data/kad kahwin/kad kahwin Cute Floral eco.png', 1),
(2463, 105, 'data/kad kahwin/kad kahwin Cute Floral eco.png', 1),
(2483, 94, 'data/kad kahwin/kad kahwin fb.png', 1),
(2477, 80, 'data/kad kahwin/GreetingCard_C16UB_new.png', 1),
(2519, 57, 'data/kad kahwin/kad kahwin eco.png', 1),
(2517, 79, 'data/kad kahwin/kad kahwin eco.png', 1),
(2515, 58, 'data/kad kahwin/kad kahwin eco.png', 1),
(2479, 116, 'data/kad kahwin/kad kahwin fb.png', 1),
(2481, 117, 'data/kad kahwin/kad kahwin fb.png', 1),
(2478, 116, 'data/kad kahwin/kad kahwin fb 2.png', 2),
(2480, 117, 'data/kad kahwin/kad kahwin fb 2.png', 2),
(2497, 118, 'data/kad kahwin/Kad Kahwin Green Love 2.png', 2),
(2496, 118, 'data/kad kahwin/Kad Kahwin Green Love.png', 1),
(2500, 119, 'data/kad kahwin/Kad Kahwin Green Love 2.png', 2),
(2498, 120, 'data/kad kahwin/Kad Kahwin Green Love 2.png', 2),
(2501, 119, 'data/kad kahwin/Kad Kahwin Green Love.png', 1),
(2499, 120, 'data/kad kahwin/Kad Kahwin Green Love.png', 1);

-- --------------------------------------------------------

--
-- Table structure for table`pve_product_option`
--

CREATE TABLE `pve_product_option` (
  `product_option_id` int(11) NOT NULL AUTO_INCREMENT,
  `product_id` int(11) NOT NULL,
  `option_id` int(11) NOT NULL,
  `option_value` text COLLATE utf8_bin NOT NULL,
  `required` tinyint(1) NOT NULL,
  PRIMARY KEY (`product_option_id`)
) ENGINE=MyISAM  DEFAULT CHARSET=utf8 COLLATE=utf8_bin AUTO_INCREMENT=748 ;

--
-- Dumping data for table 'pve_product_option'
--

INSERT INTO `pve_product_option` VALUES
(1, 50, 1, '', 1),
(2, 50, 2, '', 1),
(3, 50, 3, '', 1),
(4, 50, 4, '', 1),
(5, 50, 5, '', 0),
(6, 50, 6, '', 1),
(7, 50, 7, '', 1),
(8, 50, 8, '', 0),
(9, 50, 9, '', 0),
(10, 50, 10, '', 1),
(25, 53, 25, '', 1),
(24, 53, 24, '', 0),
(23, 53, 23, '', 0),
(22, 53, 22, '', 0),
(21, 53, 21, '', 0),
(20, 53, 20, '', 0),
(19, 53, 19, '', 0),
(18, 53, 18, '', 0),
(17, 53, 17, '', 0),
(16, 53, 16, '', 0),
(15, 53, 15, '', 0),
(14, 53, 14, '', 0),
(13, 53, 13, '', 0),
(12, 53, 12, '', 0),
(11, 53, 11, '', 0),
(40, 54, 25, '', 1),
(39, 54, 24, '', 0),
(38, 54, 23, '', 0),
(37, 54, 22, '', 0),
(36, 54, 21, '', 0),
(35, 54, 20, '', 0),
(34, 54, 19, '', 0),
(33, 54, 18, '', 0),
(32, 54, 17, '', 0),
(31, 54, 16, '', 0),
(30, 54, 15, '', 0),
(29, 54, 14, '', 0),
(28, 54, 13, '', 0),
(27, 54, 12, '', 0),
(26, 54, 11, '', 0),
(55, 55, 25, '', 1),
(54, 55, 24, '', 0),
(53, 55, 23, '', 0),
(52, 55, 22, '', 0),
(51, 55, 21, '', 0),
(50, 55, 20, '', 0),
(49, 55, 19, '', 0),
(48, 55, 18, '', 0),
(47, 55, 17, '', 0),
(46, 55, 16, '', 0),
(45, 55, 15, '', 0),
(44, 55, 14, '', 0),
(43, 55, 13, '', 0),
(42, 55, 12, '', 0),
(41, 55, 11, '', 0),
(70, 56, 25, '', 1),
(69, 56, 24, '', 0),
(68, 56, 23, '', 0),
(67, 56, 22, '', 0),
(66, 56, 21, '', 0),
(65, 56, 20, '', 0),
(64, 56, 19, '', 0),
(63, 56, 18, '', 0),
(62, 56, 17, '', 0),
(61, 56, 16, '', 0),
(60, 56, 15, '', 0),
(59, 56, 14, '', 0),
(58, 56, 13, '', 0),
(57, 56, 12, '', 0),
(56, 56, 11, '', 0),
(85, 57, 25, '', 1),
(84, 57, 24, '', 0),
(83, 57, 23, '', 0),
(82, 57, 22, '', 0),
(81, 57, 21, '', 0),
(80, 57, 20, '', 0),
(79, 57, 19, '', 0),
(78, 57, 18, '', 0),
(77, 57, 17, '', 0),
(76, 57, 16, '', 0),
(75, 57, 15, '', 0),
(74, 57, 14, '', 0),
(73, 57, 13, '', 0),
(72, 57, 12, '', 0),
(71, 57, 11, '', 0),
(100, 58, 25, '', 1),
(99, 58, 24, '', 0),
(98, 58, 23, '', 0),
(97, 58, 22, '', 0),
(96, 58, 21, '', 0),
(95, 58, 20, '', 0),
(94, 58, 19, '', 0),
(93, 58, 18, '', 0),
(92, 58, 17, '', 0),
(91, 58, 16, '', 0),
(90, 58, 15, '', 0),
(89, 58, 14, '', 0),
(88, 58, 13, '', 0),
(87, 58, 12, '', 0),
(86, 58, 11, '', 0),
(115, 59, 25, '', 1),
(114, 59, 24, '', 0),
(113, 59, 23, '', 0),
(112, 59, 22, '', 0),
(111, 59, 21, '', 0),
(110, 59, 20, '', 0),
(109, 59, 19, '', 0),
(108, 59, 18, '', 0),
(107, 59, 17, '', 0),
(106, 59, 16, '', 0),
(105, 59, 15, '', 0),
(104, 59, 14, '', 0),
(103, 59, 13, '', 0),
(102, 59, 12, '', 0),
(101, 59, 11, '', 0),
(130, 60, 25, '', 1),
(129, 60, 24, '', 0),
(128, 60, 23, '', 0),
(127, 60, 22, '', 0),
(126, 60, 21, '', 0),
(125, 60, 20, '', 0),
(124, 60, 19, '', 0),
(123, 60, 18, '', 0),
(122, 60, 17, '', 0),
(121, 60, 16, '', 0),
(120, 60, 15, '', 0),
(119, 60, 14, '', 0),
(118, 60, 13, '', 0),
(117, 60, 12, '', 0),
(116, 60, 11, '', 0),
(145, 61, 25, '', 1),
(144, 61, 24, '', 0),
(143, 61, 23, '', 0),
(142, 61, 22, '', 0),
(141, 61, 21, '', 0),
(140, 61, 20, '', 0),
(139, 61, 19, '', 0),
(138, 61, 18, '', 0),
(137, 61, 17, '', 0),
(136, 61, 16, '', 0),
(135, 61, 15, '', 0),
(134, 61, 14, '', 0),
(133, 61, 13, '', 0),
(132, 61, 12, '', 0),
(131, 61, 11, '', 0),
(160, 62, 25, '', 1),
(159, 62, 24, '', 0),
(158, 62, 23, '', 0),
(157, 62, 22, '', 0),
(156, 62, 21, '', 0),
(155, 62, 20, '', 0),
(154, 62, 19, '', 0),
(153, 62, 18, '', 0),
(152, 62, 17, '', 0),
(151, 62, 16, '', 0),
(150, 62, 15, '', 0),
(149, 62, 14, '', 0),
(148, 62, 13, '', 0),
(147, 62, 12, '', 0),
(146, 62, 11, '', 0),
(161, 63, 1, '', 1),
(162, 63, 2, '', 1),
(163, 63, 26, '', 1),
(164, 63, 27, '', 1),
(179, 64, 25, '', 1),
(178, 64, 24, '', 0),
(177, 64, 23, '', 0),
(176, 64, 22, '', 0),
(175, 64, 21, '', 0),
(174, 64, 20, '', 0),
(173, 64, 19, '', 0),
(172, 64, 18, '', 0),
(171, 64, 17, '', 0),
(170, 64, 16, '', 0),
(169, 64, 15, '', 0),
(168, 64, 14, '', 0),
(167, 64, 13, '', 0),
(166, 64, 12, '', 0),
(165, 64, 11, '', 0),
(194, 65, 25, '', 1),
(193, 65, 24, '', 0),
(192, 65, 23, '', 0),
(191, 65, 22, '', 0),
(190, 65, 21, '', 0),
(189, 65, 20, '', 0),
(188, 65, 19, '', 0),
(187, 65, 18, '', 0),
(186, 65, 17, '', 0),
(185, 65, 16, '', 0),
(184, 65, 15, '', 0),
(183, 65, 14, '', 0),
(182, 65, 13, '', 0),
(181, 65, 12, '', 0),
(180, 65, 11, '', 0),
(209, 66, 25, '', 1),
(208, 66, 24, '', 0),
(207, 66, 23, '', 0),
(206, 66, 22, '', 0),
(205, 66, 21, '', 0),
(204, 66, 20, '', 0),
(203, 66, 19, '', 0),
(202, 66, 18, '', 0),
(201, 66, 17, '', 0),
(200, 66, 16, '', 0),
(199, 66, 15, '', 0),
(198, 66, 14, '', 0),
(197, 66, 13, '', 0),
(196, 66, 12, '', 0),
(195, 66, 11, '', 0),
(224, 67, 25, '', 1),
(223, 67, 24, '', 0),
(222, 67, 23, '', 0),
(221, 67, 22, '', 0),
(220, 67, 21, '', 0),
(219, 67, 20, '', 0),
(218, 67, 19, '', 0),
(217, 67, 18, '', 0),
(216, 67, 17, '', 0),
(215, 67, 16, '', 0),
(214, 67, 15, '', 0),
(213, 67, 14, '', 0),
(212, 67, 13, '', 0),
(211, 67, 12, '', 0),
(210, 67, 11, '', 0),
(239, 69, 25, '', 1),
(238, 69, 24, '', 0),
(237, 69, 23, '', 0),
(236, 69, 22, '', 0),
(235, 69, 21, '', 0),
(234, 69, 20, '', 0),
(233, 69, 19, '', 0),
(232, 69, 18, '', 0),
(231, 69, 17, '', 0),
(230, 69, 16, '', 0),
(229, 69, 15, '', 0),
(228, 69, 14, '', 0),
(227, 69, 13, '', 0),
(226, 69, 12, '', 0),
(225, 69, 11, '', 0),
(240, 70, 9, '', 1),
(241, 70, 28, '', 1),
(242, 71, 9, '', 1),
(243, 71, 28, '', 1),
(245, 72, 28, '', 1),
(244, 72, 9, '', 1),
(247, 73, 28, '', 1),
(246, 73, 9, '', 1),
(262, 74, 25, '', 1),
(261, 74, 24, '', 0),
(260, 74, 23, '', 0),
(259, 74, 22, '', 0),
(258, 74, 21, '', 0),
(257, 74, 20, '', 0),
(256, 74, 19, '', 0),
(255, 74, 18, '', 0),
(254, 74, 17, '', 0),
(253, 74, 16, '', 0),
(252, 74, 15, '', 0),
(251, 74, 14, '', 0),
(250, 74, 13, '', 0),
(249, 74, 12, '', 0),
(248, 74, 11, '', 0),
(277, 75, 25, '', 1),
(276, 75, 24, '', 0),
(275, 75, 23, '', 0),
(274, 75, 22, '', 0),
(273, 75, 21, '', 0),
(272, 75, 20, '', 0),
(271, 75, 19, '', 0),
(270, 75, 18, '', 0),
(269, 75, 17, '', 0),
(268, 75, 16, '', 0),
(267, 75, 15, '', 0),
(266, 75, 14, '', 0),
(265, 75, 13, '', 0),
(264, 75, 12, '', 0),
(263, 75, 11, '', 0),
(292, 76, 25, '', 1),
(291, 76, 24, '', 0),
(290, 76, 23, '', 0),
(289, 76, 22, '', 0),
(288, 76, 21, '', 0),
(287, 76, 20, '', 0),
(286, 76, 19, '', 0),
(285, 76, 18, '', 0),
(284, 76, 17, '', 0),
(283, 76, 16, '', 0),
(282, 76, 15, '', 0),
(281, 76, 14, '', 0),
(280, 76, 13, '', 0),
(279, 76, 12, '', 0),
(278, 76, 11, '', 0),
(293, 77, 1, '', 1),
(294, 77, 2, '', 1),
(295, 77, 3, '', 1),
(296, 77, 4, '', 1),
(297, 77, 5, '', 0),
(298, 77, 6, '', 1),
(299, 77, 7, '', 1),
(300, 77, 8, '', 0),
(301, 77, 9, '', 0),
(302, 77, 10, '', 1),
(317, 78, 25, '', 1),
(316, 78, 24, '', 0),
(315, 78, 23, '', 0),
(314, 78, 22, '', 0),
(313, 78, 21, '', 0),
(312, 78, 20, '', 0),
(311, 78, 19, '', 0),
(310, 78, 18, '', 0),
(309, 78, 17, '', 0),
(308, 78, 16, '', 0),
(307, 78, 15, '', 0),
(306, 78, 14, '', 0),
(305, 78, 13, '', 0),
(304, 78, 12, '', 0),
(303, 78, 11, '', 0),
(332, 79, 25, '', 1),
(331, 79, 24, '', 0),
(330, 79, 23, '', 0),
(329, 79, 22, '', 0),
(328, 79, 21, '', 0),
(327, 79, 20, '', 0),
(326, 79, 19, '', 0),
(325, 79, 18, '', 0),
(324, 79, 17, '', 0),
(323, 79, 16, '', 0),
(322, 79, 15, '', 0),
(321, 79, 14, '', 0),
(320, 79, 13, '', 0),
(319, 79, 12, '', 0),
(318, 79, 11, '', 0),
(347, 80, 25, '', 1),
(346, 80, 24, '', 0),
(345, 80, 23, '', 0),
(344, 80, 22, '', 0),
(343, 80, 21, '', 0),
(342, 80, 20, '', 0),
(341, 80, 19, '', 0),
(340, 80, 18, '', 0),
(339, 80, 17, '', 0),
(338, 80, 16, '', 0),
(337, 80, 15, '', 0),
(336, 80, 14, '', 0),
(335, 80, 13, '', 0),
(334, 80, 12, '', 0),
(333, 80, 11, '', 0),
(362, 81, 25, '', 1),
(361, 81, 24, '', 0),
(360, 81, 23, '', 0),
(359, 81, 22, '', 0),
(358, 81, 21, '', 0),
(357, 81, 20, '', 0),
(356, 81, 19, '', 0),
(355, 81, 18, '', 0),
(354, 81, 17, '', 0),
(353, 81, 16, '', 0),
(352, 81, 15, '', 0),
(351, 81, 14, '', 0),
(350, 81, 13, '', 0),
(349, 81, 12, '', 0),
(348, 81, 11, '', 0),
(377, 82, 25, '', 1),
(376, 82, 24, '', 0),
(375, 82, 23, '', 0),
(374, 82, 22, '', 0),
(373, 82, 21, '', 0),
(372, 82, 20, '', 0),
(371, 82, 19, '', 0),
(370, 82, 18, '', 0),
(369, 82, 17, '', 0),
(368, 82, 16, '', 0),
(367, 82, 15, '', 0),
(366, 82, 14, '', 0),
(365, 82, 13, '', 0),
(364, 82, 12, '', 0),
(363, 82, 11, '', 0),
(392, 83, 25, '', 1),
(391, 83, 24, '', 0),
(390, 83, 23, '', 0),
(389, 83, 22, '', 0),
(388, 83, 21, '', 0),
(387, 83, 20, '', 0),
(386, 83, 19, '', 0),
(385, 83, 18, '', 0),
(384, 83, 17, '', 0),
(383, 83, 16, '', 0),
(382, 83, 15, '', 0),
(381, 83, 14, '', 0),
(380, 83, 13, '', 0),
(379, 83, 12, '', 0),
(378, 83, 11, '', 0),
(393, 84, 9, '', 1),
(394, 85, 9, '', 1),
(395, 86, 1, '', 1),
(396, 86, 2, '', 1),
(397, 86, 26, '', 1),
(398, 86, 10, '', 1),
(399, 86, 27, '', 1),
(401, 87, 28, '', 1),
(400, 87, 9, '', 1),
(403, 88, 28, '', 1),
(402, 88, 9, '', 1),
(405, 89, 28, '', 1),
(404, 89, 9, '', 1),
(406, 90, 1, '', 1),
(407, 90, 2, '', 1),
(408, 90, 3, '', 1),
(409, 90, 4, '', 1),
(410, 90, 5, '', 0),
(411, 90, 6, '', 1),
(412, 90, 7, '', 1),
(413, 90, 8, '', 0),
(414, 90, 9, '', 0),
(415, 91, 1, '', 1),
(416, 91, 2, '', 1),
(417, 91, 3, '', 1),
(418, 91, 4, '', 1),
(419, 91, 5, '', 0),
(420, 91, 6, '', 1),
(421, 91, 7, '', 1),
(422, 91, 8, '', 0),
(423, 91, 9, '', 0),
(424, 92, 1, '', 1),
(425, 92, 2, '', 1),
(426, 92, 3, '', 1),
(427, 92, 4, '', 1),
(428, 92, 5, '', 0),
(429, 92, 6, '', 1),
(430, 92, 7, '', 1),
(431, 92, 8, '', 0),
(432, 92, 9, '', 0),
(433, 93, 9, '', 1),
(434, 93, 10, '', 1),
(449, 94, 25, '', 1),
(448, 94, 24, '', 0),
(447, 94, 23, '', 0),
(446, 94, 22, '', 0),
(445, 94, 21, '', 0),
(444, 94, 20, '', 0),
(443, 94, 19, '', 0),
(442, 94, 18, '', 0),
(441, 94, 17, '', 0),
(440, 94, 16, '', 0),
(439, 94, 15, '', 0),
(438, 94, 14, '', 0),
(437, 94, 13, '', 0),
(436, 94, 12, '', 0),
(435, 94, 11, '', 0),
(451, 96, 28, '', 1),
(450, 96, 9, '', 1),
(453, 97, 28, '', 1),
(452, 97, 9, '', 1),
(455, 98, 28, '', 1),
(454, 98, 9, '', 1),
(470, 99, 25, '', 1),
(469, 99, 24, '', 0),
(468, 99, 23, '', 0),
(467, 99, 22, '', 0),
(466, 99, 21, '', 0),
(465, 99, 20, '', 0),
(464, 99, 19, '', 0),
(463, 99, 18, '', 0),
(462, 99, 17, '', 0),
(461, 99, 16, '', 0),
(460, 99, 15, '', 0),
(459, 99, 14, '', 0),
(458, 99, 13, '', 0),
(457, 99, 12, '', 0),
(456, 99, 11, '', 0),
(485, 100, 25, '', 1),
(484, 100, 24, '', 0),
(483, 100, 23, '', 0),
(482, 100, 22, '', 0),
(481, 100, 21, '', 0),
(480, 100, 20, '', 0),
(479, 100, 19, '', 0),
(478, 100, 18, '', 0),
(477, 100, 17, '', 0),
(476, 100, 16, '', 0),
(475, 100, 15, '', 0),
(474, 100, 14, '', 0),
(473, 100, 13, '', 0),
(472, 100, 12, '', 0),
(471, 100, 11, '', 0),
(487, 101, 25, '', 1),
(486, 101, 9, '', 1),
(489, 102, 25, '', 1),
(488, 102, 9, '', 1),
(504, 103, 25, '', 1),
(503, 103, 24, '', 0),
(502, 103, 23, '', 0),
(501, 103, 22, '', 0),
(500, 103, 21, '', 0),
(499, 103, 20, '', 0),
(498, 103, 19, '', 0),
(497, 103, 18, '', 0),
(496, 103, 17, '', 0),
(495, 103, 16, '', 0),
(494, 103, 15, '', 0),
(493, 103, 14, '', 0),
(492, 103, 13, '', 0),
(491, 103, 12, '', 0),
(490, 103, 11, '', 0),
(519, 104, 25, '', 1),
(518, 104, 24, '', 0),
(517, 104, 23, '', 0),
(516, 104, 22, '', 0),
(515, 104, 21, '', 0),
(514, 104, 20, '', 0),
(513, 104, 19, '', 0),
(512, 104, 18, '', 0),
(511, 104, 17, '', 0),
(510, 104, 16, '', 0),
(509, 104, 15, '', 0),
(508, 104, 14, '', 0),
(507, 104, 13, '', 0),
(506, 104, 12, '', 0),
(505, 104, 11, '', 0),
(534, 105, 25, '', 1),
(533, 105, 24, '', 0),
(532, 105, 23, '', 0),
(531, 105, 22, '', 0),
(530, 105, 21, '', 0),
(529, 105, 20, '', 0),
(528, 105, 19, '', 0),
(527, 105, 18, '', 0),
(526, 105, 17, '', 0),
(525, 105, 16, '', 0),
(524, 105, 15, '', 0),
(523, 105, 14, '', 0),
(522, 105, 13, '', 0),
(521, 105, 12, '', 0),
(520, 105, 11, '', 0),
(549, 106, 25, '', 1),
(548, 106, 24, '', 0),
(547, 106, 23, '', 0),
(546, 106, 22, '', 0),
(545, 106, 21, '', 0),
(544, 106, 20, '', 0),
(543, 106, 19, '', 0),
(542, 106, 18, '', 0),
(541, 106, 17, '', 0),
(540, 106, 16, '', 0),
(539, 106, 15, '', 0),
(538, 106, 14, '', 0),
(537, 106, 13, '', 0),
(536, 106, 12, '', 0),
(535, 106, 11, '', 0),
(564, 107, 25, '', 1),
(563, 107, 24, '', 0),
(562, 107, 23, '', 0),
(561, 107, 22, '', 0),
(560, 107, 21, '', 0),
(559, 107, 20, '', 0),
(558, 107, 19, '', 0),
(557, 107, 18, '', 0),
(556, 107, 17, '', 0),
(555, 107, 16, '', 0),
(554, 107, 15, '', 0),
(553, 107, 14, '', 0),
(552, 107, 13, '', 0),
(551, 107, 12, '', 0),
(550, 107, 11, '', 0),
(579, 108, 25, '', 1),
(578, 108, 24, '', 0),
(577, 108, 23, '', 0),
(576, 108, 22, '', 0),
(575, 108, 21, '', 0),
(574, 108, 20, '', 0),
(573, 108, 19, '', 0),
(572, 108, 18, '', 0),
(571, 108, 17, '', 0),
(570, 108, 16, '', 0),
(569, 108, 15, '', 0),
(568, 108, 14, '', 0),
(567, 108, 13, '', 0),
(566, 108, 12, '', 0),
(565, 108, 11, '', 0),
(594, 109, 25, '', 1),
(593, 109, 24, '', 0),
(592, 109, 23, '', 0),
(591, 109, 22, '', 0),
(590, 109, 21, '', 0),
(589, 109, 20, '', 0),
(588, 109, 19, '', 0),
(587, 109, 18, '', 0),
(586, 109, 17, '', 0),
(585, 109, 16, '', 0),
(584, 109, 15, '', 0),
(583, 109, 14, '', 0),
(582, 109, 13, '', 0),
(581, 109, 12, '', 0),
(580, 109, 11, '', 0),
(609, 110, 25, '', 1),
(608, 110, 24, '', 0),
(607, 110, 23, '', 0),
(606, 110, 22, '', 0),
(605, 110, 21, '', 0),
(604, 110, 20, '', 0),
(603, 110, 19, '', 0),
(602, 110, 18, '', 0),
(601, 110, 17, '', 0),
(600, 110, 16, '', 0),
(599, 110, 15, '', 0),
(598, 110, 14, '', 0),
(597, 110, 13, '', 0),
(596, 110, 12, '', 0),
(595, 110, 11, '', 0),
(624, 111, 25, '', 1),
(623, 111, 24, '', 0),
(622, 111, 23, '', 0),
(621, 111, 22, '', 0),
(620, 111, 21, '', 0),
(619, 111, 20, '', 0),
(618, 111, 19, '', 0),
(617, 111, 18, '', 0),
(616, 111, 17, '', 0),
(615, 111, 16, '', 0),
(614, 111, 15, '', 0),
(613, 111, 14, '', 0),
(612, 111, 13, '', 0),
(611, 111, 12, '', 0),
(610, 111, 11, '', 0),
(639, 112, 25, '', 1),
(638, 112, 24, '', 0),
(637, 112, 23, '', 0),
(636, 112, 22, '', 0),
(635, 112, 21, '', 0),
(634, 112, 20, '', 0),
(633, 112, 19, '', 0),
(632, 112, 18, '', 0),
(631, 112, 17, '', 0),
(630, 112, 16, '', 0),
(629, 112, 15, '', 0),
(628, 112, 14, '', 0),
(627, 112, 13, '', 0),
(626, 112, 12, '', 0),
(625, 112, 11, '', 0),
(654, 113, 25, '', 1),
(653, 113, 24, '', 0),
(652, 113, 23, '', 0),
(651, 113, 22, '', 0),
(650, 113, 21, '', 0),
(649, 113, 20, '', 0),
(648, 113, 19, '', 0),
(647, 113, 18, '', 0),
(646, 113, 17, '', 0),
(645, 113, 16, '', 0),
(644, 113, 15, '', 0),
(643, 113, 14, '', 0),
(642, 113, 13, '', 0),
(641, 113, 12, '', 0),
(640, 113, 11, '', 0),
(669, 114, 25, '', 1),
(668, 114, 24, '', 0),
(667, 114, 23, '', 0),
(666, 114, 22, '', 0),
(665, 114, 21, '', 0),
(664, 114, 20, '', 0),
(663, 114, 19, '', 0),
(662, 114, 18, '', 0),
(661, 114, 17, '', 0),
(660, 114, 16, '', 0),
(659, 114, 15, '', 0),
(658, 114, 14, '', 0),
(657, 114, 13, '', 0),
(656, 114, 12, '', 0),
(655, 114, 11, '', 0),
(670, 115, 1, '', 1),
(685, 116, 25, '', 1),
(684, 116, 24, '', 0),
(683, 116, 23, '', 0),
(682, 116, 22, '', 0),
(681, 116, 21, '', 0),
(680, 116, 20, '', 0),
(679, 116, 19, '', 0),
(678, 116, 18, '', 0),
(677, 116, 17, '', 0),
(676, 116, 16, '', 0),
(675, 116, 15, '', 0),
(674, 116, 14, '', 0),
(673, 116, 13, '', 0),
(672, 116, 12, '', 0),
(671, 116, 11, '', 0),
(700, 117, 25, '', 1),
(699, 117, 24, '', 0),
(698, 117, 23, '', 0),
(697, 117, 22, '', 0),
(696, 117, 21, '', 0),
(695, 117, 20, '', 0),
(694, 117, 19, '', 0),
(693, 117, 18, '', 0),
(692, 117, 17, '', 0),
(691, 117, 16, '', 0),
(690, 117, 15, '', 0),
(689, 117, 14, '', 0),
(688, 117, 13, '', 0),
(687, 117, 12, '', 0),
(686, 117, 11, '', 0),
(715, 118, 25, '', 1),
(714, 118, 24, '', 0),
(713, 118, 23, '', 0),
(712, 118, 22, '', 0),
(711, 118, 21, '', 0),
(710, 118, 20, '', 0),
(709, 118, 19, '', 0),
(708, 118, 18, '', 0),
(707, 118, 17, '', 0),
(706, 118, 16, '', 0),
(705, 118, 15, '', 0),
(704, 118, 14, '', 0),
(703, 118, 13, '', 0),
(702, 118, 12, '', 0),
(701, 118, 11, '', 0),
(730, 119, 25, '', 1),
(729, 119, 24, '', 0),
(728, 119, 23, '', 0),
(727, 119, 22, '', 0),
(726, 119, 21, '', 0),
(725, 119, 20, '', 0),
(724, 119, 19, '', 0),
(723, 119, 18, '', 0),
(722, 119, 17, '', 0),
(721, 119, 16, '', 0),
(720, 119, 15, '', 0),
(719, 119, 14, '', 0),
(718, 119, 13, '', 0),
(717, 119, 12, '', 0),
(716, 119, 11, '', 0),
(745, 120, 25, '', 1),
(744, 120, 24, '', 0),
(743, 120, 23, '', 0),
(742, 120, 22, '', 0),
(741, 120, 21, '', 0),
(740, 120, 20, '', 0),
(739, 120, 19, '', 0),
(738, 120, 18, '', 0),
(737, 120, 17, '', 0),
(736, 120, 16, '', 0),
(735, 120, 15, '', 0),
(734, 120, 14, '', 0),
(733, 120, 13, '', 0),
(732, 120, 12, '', 0),
(731, 120, 11, '', 0),
(746, 121, 9, '', 1),
(747, 121, 28, '', 1);

-- --------------------------------------------------------

--
-- Table structure for table`pve_product_option_value`
--

CREATE TABLE `pve_product_option_value` (
  `product_option_value_id` int(11) NOT NULL AUTO_INCREMENT,
  `product_option_id` int(11) NOT NULL,
  `product_id` int(11) NOT NULL,
  `option_id` int(11) NOT NULL,
  `option_value_id` int(11) NOT NULL,
  `quantity` int(3) NOT NULL,
  `subtract` tinyint(1) NOT NULL,
  `price` decimal(15,4) NOT NULL,
  `price_prefix` varchar(1) COLLATE utf8_bin NOT NULL,
  `points` int(8) NOT NULL,
  `points_prefix` varchar(1) COLLATE utf8_bin NOT NULL,
  `weight` decimal(15,8) NOT NULL,
  `weight_prefix` varchar(1) COLLATE utf8_bin NOT NULL,
  PRIMARY KEY (`product_option_value_id`)
) ENGINE=MyISAM  DEFAULT CHARSET=utf8 COLLATE=utf8_bin AUTO_INCREMENT=270 ;

--
-- Dumping data for table 'pve_product_option_value'
--

INSERT INTO `pve_product_option_value` VALUES
(1, 1, 50, 1, 1, 99999, 0, '0.0000', '+', 0, '+', '0.00000000', '+'),
(2, 1, 50, 1, 2, 9999, 0, '2.0000', '+', 0, '+', '0.00000000', '+'),
(3, 1, 50, 1, 3, 99999, 0, '4.0000', '+', 0, '+', '0.00000000', '+'),
(4, 1, 50, 1, 4, 999999, 0, '10.0000', '+', 0, '+', '0.00000000', '+'),
(5, 1, 50, 1, 5, 9999, 0, '45.0000', '+', 0, '+', '0.00000000', '+'),
(6, 2, 50, 2, 6, 9999, 0, '0.0000', '+', 0, '+', '0.00000000', '+'),
(7, 2, 50, 2, 7, 99999, 0, '5.0000', '+', 0, '+', '0.00000000', '+'),
(260, 700, 117, 25, 23, 999999, 1, '0.0600', '+', 0, '+', '0.00000000', '+'),
(247, 25, 53, 25, 23, 999999, 1, '0.0600', '+', 0, '+', '0.00000000', '+'),
(9, 25, 53, 25, 9, 9999, 1, '0.0000', '+', 0, '+', '0.00000000', '+'),
(259, 700, 117, 25, 9, 9999, 1, '0.0000', '+', 0, '+', '0.00000000', '+'),
(12, 40, 54, 25, 9, 9999, 1, '0.0000', '+', 0, '+', '0.00000000', '+'),
(248, 40, 54, 25, 23, 999999, 1, '0.0600', '+', 0, '+', '0.00000000', '+'),
(15, 55, 55, 25, 9, 9999, 1, '0.0000', '+', 0, '+', '0.00000000', '+'),
(221, 55, 55, 25, 23, 999999, 1, '0.0600', '+', 0, '+', '0.00000000', '+'),
(222, 70, 56, 25, 23, 999999, 1, '0.0600', '+', 0, '+', '0.00000000', '+'),
(18, 70, 56, 25, 9, 9999, 1, '0.0000', '+', 0, '+', '0.00000000', '+'),
(258, 685, 116, 25, 23, 999999, 1, '0.0600', '+', 0, '+', '0.00000000', '+'),
(249, 85, 57, 25, 23, 999999, 1, '0.0600', '+', 0, '+', '0.00000000', '+'),
(21, 85, 57, 25, 9, 9999, 1, '0.0000', '+', 0, '+', '0.00000000', '+'),
(255, 670, 115, 1, 4, 9999, 1, '85.0000', '+', 0, '+', '0.00000000', '+'),
(24, 100, 58, 25, 9, 9999, 1, '0.0000', '+', 0, '+', '0.00000000', '+'),
(251, 100, 58, 25, 23, 999999, 1, '0.0600', '+', 0, '+', '0.00000000', '+'),
(27, 115, 59, 25, 9, 9999, 1, '0.0000', '+', 0, '+', '0.00000000', '+'),
(223, 115, 59, 25, 23, 999999, 1, '0.0600', '+', 0, '+', '0.00000000', '+'),
(30, 130, 60, 25, 9, 9999, 1, '0.0000', '+', 0, '+', '0.00000000', '+'),
(224, 130, 60, 25, 23, 999999, 1, '0.0600', '+', 0, '+', '0.00000000', '+'),
(33, 145, 61, 25, 9, 9999, 1, '0.0000', '+', 0, '+', '0.00000000', '+'),
(225, 145, 61, 25, 23, 999999, 1, '0.0600', '+', 0, '+', '0.00000000', '+'),
(226, 160, 62, 25, 23, 99999, 1, '0.0600', '+', 0, '+', '0.00000000', '+'),
(36, 160, 62, 25, 9, 9999, 1, '0.0000', '+', 0, '+', '0.00000000', '+'),
(38, 161, 63, 1, 1, 9999, 1, '0.0000', '+', 0, '+', '0.00000000', '+'),
(39, 161, 63, 1, 2, 9999, 1, '2.0000', '+', 0, '+', '0.00000000', '+'),
(40, 162, 63, 2, 6, 9999, 0, '0.0000', '+', 0, '+', '0.00000000', '+'),
(41, 162, 63, 2, 7, 9999, 0, '5.0000', '+', 0, '+', '0.00000000', '+'),
(42, 163, 63, 26, 11, 999999, 0, '0.0000', '+', 0, '+', '0.00000000', '+'),
(43, 163, 63, 26, 12, 99999, 0, '12.0000', '+', 0, '+', '0.00000000', '+'),
(44, 163, 63, 26, 13, 99999, 0, '12.0000', '+', 0, '+', '0.00000000', '+'),
(45, 163, 63, 26, 14, 99999, 0, '12.0000', '+', 0, '+', '0.00000000', '+'),
(46, 163, 63, 26, 15, 99999, 0, '12.0000', '+', 0, '+', '0.00000000', '+'),
(47, 164, 63, 27, 16, 99999, 0, '0.0000', '+', 0, '+', '0.00000000', '+'),
(48, 164, 63, 27, 17, 99999, 0, '10.0000', '+', 0, '+', '0.00000000', '+'),
(49, 164, 63, 27, 18, 99999, 0, '10.0000', '+', 0, '+', '0.00000000', '+'),
(51, 179, 64, 25, 9, 9999, 1, '0.0000', '+', 0, '+', '0.00000000', '+'),
(234, 179, 64, 25, 23, 999999, 1, '0.0600', '+', 0, '+', '0.00000000', '+'),
(54, 194, 65, 25, 9, 9999, 1, '0.0000', '+', 0, '+', '0.00000000', '+'),
(233, 194, 65, 25, 23, 999999, 1, '0.0600', '+', 0, '+', '0.00000000', '+'),
(57, 209, 66, 25, 9, 9999, 1, '0.0000', '+', 0, '+', '0.00000000', '+'),
(217, 209, 66, 25, 23, 999999, 1, '0.0600', '+', 0, '+', '0.00000000', '+'),
(218, 224, 67, 25, 23, 999999, 1, '0.0600', '+', 0, '+', '0.00000000', '+'),
(60, 224, 67, 25, 9, 9999, 1, '0.0000', '+', 0, '+', '0.00000000', '+'),
(262, 715, 118, 25, 23, 999999, 1, '0.0600', '+', 0, '+', '0.00000000', '+'),
(245, 239, 69, 25, 23, 999999, 1, '0.0600', '+', 0, '+', '0.00000000', '+'),
(63, 239, 69, 25, 9, 9999, 1, '0.0000', '+', 0, '+', '0.00000000', '+'),
(65, 241, 70, 28, 19, 9999, 0, '0.0000', '+', 0, '+', '0.00000000', '+'),
(66, 241, 70, 28, 20, 9999, 0, '20.0000', '+', 0, '+', '0.00000000', '+'),
(67, 241, 70, 28, 21, 9999, 0, '0.0000', '+', 0, '+', '0.00000000', '+'),
(68, 243, 71, 28, 19, 9999, 0, '0.0000', '+', 0, '+', '0.00000000', '+'),
(69, 243, 71, 28, 20, 9999, 0, '20.0000', '+', 0, '+', '0.00000000', '+'),
(70, 243, 71, 28, 21, 9999, 0, '0.0000', '+', 0, '+', '0.00000000', '+'),
(73, 245, 72, 28, 21, 9999, 0, '0.0000', '+', 0, '+', '0.00000000', '+'),
(72, 245, 72, 28, 20, 9999, 0, '20.0000', '+', 0, '+', '0.00000000', '+'),
(71, 245, 72, 28, 19, 9999, 0, '0.0000', '+', 0, '+', '0.00000000', '+'),
(76, 247, 73, 28, 21, 9999, 0, '0.0000', '+', 0, '+', '0.00000000', '+'),
(75, 247, 73, 28, 20, 9999, 0, '20.0000', '+', 0, '+', '0.00000000', '+'),
(74, 247, 73, 28, 19, 9999, 0, '0.0000', '+', 0, '+', '0.00000000', '+'),
(261, 715, 118, 25, 9, 9999, 1, '0.0000', '+', 0, '+', '0.00000000', '+'),
(78, 262, 74, 25, 9, 9999, 1, '0.0000', '+', 0, '+', '0.00000000', '+'),
(246, 262, 74, 25, 23, 999999, 1, '0.0600', '+', 0, '+', '0.00000000', '+'),
(81, 277, 75, 25, 9, 9999, 1, '0.0000', '+', 0, '+', '0.00000000', '+'),
(228, 277, 75, 25, 23, 99999, 1, '0.0600', '+', 0, '+', '0.00000000', '+'),
(227, 292, 76, 25, 23, 99999, 1, '0.0600', '+', 0, '+', '0.00000000', '+'),
(84, 292, 76, 25, 9, 9999, 1, '0.0000', '+', 0, '+', '0.00000000', '+'),
(86, 293, 77, 1, 1, 99999, 0, '0.0000', '+', 0, '+', '0.00000000', '+'),
(87, 293, 77, 1, 2, 9999, 0, '2.0000', '+', 0, '+', '0.00000000', '+'),
(88, 293, 77, 1, 3, 99999, 0, '4.0000', '+', 0, '+', '0.00000000', '+'),
(89, 293, 77, 1, 4, 999999, 0, '10.0000', '+', 0, '+', '0.00000000', '+'),
(90, 293, 77, 1, 5, 9999, 0, '45.0000', '+', 0, '+', '0.00000000', '+'),
(91, 294, 77, 2, 6, 9999, 0, '0.0000', '+', 0, '+', '0.00000000', '+'),
(92, 294, 77, 2, 7, 99999, 0, '5.0000', '+', 0, '+', '0.00000000', '+'),
(269, 747, 121, 28, 21, 9999, 0, '0.0000', '+', 0, '+', '0.00000000', '+'),
(268, 747, 121, 28, 20, 9999, 0, '20.0000', '+', 0, '+', '0.00000000', '+'),
(94, 317, 78, 25, 9, 9999, 1, '0.0000', '+', 0, '+', '0.00000000', '+'),
(257, 685, 116, 25, 9, 9999, 1, '0.0000', '+', 0, '+', '0.00000000', '+'),
(97, 332, 79, 25, 9, 9999, 1, '0.0000', '+', 0, '+', '0.00000000', '+'),
(250, 332, 79, 25, 23, 999999, 1, '0.0600', '+', 0, '+', '0.00000000', '+'),
(100, 347, 80, 25, 9, 9999, 1, '0.0000', '+', 0, '+', '0.00000000', '+'),
(232, 347, 80, 25, 23, 999999, 1, '0.0600', '+', 0, '+', '0.00000000', '+'),
(103, 362, 81, 25, 9, 9999, 1, '0.0000', '+', 0, '+', '0.00000000', '+'),
(230, 362, 81, 25, 23, 999999, 1, '0.0600', '+', 0, '+', '0.00000000', '+'),
(106, 377, 82, 25, 9, 9999, 1, '0.0000', '+', 0, '+', '0.00000000', '+'),
(241, 377, 82, 25, 23, 99999, 1, '0.0600', '+', 0, '+', '0.00000000', '+'),
(235, 392, 83, 25, 23, 999999, 1, '0.0600', '+', 0, '+', '0.00000000', '+'),
(109, 392, 83, 25, 9, 9999, 1, '0.0000', '+', 0, '+', '0.00000000', '+'),
(111, 395, 86, 1, 1, 9999, 1, '0.0000', '+', 0, '+', '0.00000000', '+'),
(112, 395, 86, 1, 2, 9999, 1, '2.0000', '+', 0, '+', '0.00000000', '+'),
(113, 396, 86, 2, 6, 9999, 0, '0.0000', '+', 0, '+', '0.00000000', '+'),
(114, 396, 86, 2, 7, 9999, 0, '5.0000', '+', 0, '+', '0.00000000', '+'),
(115, 397, 86, 26, 11, 999999, 0, '0.0000', '+', 0, '+', '0.00000000', '+'),
(116, 397, 86, 26, 12, 99999, 0, '12.0000', '+', 0, '+', '0.00000000', '+'),
(117, 397, 86, 26, 13, 99999, 0, '12.0000', '+', 0, '+', '0.00000000', '+'),
(118, 397, 86, 26, 14, 99999, 0, '12.0000', '+', 0, '+', '0.00000000', '+'),
(119, 397, 86, 26, 15, 99999, 0, '12.0000', '+', 0, '+', '0.00000000', '+'),
(120, 399, 86, 27, 16, 99999, 0, '0.0000', '+', 0, '+', '0.00000000', '+'),
(121, 399, 86, 27, 17, 99999, 0, '10.0000', '+', 0, '+', '0.00000000', '+'),
(122, 399, 86, 27, 18, 99999, 0, '10.0000', '+', 0, '+', '0.00000000', '+'),
(125, 401, 87, 28, 21, 9999, 0, '0.0000', '+', 0, '+', '0.00000000', '+'),
(124, 401, 87, 28, 20, 9999, 0, '20.0000', '+', 0, '+', '0.00000000', '+'),
(123, 401, 87, 28, 19, 9999, 0, '0.0000', '+', 0, '+', '0.00000000', '+'),
(128, 403, 88, 28, 21, 9999, 0, '0.0000', '+', 0, '+', '0.00000000', '+'),
(127, 403, 88, 28, 20, 9999, 0, '20.0000', '+', 0, '+', '0.00000000', '+'),
(126, 403, 88, 28, 19, 9999, 0, '0.0000', '+', 0, '+', '0.00000000', '+'),
(131, 405, 89, 28, 21, 9999, 0, '0.0000', '+', 0, '+', '0.00000000', '+'),
(130, 405, 89, 28, 20, 9999, 0, '20.0000', '+', 0, '+', '0.00000000', '+'),
(129, 405, 89, 28, 19, 9999, 0, '0.0000', '+', 0, '+', '0.00000000', '+'),
(132, 406, 90, 1, 1, 99999, 0, '0.0000', '+', 0, '+', '0.00000000', '+'),
(133, 406, 90, 1, 2, 9999, 0, '2.0000', '+', 0, '+', '0.00000000', '+'),
(134, 406, 90, 1, 3, 99999, 0, '4.0000', '+', 0, '+', '0.00000000', '+'),
(135, 406, 90, 1, 4, 999999, 0, '10.0000', '+', 0, '+', '0.00000000', '+'),
(136, 406, 90, 1, 5, 9999, 0, '45.0000', '+', 0, '+', '0.00000000', '+'),
(137, 407, 90, 2, 6, 9999, 0, '0.0000', '+', 0, '+', '0.00000000', '+'),
(138, 407, 90, 2, 7, 99999, 0, '5.0000', '+', 0, '+', '0.00000000', '+'),
(139, 415, 91, 1, 1, 99999, 0, '0.0000', '+', 0, '+', '0.00000000', '+'),
(140, 415, 91, 1, 2, 9999, 0, '2.0000', '+', 0, '+', '0.00000000', '+'),
(141, 415, 91, 1, 3, 99999, 0, '4.0000', '+', 0, '+', '0.00000000', '+'),
(142, 415, 91, 1, 4, 999999, 0, '10.0000', '+', 0, '+', '0.00000000', '+'),
(143, 415, 91, 1, 5, 9999, 0, '45.0000', '+', 0, '+', '0.00000000', '+'),
(144, 416, 91, 2, 6, 9999, 0, '0.0000', '+', 0, '+', '0.00000000', '+'),
(145, 416, 91, 2, 7, 99999, 0, '5.0000', '+', 0, '+', '0.00000000', '+'),
(146, 424, 92, 1, 1, 99999, 0, '0.0000', '+', 0, '+', '0.00000000', '+'),
(147, 424, 92, 1, 2, 9999, 0, '2.0000', '+', 0, '+', '0.00000000', '+'),
(148, 424, 92, 1, 3, 99999, 0, '4.0000', '+', 0, '+', '0.00000000', '+'),
(149, 424, 92, 1, 4, 999999, 0, '10.0000', '+', 0, '+', '0.00000000', '+'),
(150, 424, 92, 1, 5, 9999, 0, '45.0000', '+', 0, '+', '0.00000000', '+'),
(151, 425, 92, 2, 6, 9999, 0, '0.0000', '+', 0, '+', '0.00000000', '+'),
(152, 425, 92, 2, 7, 99999, 0, '5.0000', '+', 0, '+', '0.00000000', '+'),
(231, 449, 94, 25, 23, 999999, 1, '0.0600', '+', 0, '+', '0.00000000', '+'),
(154, 449, 94, 25, 9, 9999, 1, '0.0000', '+', 0, '+', '0.00000000', '+'),
(158, 451, 96, 28, 21, 9999, 0, '0.0000', '+', 0, '+', '0.00000000', '+'),
(157, 451, 96, 28, 20, 9999, 0, '20.0000', '+', 0, '+', '0.00000000', '+'),
(156, 451, 96, 28, 19, 9999, 0, '0.0000', '+', 0, '+', '0.00000000', '+'),
(161, 453, 97, 28, 21, 9999, 0, '0.0000', '+', 0, '+', '0.00000000', '+'),
(160, 453, 97, 28, 20, 9999, 0, '20.0000', '+', 0, '+', '0.00000000', '+'),
(159, 453, 97, 28, 19, 9999, 0, '0.0000', '+', 0, '+', '0.00000000', '+'),
(164, 455, 98, 28, 21, 9999, 0, '0.0000', '+', 0, '+', '0.00000000', '+'),
(163, 455, 98, 28, 20, 9999, 0, '20.0000', '+', 0, '+', '0.00000000', '+'),
(162, 455, 98, 28, 19, 9999, 0, '0.0000', '+', 0, '+', '0.00000000', '+'),
(264, 730, 119, 25, 23, 999999, 1, '0.0600', '+', 0, '+', '0.00000000', '+'),
(263, 730, 119, 25, 9, 9999, 1, '0.0000', '+', 0, '+', '0.00000000', '+'),
(267, 747, 121, 28, 19, 9999, 0, '0.0000', '+', 0, '+', '0.00000000', '+'),
(166, 470, 99, 25, 9, 9999, 1, '0.0000', '+', 0, '+', '0.00000000', '+'),
(244, 470, 99, 25, 23, 999999, 1, '0.0600', '+', 0, '+', '0.00000000', '+'),
(169, 485, 100, 25, 9, 9999, 1, '0.0000', '+', 0, '+', '0.00000000', '+'),
(238, 485, 100, 25, 23, 999999, 1, '0.0600', '+', 0, '+', '0.00000000', '+'),
(216, 487, 101, 25, 23, 9999999, 1, '0.0600', '+', 0, '+', '0.00000000', '+'),
(172, 487, 101, 25, 9, 9999, 1, '0.0000', '+', 0, '+', '0.00000000', '+'),
(179, 489, 102, 25, 23, 999999, 1, '0.0600', '+', 0, '+', '0.00000000', '+'),
(176, 489, 102, 25, 9, 9999, 1, '0.0000', '+', 0, '+', '0.00000000', '+'),
(254, 670, 115, 1, 1, 99998, 1, '10.0000', '+', 0, '+', '0.00000000', '+'),
(252, 504, 103, 25, 23, 999999, 1, '0.0600', '+', 0, '+', '0.00000000', '+'),
(181, 504, 103, 25, 9, 9999, 1, '0.0000', '+', 0, '+', '0.00000000', '+'),
(256, 670, 115, 1, 49, 99999, 1, '0.0000', '+', 0, '+', '0.00000000', '+'),
(184, 519, 104, 25, 9, 9999, 1, '0.0000', '+', 0, '+', '0.00000000', '+'),
(253, 519, 104, 25, 23, 999999, 1, '0.0600', '+', 0, '+', '0.00000000', '+'),
(187, 534, 105, 25, 9, 9999, 1, '0.0000', '+', 0, '+', '0.00000000', '+'),
(220, 534, 105, 25, 23, 999999, 1, '0.0600', '+', 0, '+', '0.00000000', '+'),
(190, 549, 106, 25, 9, 9999, 1, '0.0000', '+', 0, '+', '0.00000000', '+'),
(219, 549, 106, 25, 23, 999999, 1, '0.0600', '+', 0, '+', '0.00000000', '+'),
(193, 564, 107, 25, 9, 9999, 1, '0.0000', '+', 0, '+', '0.00000000', '+'),
(237, 564, 107, 25, 23, 999999, 1, '0.0600', '+', 0, '+', '0.00000000', '+'),
(240, 579, 108, 25, 23, 999999, 1, '0.0600', '+', 0, '+', '0.00000000', '+'),
(196, 579, 108, 25, 9, 9999, 1, '0.0000', '+', 0, '+', '0.00000000', '+'),
(266, 745, 120, 25, 23, 999999, 1, '0.0600', '+', 0, '+', '0.00000000', '+'),
(199, 594, 109, 25, 9, 9999, 1, '0.0000', '+', 0, '+', '0.00000000', '+'),
(243, 594, 109, 25, 23, 999999, 1, '0.0600', '+', 0, '+', '0.00000000', '+'),
(202, 609, 110, 25, 9, 9999, 1, '0.0000', '+', 0, '+', '0.00000000', '+'),
(236, 609, 110, 25, 23, 99999, 1, '0.0600', '+', 0, '+', '0.00000000', '+'),
(205, 624, 111, 25, 9, 9999, 1, '0.0000', '+', 0, '+', '0.00000000', '+'),
(239, 624, 111, 25, 23, 999999, 1, '0.0600', '+', 0, '+', '0.00000000', '+'),
(265, 745, 120, 25, 9, 9999, 1, '0.0000', '+', 0, '+', '0.00000000', '+'),
(242, 639, 112, 25, 23, 999999, 1, '0.0600', '+', 0, '+', '0.00000000', '+'),
(208, 639, 112, 25, 9, 9999, 1, '0.0000', '+', 0, '+', '0.00000000', '+'),
(229, 654, 113, 25, 23, 99999, 1, '0.0600', '+', 0, '+', '0.00000000', '+'),
(211, 654, 113, 25, 9, 9999, 1, '0.0000', '+', 0, '+', '0.00000000', '+'),
(214, 669, 114, 25, 9, 9999, 1, '0.0600', '+', 0, '+', '0.00000000', '+');

-- --------------------------------------------------------

--
-- Table structure for table`pve_product_related`
--

CREATE TABLE `pve_product_related` (
  `product_id` int(11) NOT NULL,
  `related_id` int(11) NOT NULL,
  PRIMARY KEY (`product_id`,`related_id`)
) ENGINE=MyISAM DEFAULT CHARSET=utf8 COLLATE=utf8_bin;

--
-- Dumping data for table 'pve_product_related'
--

INSERT INTO `pve_product_related` VALUES
(81, 94),
(81, 116),
(81, 117),
(81, 118),
(81, 119),
(81, 120),
(94, 81),
(94, 99),
(99, 94),
(99, 116),
(99, 117),
(99, 118),
(99, 119),
(99, 120),
(116, 81),
(116, 99),
(117, 81),
(117, 99),
(118, 81),
(118, 99),
(119, 81),
(119, 99),
(120, 81),
(120, 99);

-- --------------------------------------------------------

--
-- Table structure for table`pve_product_reward`
--

CREATE TABLE `pve_product_reward` (
  `product_reward_id` int(11) NOT NULL AUTO_INCREMENT,
  `product_id` int(11) NOT NULL DEFAULT '0',
  `customer_group_id` int(11) NOT NULL DEFAULT '0',
  `points` int(8) NOT NULL DEFAULT '0',
  PRIMARY KEY (`product_reward_id`)
) ENGINE=MyISAM  DEFAULT CHARSET=utf8 COLLATE=utf8_bin AUTO_INCREMENT=661 ;

--
-- Dumping data for table 'pve_product_reward'
--

INSERT INTO `pve_product_reward` VALUES
(1, 50, 1, 0),
(652, 53, 1, 0),
(651, 54, 1, 0),
(620, 55, 1, 0),
(621, 56, 1, 0),
(650, 57, 1, 0),
(648, 58, 1, 0),
(622, 59, 1, 0),
(623, 60, 1, 0),
(624, 61, 1, 0),
(625, 62, 1, 0),
(12, 63, 1, 0),
(627, 64, 1, 0),
(628, 65, 1, 0),
(615, 66, 1, 0),
(617, 67, 1, 0),
(654, 69, 1, 0),
(18, 70, 1, 0),
(19, 71, 1, 0),
(610, 72, 1, 0),
(604, 73, 1, 0),
(653, 74, 1, 0),
(634, 75, 1, 0),
(633, 76, 1, 0),
(25, 77, 1, 0),
(647, 78, 1, 0),
(649, 79, 1, 0),
(629, 80, 1, 0),
(636, 81, 1, 0),
(658, 82, 1, 0),
(626, 83, 1, 0),
(32, 84, 1, 0),
(33, 85, 1, 0),
(34, 86, 1, 0),
(603, 87, 1, 0),
(605, 88, 1, 0),
(606, 89, 1, 0),
(38, 90, 1, 0),
(39, 91, 1, 0),
(40, 92, 1, 0),
(41, 93, 1, 0),
(632, 94, 1, 0),
(43, 95, 1, 0),
(607, 96, 1, 0),
(608, 97, 1, 0),
(609, 98, 1, 0),
(655, 99, 1, 0),
(642, 100, 1, 0),
(614, 101, 1, 0),
(644, 102, 1, 0),
(646, 103, 1, 0),
(645, 104, 1, 0),
(619, 105, 1, 0),
(618, 106, 1, 0),
(638, 107, 1, 0),
(659, 108, 1, 0),
(656, 109, 1, 0),
(637, 110, 1, 0),
(643, 111, 1, 0),
(657, 112, 1, 0),
(635, 113, 1, 0),
(616, 114, 1, 0),
(592, 115, 1, 0),
(630, 116, 1, 0),
(631, 117, 1, 0),
(639, 118, 1, 0),
(641, 119, 1, 0),
(640, 120, 1, 0),
(660, 121, 1, 0);

-- --------------------------------------------------------

--
-- Table structure for table`pve_product_special`
--

CREATE TABLE `pve_product_special` (
  `product_special_id` int(11) NOT NULL AUTO_INCREMENT,
  `product_id` int(11) NOT NULL,
  `customer_group_id` int(11) NOT NULL,
  `priority` int(5) NOT NULL DEFAULT '1',
  `price` decimal(15,4) NOT NULL DEFAULT '0.0000',
  `date_start` date NOT NULL DEFAULT '0000-00-00',
  `date_end` date NOT NULL DEFAULT '0000-00-00',
  PRIMARY KEY (`product_special_id`),
  KEY `product_id` (`product_id`)
) ENGINE=MyISAM  DEFAULT CHARSET=utf8 COLLATE=utf8_bin AUTO_INCREMENT=535 ;

--
-- Dumping data for table 'pve_product_special'
--

INSERT INTO `pve_product_special` VALUES
(1, 50, 1, 1, '20.0000', '2012-10-08', '2012-12-31'),
(527, 53, 1, 1, '0.3700', '2012-12-11', '2012-12-31'),
(526, 54, 1, 1, '0.6500', '2012-12-11', '2012-12-31'),
(496, 55, 1, 1, '0.3700', '2012-12-09', '2012-12-31'),
(497, 56, 1, 1, '0.6500', '2012-12-11', '2012-12-31'),
(525, 57, 1, 1, '0.2000', '2012-10-08', '2012-12-31'),
(523, 58, 1, 1, '0.3700', '2012-12-11', '2012-12-31'),
(498, 59, 1, 1, '0.3700', '2012-12-11', '2012-12-31'),
(499, 60, 1, 1, '0.6500', '2012-12-11', '2012-12-31'),
(500, 61, 1, 1, '0.3700', '2012-12-11', '2012-12-31'),
(501, 62, 1, 1, '0.6500', '2012-12-11', '2012-12-31'),
(503, 64, 1, 1, '0.6500', '2012-12-11', '2012-12-31'),
(504, 65, 1, 1, '0.3700', '2012-12-11', '2012-12-31'),
(491, 66, 1, 1, '0.3700', '2012-12-09', '2012-12-31'),
(493, 67, 1, 1, '0.2200', '2012-12-09', '2012-12-31'),
(529, 69, 1, 1, '0.3700', '2012-10-08', '2012-12-31'),
(528, 74, 1, 1, '0.6500', '2012-12-11', '2012-12-31'),
(510, 75, 1, 1, '0.3700', '2012-12-11', '2012-12-31'),
(509, 76, 1, 1, '0.2200', '2012-12-11', '2012-12-31'),
(20, 77, 1, 1, '20.0000', '2012-10-08', '2012-12-31'),
(522, 78, 1, 1, '0.2000', '2012-10-08', '2012-12-31'),
(524, 79, 1, 1, '0.5800', '2012-12-11', '2012-12-31'),
(505, 80, 1, 1, '0.3700', '2012-10-08', '2012-12-31'),
(512, 81, 1, 1, '0.3700', '2012-10-08', '2012-12-31'),
(533, 82, 1, 1, '0.2000', '2012-10-08', '2012-12-31'),
(502, 83, 1, 1, '0.2000', '2012-10-08', '2012-12-31'),
(27, 90, 1, 1, '20.0000', '2012-10-08', '2012-12-31'),
(28, 91, 1, 1, '20.0000', '2012-10-08', '2012-12-31'),
(29, 92, 1, 1, '20.0000', '2012-10-08', '2012-12-31'),
(508, 94, 1, 1, '0.3000', '2012-12-11', '2012-12-31'),
(530, 99, 1, 1, '0.3700', '2012-10-08', '2012-12-31'),
(518, 100, 1, 1, '0.2000', '2012-10-08', '2012-12-31'),
(490, 101, 1, 1, '0.5800', '2012-12-11', '2012-12-31'),
(521, 103, 1, 1, '0.5800', '2012-10-08', '2012-12-31'),
(520, 104, 1, 1, '0.3700', '2012-10-08', '2012-12-31'),
(495, 105, 1, 1, '0.3700', '2012-12-09', '2012-12-31'),
(494, 106, 1, 1, '0.5800', '2012-12-09', '2012-12-31'),
(514, 107, 1, 1, '0.3700', '2012-10-08', '2012-12-31'),
(534, 108, 1, 1, '0.3700', '2012-10-08', '2012-12-31'),
(531, 109, 1, 1, '0.3700', '2012-10-08', '2012-12-31'),
(513, 110, 1, 1, '0.5800', '2012-10-08', '2012-12-31'),
(519, 111, 1, 1, '0.5800', '2012-10-08', '2012-12-31'),
(532, 112, 1, 1, '0.5800', '2012-10-08', '2012-12-31'),
(511, 113, 1, 1, '0.3700', '2012-12-11', '2012-12-31'),
(492, 114, 1, 1, '0.6500', '2012-12-09', '2012-12-31'),
(506, 116, 1, 1, '0.5000', '2012-12-11', '2012-12-31'),
(507, 117, 1, 1, '0.7500', '2012-12-11', '2012-12-31'),
(515, 118, 1, 1, '0.3000', '2012-12-11', '2012-12-31'),
(517, 119, 1, 1, '0.5000', '2012-12-11', '2012-12-31'),
(516, 120, 1, 1, '0.7500', '2012-12-11', '2012-12-31');

-- --------------------------------------------------------

--
-- Table structure for table`pve_product_to_category`
--

CREATE TABLE `pve_product_to_category` (
  `product_id` int(11) NOT NULL,
  `category_id` int(11) NOT NULL,
  PRIMARY KEY (`product_id`,`category_id`)
) ENGINE=MyISAM DEFAULT CHARSET=utf8 COLLATE=utf8_bin;

--
-- Dumping data for table 'pve_product_to_category'
--

INSERT INTO `pve_product_to_category` VALUES
(50, 62),
(53, 76),
(54, 76),
(55, 77),
(56, 77),
(57, 78),
(58, 78),
(59, 76),
(60, 76),
(61, 76),
(62, 76),
(63, 72),
(64, 76),
(65, 76),
(66, 77),
(67, 78),
(69, 76),
(70, 80),
(71, 80),
(72, 81),
(73, 81),
(74, 76),
(75, 78),
(76, 78),
(77, 62),
(78, 78),
(79, 78),
(80, 76),
(81, 76),
(82, 78),
(83, 78),
(84, 73),
(85, 73),
(86, 72),
(87, 81),
(88, 81),
(89, 81),
(90, 62),
(91, 62),
(92, 62),
(93, 73),
(94, 77),
(95, 82),
(96, 81),
(97, 81),
(98, 81),
(99, 76),
(100, 78),
(101, 83),
(102, 83),
(103, 78),
(104, 78),
(105, 78),
(106, 78),
(107, 78),
(108, 78),
(109, 78),
(110, 78),
(111, 78),
(112, 78),
(113, 78),
(114, 77),
(115, 73),
(116, 77),
(117, 77),
(118, 77),
(119, 77),
(120, 77),
(121, 81);

-- --------------------------------------------------------

--
-- Table structure for table`pve_product_to_download`
--

CREATE TABLE `pve_product_to_download` (
  `product_id` int(11) NOT NULL,
  `download_id` int(11) NOT NULL,
  PRIMARY KEY (`product_id`,`download_id`)
) ENGINE=MyISAM DEFAULT CHARSET=utf8 COLLATE=utf8_bin;

-- --------------------------------------------------------

--
-- Table structure for table`pve_product_to_layout`
--

CREATE TABLE `pve_product_to_layout` (
  `product_id` int(11) NOT NULL,
  `store_id` int(11) NOT NULL,
  `layout_id` int(11) NOT NULL,
  PRIMARY KEY (`product_id`,`store_id`)
) ENGINE=MyISAM DEFAULT CHARSET=utf8 COLLATE=utf8_bin;

-- --------------------------------------------------------

--
-- Table structure for table`pve_product_to_store`
--

CREATE TABLE `pve_product_to_store` (
  `product_id` int(11) NOT NULL,
  `store_id` int(11) NOT NULL DEFAULT '0',
  PRIMARY KEY (`product_id`,`store_id`)
) ENGINE=MyISAM DEFAULT CHARSET=utf8 COLLATE=utf8_bin;

--
-- Dumping data for table 'pve_product_to_store'
--

INSERT INTO `pve_product_to_store` VALUES
(50, 0),
(53, 0),
(54, 0),
(55, 0),
(56, 0),
(57, 0),
(58, 0),
(59, 0),
(60, 0),
(61, 0),
(62, 0),
(63, 0),
(64, 0),
(65, 0),
(66, 0),
(67, 0),
(69, 0),
(70, 0),
(71, 0),
(72, 0),
(73, 0),
(74, 0),
(75, 0),
(76, 0),
(77, 0),
(78, 0),
(79, 0),
(80, 0),
(81, 0),
(82, 0),
(83, 0),
(84, 0),
(85, 0),
(86, 0),
(87, 0),
(88, 0),
(89, 0),
(90, 0),
(91, 0),
(92, 0),
(93, 0),
(94, 0),
(95, 0),
(96, 0),
(97, 0),
(98, 0),
(99, 0),
(100, 0),
(101, 0),
(102, 0),
(103, 0),
(104, 0),
(105, 0),
(106, 0),
(107, 0),
(108, 0),
(109, 0),
(110, 0),
(111, 0),
(112, 0),
(113, 0),
(114, 0),
(115, 0),
(116, 0),
(117, 0),
(118, 0),
(119, 0),
(120, 0),
(121, 0);

-- --------------------------------------------------------

--
-- Table structure for table`pve_return`
--

CREATE TABLE `pve_return` (
  `return_id` int(11) NOT NULL AUTO_INCREMENT,
  `order_id` int(11) NOT NULL,
  `product_id` int(11) NOT NULL,
  `customer_id` int(11) NOT NULL,
  `firstname` varchar(32) COLLATE utf8_bin NOT NULL,
  `lastname` varchar(32) COLLATE utf8_bin NOT NULL,
  `email` varchar(96) COLLATE utf8_bin NOT NULL,
  `telephone` varchar(32) COLLATE utf8_bin NOT NULL,
  `product` varchar(255) COLLATE utf8_bin NOT NULL,
  `model` varchar(64) COLLATE utf8_bin NOT NULL,
  `quantity` int(4) NOT NULL,
  `opened` tinyint(1) NOT NULL,
  `return_reason_id` int(11) NOT NULL,
  `return_action_id` int(11) NOT NULL,
  `return_status_id` int(11) NOT NULL,
  `comment` text COLLATE utf8_bin,
  `date_ordered` date NOT NULL,
  `date_added` datetime NOT NULL,
  `date_modified` datetime NOT NULL,
  PRIMARY KEY (`return_id`)
) ENGINE=MyISAM DEFAULT CHARSET=utf8 COLLATE=utf8_bin AUTO_INCREMENT=1 ;

-- --------------------------------------------------------

--
-- Table structure for table`pve_return_action`
--

CREATE TABLE `pve_return_action` (
  `return_action_id` int(11) NOT NULL AUTO_INCREMENT,
  `language_id` int(11) NOT NULL DEFAULT '0',
  `name` varchar(64) COLLATE utf8_bin NOT NULL DEFAULT '',
  PRIMARY KEY (`return_action_id`,`language_id`)
) ENGINE=MyISAM  DEFAULT CHARSET=utf8 COLLATE=utf8_bin AUTO_INCREMENT=4 ;

--
-- Dumping data for table 'pve_return_action'
--

INSERT INTO `pve_return_action` VALUES
(1, 1, 'Refunded'),
(2, 1, 'Credit Issued'),
(3, 1, 'Replacement Sent');

-- --------------------------------------------------------

--
-- Table structure for table`pve_return_history`
--

CREATE TABLE `pve_return_history` (
  `return_history_id` int(11) NOT NULL AUTO_INCREMENT,
  `return_id` int(11) NOT NULL,
  `return_status_id` int(11) NOT NULL,
  `notify` tinyint(1) NOT NULL,
  `comment` text COLLATE utf8_bin NOT NULL,
  `date_added` datetime NOT NULL,
  PRIMARY KEY (`return_history_id`)
) ENGINE=MyISAM DEFAULT CHARSET=utf8 COLLATE=utf8_bin AUTO_INCREMENT=1 ;

-- --------------------------------------------------------

--
-- Table structure for table`pve_return_reason`
--

CREATE TABLE `pve_return_reason` (
  `return_reason_id` int(11) NOT NULL AUTO_INCREMENT,
  `language_id` int(11) NOT NULL DEFAULT '0',
  `name` varchar(128) COLLATE utf8_bin NOT NULL DEFAULT '',
  PRIMARY KEY (`return_reason_id`,`language_id`)
) ENGINE=MyISAM  DEFAULT CHARSET=utf8 COLLATE=utf8_bin AUTO_INCREMENT=6 ;

--
-- Dumping data for table 'pve_return_reason'
--

INSERT INTO `pve_return_reason` VALUES
(1, 1, 'Dead On Arrival'),
(2, 1, 'Received Wrong Item'),
(3, 1, 'Order Error'),
(4, 1, 'Faulty, please supply details'),
(5, 1, 'Other, please supply details');

-- --------------------------------------------------------

--
-- Table structure for table`pve_return_status`
--

CREATE TABLE `pve_return_status` (
  `return_status_id` int(11) NOT NULL AUTO_INCREMENT,
  `language_id` int(11) NOT NULL DEFAULT '0',
  `name` varchar(32) COLLATE utf8_bin NOT NULL DEFAULT '',
  PRIMARY KEY (`return_status_id`,`language_id`)
) ENGINE=MyISAM  DEFAULT CHARSET=utf8 COLLATE=utf8_bin AUTO_INCREMENT=4 ;

--
-- Dumping data for table 'pve_return_status'
--

INSERT INTO `pve_return_status` VALUES
(1, 1, 'Pending'),
(3, 1, 'Complete'),
(2, 1, 'Awaiting Products');

-- --------------------------------------------------------

--
-- Table structure for table`pve_review`
--

CREATE TABLE `pve_review` (
  `review_id` int(11) NOT NULL AUTO_INCREMENT,
  `product_id` int(11) NOT NULL,
  `customer_id` int(11) NOT NULL,
  `author` varchar(64) COLLATE utf8_bin NOT NULL DEFAULT '',
  `text` text COLLATE utf8_bin NOT NULL,
  `rating` int(1) NOT NULL,
  `status` tinyint(1) NOT NULL DEFAULT '0',
  `date_added` datetime NOT NULL DEFAULT '0000-00-00 00:00:00',
  `date_modified` datetime NOT NULL DEFAULT '0000-00-00 00:00:00',
  PRIMARY KEY (`review_id`),
  KEY `product_id` (`product_id`)
) ENGINE=MyISAM DEFAULT CHARSET=utf8 COLLATE=utf8_bin AUTO_INCREMENT=1 ;

-- --------------------------------------------------------

--
-- Table structure for table`pve_stock_status`
--

CREATE TABLE `pve_stock_status` (
  `stock_status_id` int(11) NOT NULL AUTO_INCREMENT,
  `language_id` int(11) NOT NULL,
  `name` varchar(32) COLLATE utf8_bin NOT NULL,
  PRIMARY KEY (`stock_status_id`,`language_id`)
) ENGINE=MyISAM  DEFAULT CHARSET=utf8 COLLATE=utf8_bin AUTO_INCREMENT=9 ;

--
-- Dumping data for table 'pve_stock_status'
--

INSERT INTO `pve_stock_status` VALUES
(7, 1, 'In Stock'),
(8, 1, 'Pre-Order'),
(5, 1, 'Out Of Stock'),
(6, 1, '2 - 3 Days');

-- --------------------------------------------------------

--
-- Table structure for table`pve_store`
--

CREATE TABLE `pve_store` (
  `store_id` int(11) NOT NULL AUTO_INCREMENT,
  `name` varchar(64) COLLATE utf8_bin NOT NULL,
  `url` varchar(255) COLLATE utf8_bin NOT NULL,
  `ssl` varchar(255) COLLATE utf8_bin NOT NULL,
  PRIMARY KEY (`store_id`)
) ENGINE=MyISAM DEFAULT CHARSET=utf8 COLLATE=utf8_bin AUTO_INCREMENT=1 ;

-- --------------------------------------------------------

--
-- Table structure for table`pve_tax_class`
--

CREATE TABLE `pve_tax_class` (
  `tax_class_id` int(11) NOT NULL AUTO_INCREMENT,
  `title` varchar(32) COLLATE utf8_bin NOT NULL DEFAULT '',
  `description` varchar(255) COLLATE utf8_bin NOT NULL DEFAULT '',
  `date_added` datetime NOT NULL DEFAULT '0000-00-00 00:00:00',
  `date_modified` datetime NOT NULL DEFAULT '0000-00-00 00:00:00',
  PRIMARY KEY (`tax_class_id`)
) ENGINE=MyISAM  DEFAULT CHARSET=utf8 COLLATE=utf8_bin AUTO_INCREMENT=11 ;

--
-- Dumping data for table 'pve_tax_class'
--

INSERT INTO `pve_tax_class` VALUES
(9, 'Taxable Goods', 'Taxed Stuff', '2009-01-06 23:21:53', '2011-09-23 14:07:50'),
(10, 'Downloadable Products', 'Downloadable', '2011-09-21 22:19:39', '2011-09-22 10:27:36');

-- --------------------------------------------------------

--
-- Table structure for table`pve_tax_rate`
--

CREATE TABLE `pve_tax_rate` (
  `tax_rate_id` int(11) NOT NULL AUTO_INCREMENT,
  `geo_zone_id` int(11) NOT NULL DEFAULT '0',
  `name` varchar(32) COLLATE utf8_bin NOT NULL,
  `rate` decimal(15,4) NOT NULL DEFAULT '0.0000',
  `type` char(1) COLLATE utf8_bin NOT NULL,
  `date_added` datetime NOT NULL DEFAULT '0000-00-00 00:00:00',
  `date_modified` datetime NOT NULL DEFAULT '0000-00-00 00:00:00',
  PRIMARY KEY (`tax_rate_id`)
) ENGINE=MyISAM  DEFAULT CHARSET=utf8 COLLATE=utf8_bin AUTO_INCREMENT=88 ;

--
-- Dumping data for table 'pve_tax_rate'
--

INSERT INTO `pve_tax_rate` VALUES
(86, 3, 'VAT (17.5%)', '17.5000', 'P', '2011-03-09 21:17:10', '2011-09-22 22:24:29'),
(87, 3, 'Eco Tax (-2.00)', '2.0000', 'F', '2011-09-21 21:49:23', '2011-09-23 00:40:19');

-- --------------------------------------------------------

--
-- Table structure for table`pve_tax_rate_to_customer_group`
--

CREATE TABLE `pve_tax_rate_to_customer_group` (
  `tax_rate_id` int(11) NOT NULL,
  `customer_group_id` int(11) NOT NULL,
  PRIMARY KEY (`tax_rate_id`,`customer_group_id`)
) ENGINE=MyISAM DEFAULT CHARSET=utf8 COLLATE=utf8_bin;

--
-- Dumping data for table 'pve_tax_rate_to_customer_group'
--

INSERT INTO `pve_tax_rate_to_customer_group` VALUES
(86, 1),
(87, 1);

-- --------------------------------------------------------

--
-- Table structure for table`pve_tax_rule`
--

CREATE TABLE `pve_tax_rule` (
  `tax_rule_id` int(11) NOT NULL AUTO_INCREMENT,
  `tax_class_id` int(11) NOT NULL,
  `tax_rate_id` int(11) NOT NULL,
  `based` varchar(10) COLLATE utf8_bin NOT NULL,
  `priority` int(5) NOT NULL DEFAULT '1',
  PRIMARY KEY (`tax_rule_id`)
) ENGINE=MyISAM  DEFAULT CHARSET=utf8 COLLATE=utf8_bin AUTO_INCREMENT=129 ;

--
-- Dumping data for table 'pve_tax_rule'
--

INSERT INTO `pve_tax_rule` VALUES
(121, 10, 86, 'payment', 1),
(120, 10, 87, 'store', 0),
(128, 9, 86, 'shipping', 1),
(127, 9, 87, 'shipping', 2);

-- --------------------------------------------------------

--
-- Table structure for table`pve_url_alias`
--

CREATE TABLE `pve_url_alias` (
  `url_alias_id` int(11) NOT NULL AUTO_INCREMENT,
  `query` varchar(255) COLLATE utf8_bin NOT NULL,
  `keyword` varchar(255) COLLATE utf8_bin NOT NULL,
  PRIMARY KEY (`url_alias_id`)
) ENGINE=MyISAM  DEFAULT CHARSET=utf8 COLLATE=utf8_bin AUTO_INCREMENT=786 ;

--
-- Dumping data for table 'pve_url_alias'
--

INSERT INTO `pve_url_alias` VALUES
(776, 'category_id=63', 'Business Cards-Business Card-Print-folded business card'),
(775, 'category_id=62', 'Business Cards-Business Card-Print'),
(730, 'manufacturer_id=8', 'apple'),
(781, 'information_id=4', 'about_us'),
(774, 'category_id=60', 'Flyer-Flyers-Brochure-Pamplet'),
(777, 'category_id=80', 'banner'),
(778, 'category_id=81', 'bunting'),
(784, 'product_id=55', 'kad kahwin'),
(785, 'product_id=94', 'kad-kahwin-fb');

-- --------------------------------------------------------

--
-- Table structure for table`pve_user_group`
--

CREATE TABLE `pve_user_group` (
  `user_group_id` int(11) NOT NULL AUTO_INCREMENT,
  `name` varchar(64) COLLATE utf8_bin NOT NULL,
  `permission` text COLLATE utf8_bin NOT NULL,
  PRIMARY KEY (`user_group_id`)
) ENGINE=MyISAM  DEFAULT CHARSET=utf8 COLLATE=utf8_bin AUTO_INCREMENT=11 ;

--
-- Dumping data for table 'pve_user_group'
--

INSERT INTO `pve_user_group` VALUES
(1, 'Top Administrator', 'a:2:{s:6:"access";a:123:{i:0;s:17:"catalog/attribute";i:1;s:23:"catalog/attribute_group";i:2;s:16:"catalog/category";i:3;s:16:"catalog/download";i:4;s:19:"catalog/information";i:5;s:20:"catalog/manufacturer";i:6;s:14:"catalog/option";i:7;s:15:"catalog/product";i:8;s:14:"catalog/review";i:9;s:18:"common/filemanager";i:10;s:13:"design/banner";i:11;s:13:"design/layout";i:12;s:14:"extension/feed";i:13;s:16:"extension/module";i:14;s:17:"extension/payment";i:15;s:18:"extension/shipping";i:16;s:15:"extension/total";i:17;s:16:"feed/google_base";i:18;s:19:"feed/google_sitemap";i:19;s:20:"localisation/country";i:20;s:21:"localisation/currency";i:21;s:21:"localisation/geo_zone";i:22;s:21:"localisation/language";i:23;s:25:"localisation/length_class";i:24;s:25:"localisation/order_status";i:25;s:26:"localisation/return_action";i:26;s:26:"localisation/return_reason";i:27;s:26:"localisation/return_status";i:28;s:25:"localisation/stock_status";i:29;s:22:"localisation/tax_class";i:30;s:21:"localisation/tax_rate";i:31;s:25:"localisation/weight_class";i:32;s:17:"localisation/zone";i:33;s:14:"module/account";i:34;s:16:"module/affiliate";i:35;s:13:"module/banner";i:36;s:17:"module/bestseller";i:37;s:15:"module/carousel";i:38;s:15:"module/category";i:39;s:15:"module/featured";i:40;s:18:"module/google_talk";i:41;s:18:"module/information";i:42;s:13:"module/latest";i:43;s:16:"module/slideshow";i:44;s:14:"module/special";i:45;s:12:"module/store";i:46;s:14:"module/welcome";i:47;s:24:"payment/authorizenet_aim";i:48;s:21:"payment/bank_transfer";i:49;s:14:"payment/cheque";i:50;s:11:"payment/cod";i:51;s:21:"payment/free_checkout";i:52;s:14:"payment/liqpay";i:53;s:20:"payment/moneybookers";i:54;s:14:"payment/nochex";i:55;s:15:"payment/paymate";i:56;s:16:"payment/paypoint";i:57;s:13:"payment/payza";i:58;s:26:"payment/perpetual_payments";i:59;s:14:"payment/pp_pro";i:60;s:17:"payment/pp_pro_uk";i:61;s:19:"payment/pp_standard";i:62;s:15:"payment/sagepay";i:63;s:22:"payment/sagepay_direct";i:64;s:18:"payment/sagepay_us";i:65;s:19:"payment/twocheckout";i:66;s:28:"payment/web_payment_software";i:67;s:16:"payment/worldpay";i:68;s:27:"report/affiliate_commission";i:69;s:22:"report/customer_credit";i:70;s:22:"report/customer_online";i:71;s:21:"report/customer_order";i:72;s:22:"report/customer_reward";i:73;s:24:"report/product_purchased";i:74;s:21:"report/product_viewed";i:75;s:18:"report/sale_coupon";i:76;s:17:"report/sale_order";i:77;s:18:"report/sale_return";i:78;s:20:"report/sale_shipping";i:79;s:15:"report/sale_tax";i:80;s:14:"sale/affiliate";i:81;s:12:"sale/contact";i:82;s:11:"sale/coupon";i:83;s:13:"sale/customer";i:84;s:23:"sale/customer_blacklist";i:85;s:19:"sale/customer_group";i:86;s:10:"sale/order";i:87;s:11:"sale/return";i:88;s:12:"sale/voucher";i:89;s:18:"sale/voucher_theme";i:90;s:15:"setting/setting";i:91;s:13:"setting/store";i:92;s:16:"shipping/auspost";i:93;s:17:"shipping/citylink";i:94;s:14:"shipping/fedex";i:95;s:13:"shipping/flat";i:96;s:13:"shipping/free";i:97;s:13:"shipping/item";i:98;s:23:"shipping/parcelforce_48";i:99;s:15:"shipping/pickup";i:100;s:19:"shipping/royal_mail";i:101;s:12:"shipping/ups";i:102;s:13:"shipping/usps";i:103;s:15:"shipping/weight";i:104;s:11:"tool/backup";i:105;s:14:"tool/error_log";i:106;s:11:"tool/export";i:107;s:12:"total/coupon";i:108;s:12:"total/credit";i:109;s:14:"total/handling";i:110;s:16:"total/klarna_fee";i:111;s:19:"total/low_order_fee";i:112;s:12:"total/reward";i:113;s:14:"total/shipping";i:114;s:15:"total/sub_total";i:115;s:9:"total/tax";i:116;s:11:"total/total";i:117;s:13:"total/voucher";i:118;s:9:"user/user";i:119;s:20:"user/user_permission";i:120;s:14:"module/special";i:121;s:21:"payment/bank_transfer";i:122;s:18:"module/facebook_lb";}s:6:"modify";a:123:{i:0;s:17:"catalog/attribute";i:1;s:23:"catalog/attribute_group";i:2;s:16:"catalog/category";i:3;s:16:"catalog/download";i:4;s:19:"catalog/information";i:5;s:20:"catalog/manufacturer";i:6;s:14:"catalog/option";i:7;s:15:"catalog/product";i:8;s:14:"catalog/review";i:9;s:18:"common/filemanager";i:10;s:13:"design/banner";i:11;s:13:"design/layout";i:12;s:14:"extension/feed";i:13;s:16:"extension/module";i:14;s:17:"extension/payment";i:15;s:18:"extension/shipping";i:16;s:15:"extension/total";i:17;s:16:"feed/google_base";i:18;s:19:"feed/google_sitemap";i:19;s:20:"localisation/country";i:20;s:21:"localisation/currency";i:21;s:21:"localisation/geo_zone";i:22;s:21:"localisation/language";i:23;s:25:"localisation/length_class";i:24;s:25:"localisation/order_status";i:25;s:26:"localisation/return_action";i:26;s:26:"localisation/return_reason";i:27;s:26:"localisation/return_status";i:28;s:25:"localisation/stock_status";i:29;s:22:"localisation/tax_class";i:30;s:21:"localisation/tax_rate";i:31;s:25:"localisation/weight_class";i:32;s:17:"localisation/zone";i:33;s:14:"module/account";i:34;s:16:"module/affiliate";i:35;s:13:"module/banner";i:36;s:17:"module/bestseller";i:37;s:15:"module/carousel";i:38;s:15:"module/category";i:39;s:15:"module/featured";i:40;s:18:"module/google_talk";i:41;s:18:"module/information";i:42;s:13:"module/latest";i:43;s:16:"module/slideshow";i:44;s:14:"module/special";i:45;s:12:"module/store";i:46;s:14:"module/welcome";i:47;s:24:"payment/authorizenet_aim";i:48;s:21:"payment/bank_transfer";i:49;s:14:"payment/cheque";i:50;s:11:"payment/cod";i:51;s:21:"payment/free_checkout";i:52;s:14:"payment/liqpay";i:53;s:20:"payment/moneybookers";i:54;s:14:"payment/nochex";i:55;s:15:"payment/paymate";i:56;s:16:"payment/paypoint";i:57;s:13:"payment/payza";i:58;s:26:"payment/perpetual_payments";i:59;s:14:"payment/pp_pro";i:60;s:17:"payment/pp_pro_uk";i:61;s:19:"payment/pp_standard";i:62;s:15:"payment/sagepay";i:63;s:22:"payment/sagepay_direct";i:64;s:18:"payment/sagepay_us";i:65;s:19:"payment/twocheckout";i:66;s:28:"payment/web_payment_software";i:67;s:16:"payment/worldpay";i:68;s:27:"report/affiliate_commission";i:69;s:22:"report/customer_credit";i:70;s:22:"report/customer_online";i:71;s:21:"report/customer_order";i:72;s:22:"report/customer_reward";i:73;s:24:"report/product_purchased";i:74;s:21:"report/product_viewed";i:75;s:18:"report/sale_coupon";i:76;s:17:"report/sale_order";i:77;s:18:"report/sale_return";i:78;s:20:"report/sale_shipping";i:79;s:15:"report/sale_tax";i:80;s:14:"sale/affiliate";i:81;s:12:"sale/contact";i:82;s:11:"sale/coupon";i:83;s:13:"sale/customer";i:84;s:23:"sale/customer_blacklist";i:85;s:19:"sale/customer_group";i:86;s:10:"sale/order";i:87;s:11:"sale/return";i:88;s:12:"sale/voucher";i:89;s:18:"sale/voucher_theme";i:90;s:15:"setting/setting";i:91;s:13:"setting/store";i:92;s:16:"shipping/auspost";i:93;s:17:"shipping/citylink";i:94;s:14:"shipping/fedex";i:95;s:13:"shipping/flat";i:96;s:13:"shipping/free";i:97;s:13:"shipping/item";i:98;s:23:"shipping/parcelforce_48";i:99;s:15:"shipping/pickup";i:100;s:19:"shipping/royal_mail";i:101;s:12:"shipping/ups";i:102;s:13:"shipping/usps";i:103;s:15:"shipping/weight";i:104;s:11:"tool/backup";i:105;s:14:"tool/error_log";i:106;s:11:"tool/export";i:107;s:12:"total/coupon";i:108;s:12:"total/credit";i:109;s:14:"total/handling";i:110;s:16:"total/klarna_fee";i:111;s:19:"total/low_order_fee";i:112;s:12:"total/reward";i:113;s:14:"total/shipping";i:114;s:15:"total/sub_total";i:115;s:9:"total/tax";i:116;s:11:"total/total";i:117;s:13:"total/voucher";i:118;s:9:"user/user";i:119;s:20:"user/user_permission";i:120;s:14:"module/special";i:121;s:21:"payment/bank_transfer";i:122;s:18:"module/facebook_lb";}}'),
(10, 'Demonstration', '');

-- --------------------------------------------------------

--
-- Table structure for table`pve_voucher`
--

CREATE TABLE `pve_voucher` (
  `voucher_id` int(11) NOT NULL AUTO_INCREMENT,
  `order_id` int(11) NOT NULL,
  `code` varchar(10) COLLATE utf8_bin NOT NULL,
  `from_name` varchar(64) COLLATE utf8_bin NOT NULL,
  `from_email` varchar(96) COLLATE utf8_bin NOT NULL,
  `to_name` varchar(64) COLLATE utf8_bin NOT NULL,
  `to_email` varchar(96) COLLATE utf8_bin NOT NULL,
  `voucher_theme_id` int(11) NOT NULL,
  `message` text COLLATE utf8_bin NOT NULL,
  `amount` decimal(15,4) NOT NULL,
  `status` tinyint(1) NOT NULL,
  `date_added` datetime NOT NULL DEFAULT '0000-00-00 00:00:00',
  PRIMARY KEY (`voucher_id`)
) ENGINE=MyISAM DEFAULT CHARSET=utf8 COLLATE=utf8_bin AUTO_INCREMENT=1 ;

-- --------------------------------------------------------

--
-- Table structure for table`pve_voucher_history`
--

CREATE TABLE `pve_voucher_history` (
  `voucher_history_id` int(11) NOT NULL AUTO_INCREMENT,
  `voucher_id` int(11) NOT NULL,
  `order_id` int(11) NOT NULL,
  `amount` decimal(15,4) NOT NULL,
  `date_added` datetime NOT NULL,
  PRIMARY KEY (`voucher_history_id`)
) ENGINE=MyISAM DEFAULT CHARSET=utf8 COLLATE=utf8_bin AUTO_INCREMENT=1 ;

-- --------------------------------------------------------

--
-- Table structure for table`pve_voucher_theme`
--

CREATE TABLE `pve_voucher_theme` (
  `voucher_theme_id` int(11) NOT NULL AUTO_INCREMENT,
  `image` varchar(255) COLLATE utf8_bin NOT NULL,
  PRIMARY KEY (`voucher_theme_id`)
) ENGINE=MyISAM  DEFAULT CHARSET=utf8 COLLATE=utf8_bin AUTO_INCREMENT=9 ;

--
-- Dumping data for table 'pve_voucher_theme'
--

INSERT INTO `pve_voucher_theme` VALUES
(8, 'data/demo/canon_eos_5d_2.jpg'),
(7, 'data/demo/gift-voucher-birthday.jpg'),
(6, 'data/demo/apple_logo.jpg');

-- --------------------------------------------------------

--
-- Table structure for table`pve_voucher_theme_description`
--

CREATE TABLE `pve_voucher_theme_description` (
  `voucher_theme_id` int(11) NOT NULL,
  `language_id` int(11) NOT NULL,
  `name` varchar(32) COLLATE utf8_bin NOT NULL,
  PRIMARY KEY (`voucher_theme_id`,`language_id`)
) ENGINE=MyISAM DEFAULT CHARSET=utf8 COLLATE=utf8_bin;

--
-- Dumping data for table 'pve_voucher_theme_description'
--

INSERT INTO `pve_voucher_theme_description` VALUES
(6, 1, 'Christmas'),
(7, 1, 'Birthday'),
(8, 1, 'General');

-- --------------------------------------------------------

--
-- Table structure for table`pve_weight_class`
--

CREATE TABLE `pve_weight_class` (
  `weight_class_id` int(11) NOT NULL AUTO_INCREMENT,
  `value` decimal(15,8) NOT NULL DEFAULT '0.00000000',
  PRIMARY KEY (`weight_class_id`)
) ENGINE=MyISAM  DEFAULT CHARSET=utf8 COLLATE=utf8_bin AUTO_INCREMENT=7 ;

--
-- Dumping data for table 'pve_weight_class'
--

INSERT INTO `pve_weight_class` VALUES
(1, '1.00000000'),
(2, '1000.00000000'),
(5, '2.20460000'),
(6, '35.27400000');

-- --------------------------------------------------------

--
-- Table structure for table`pve_weight_class_description`
--

CREATE TABLE `pve_weight_class_description` (
  `weight_class_id` int(11) NOT NULL AUTO_INCREMENT,
  `language_id` int(11) NOT NULL,
  `title` varchar(32) COLLATE utf8_bin NOT NULL,
  `unit` varchar(4) COLLATE utf8_bin NOT NULL DEFAULT '',
  PRIMARY KEY (`weight_class_id`,`language_id`)
) ENGINE=MyISAM  DEFAULT CHARSET=utf8 COLLATE=utf8_bin AUTO_INCREMENT=7 ;

--
-- Dumping data for table 'pve_weight_class_description'
--

INSERT INTO `pve_weight_class_description` VALUES
(1, 1, 'Kilogram', 'kg'),
(2, 1, 'Gram', 'g'),
(5, 1, 'Pound ', 'lb'),
(6, 1, 'Ounce', 'oz');

-- --------------------------------------------------------

--
-- Table structure for table`pve_zone`
--

CREATE TABLE `pve_zone` (
  `zone_id` int(11) NOT NULL AUTO_INCREMENT,
  `country_id` int(11) NOT NULL,
  `name` varchar(128) COLLATE utf8_bin NOT NULL,
  `code` varchar(32) COLLATE utf8_bin NOT NULL DEFAULT '',
  `status` tinyint(1) NOT NULL DEFAULT '1',
  PRIMARY KEY (`zone_id`)
) ENGINE=MyISAM  DEFAULT CHARSET=utf8 COLLATE=utf8_bin AUTO_INCREMENT=3970 ;

--
-- Dumping data for table 'pve_zone'
--

INSERT INTO `pve_zone` VALUES
(1, 1, 'Badakhshan', 'BDS', 1),
(2, 1, 'Badghis', 'BDG', 1),
(3, 1, 'Baghlan', 'BGL', 1),
(4, 1, 'Balkh', 'BAL', 1),
(5, 1, 'Bamian', 'BAM', 1),
(6, 1, 'Farah', 'FRA', 1),
(7, 1, 'Faryab', 'FYB', 1),
(8, 1, 'Ghazni', 'GHA', 1),
(9, 1, 'Ghowr', 'GHO', 1),
(10, 1, 'Helmand', 'HEL', 1),
(11, 1, 'Herat', 'HER', 1),
(12, 1, 'Jowzjan', 'JOW', 1),
(13, 1, 'Kabul', 'KAB', 1),
(14, 1, 'Kandahar', 'KAN', 1),
(15, 1, 'Kapisa', 'KAP', 1),
(16, 1, 'Khost', 'KHO', 1),
(17, 1, 'Konar', 'KNR', 1),
(18, 1, 'Kondoz', 'KDZ', 1),
(19, 1, 'Laghman', 'LAG', 1),
(20, 1, 'Lowgar', 'LOW', 1),
(21, 1, 'Nangrahar', 'NAN', 1),
(22, 1, 'Nimruz', 'NIM', 1),
(23, 1, 'Nurestan', 'NUR', 1),
(24, 1, 'Oruzgan', 'ORU', 1),
(25, 1, 'Paktia', 'PIA', 1),
(26, 1, 'Paktika', 'PKA', 1),
(27, 1, 'Parwan', 'PAR', 1),
(28, 1, 'Samangan', 'SAM', 1),
(29, 1, 'Sar-e Pol', 'SAR', 1),
(30, 1, 'Takhar', 'TAK', 1),
(31, 1, 'Wardak', 'WAR', 1),
(32, 1, 'Zabol', 'ZAB', 1),
(33, 2, 'Berat', 'BR', 1),
(34, 2, 'Bulqize', 'BU', 1),
(35, 2, 'Delvine', 'DL', 1),
(36, 2, 'Devoll', 'DV', 1),
(37, 2, 'Diber', 'DI', 1),
(38, 2, 'Durres', 'DR', 1),
(39, 2, 'Elbasan', 'EL', 1),
(40, 2, 'Kolonje', 'ER', 1),
(41, 2, 'Fier', 'FR', 1),
(42, 2, 'Gjirokaster', 'GJ', 1),
(43, 2, 'Gramsh', 'GR', 1),
(44, 2, 'Has', 'HA', 1),
(45, 2, 'Kavaje', 'KA', 1),
(46, 2, 'Kurbin', 'KB', 1),
(47, 2, 'Kucove', 'KC', 1),
(48, 2, 'Korce', 'KO', 1),
(49, 2, 'Kruje', 'KR', 1),
(50, 2, 'Kukes', 'KU', 1),
(51, 2, 'Librazhd', 'LB', 1),
(52, 2, 'Lezhe', 'LE', 1),
(53, 2, 'Lushnje', 'LU', 1),
(54, 2, 'Malesi e Madhe', 'MM', 1),
(55, 2, 'Mallakaster', 'MK', 1),
(56, 2, 'Mat', 'MT', 1),
(57, 2, 'Mirdite', 'MR', 1),
(58, 2, 'Peqin', 'PQ', 1),
(59, 2, 'Permet', 'PR', 1),
(60, 2, 'Pogradec', 'PG', 1),
(61, 2, 'Puke', 'PU', 1),
(62, 2, 'Shkoder', 'SH', 1),
(63, 2, 'Skrapar', 'SK', 1),
(64, 2, 'Sarande', 'SR', 1),
(65, 2, 'Tepelene', 'TE', 1),
(66, 2, 'Tropoje', 'TP', 1),
(67, 2, 'Tirane', 'TR', 1),
(68, 2, 'Vlore', 'VL', 1),
(69, 3, 'Adrar', 'ADR', 1),
(70, 3, 'Ain Defla', 'ADE', 1),
(71, 3, 'Ain Temouchent', 'ATE', 1),
(72, 3, 'Alger', 'ALG', 1),
(73, 3, 'Annaba', 'ANN', 1),
(74, 3, 'Batna', 'BAT', 1),
(75, 3, 'Bechar', 'BEC', 1),
(76, 3, 'Bejaia', 'BEJ', 1),
(77, 3, 'Biskra', 'BIS', 1),
(78, 3, 'Blida', 'BLI', 1),
(79, 3, 'Bordj Bou Arreridj', 'BBA', 1),
(80, 3, 'Bouira', 'BOA', 1),
(81, 3, 'Boumerdes', 'BMD', 1),
(82, 3, 'Chlef', 'CHL', 1),
(83, 3, 'Constantine', 'CON', 1),
(84, 3, 'Djelfa', 'DJE', 1),
(85, 3, 'El Bayadh', 'EBA', 1),
(86, 3, 'El Oued', 'EOU', 1),
(87, 3, 'El Tarf', 'ETA', 1),
(88, 3, 'Ghardaia', 'GHA', 1),
(89, 3, 'Guelma', 'GUE', 1),
(90, 3, 'Illizi', 'ILL', 1),
(91, 3, 'Jijel', 'JIJ', 1),
(92, 3, 'Khenchela', 'KHE', 1),
(93, 3, 'Laghouat', 'LAG', 1),
(94, 3, 'Muaskar', 'MUA', 1),
(95, 3, 'Medea', 'MED', 1),
(96, 3, 'Mila', 'MIL', 1),
(97, 3, 'Mostaganem', 'MOS', 1),
(98, 3, 'M''Sila', 'MSI', 1),
(99, 3, 'Naama', 'NAA', 1),
(100, 3, 'Oran', 'ORA', 1),
(101, 3, 'Ouargla', 'OUA', 1),
(102, 3, 'Oum el-Bouaghi', 'OEB', 1),
(103, 3, 'Relizane', 'REL', 1),
(104, 3, 'Saida', 'SAI', 1),
(105, 3, 'Setif', 'SET', 1),
(106, 3, 'Sidi Bel Abbes', 'SBA', 1),
(107, 3, 'Skikda', 'SKI', 1),
(108, 3, 'Souk Ahras', 'SAH', 1),
(109, 3, 'Tamanghasset', 'TAM', 1),
(110, 3, 'Tebessa', 'TEB', 1),
(111, 3, 'Tiaret', 'TIA', 1),
(112, 3, 'Tindouf', 'TIN', 1),
(113, 3, 'Tipaza', 'TIP', 1),
(114, 3, 'Tissemsilt', 'TIS', 1),
(115, 3, 'Tizi Ouzou', 'TOU', 1),
(116, 3, 'Tlemcen', 'TLE', 1),
(117, 4, 'Eastern', 'E', 1),
(118, 4, 'Manu''a', 'M', 1),
(119, 4, 'Rose Island', 'R', 1),
(120, 4, 'Swains Island', 'S', 1),
(121, 4, 'Western', 'W', 1),
(122, 5, 'Andorra la Vella', 'ALV', 1),
(123, 5, 'Canillo', 'CAN', 1),
(124, 5, 'Encamp', 'ENC', 1),
(125, 5, 'Escaldes-Engordany', 'ESE', 1),
(126, 5, 'La Massana', 'LMA', 1),
(127, 5, 'Ordino', 'ORD', 1),
(128, 5, 'Sant Julia de Loria', 'SJL', 1),
(129, 6, 'Bengo', 'BGO', 1),
(130, 6, 'Benguela', 'BGU', 1),
(131, 6, 'Bie', 'BIE', 1),
(132, 6, 'Cabinda', 'CAB', 1),
(133, 6, 'Cuando-Cubango', 'CCU', 1),
(134, 6, 'Cuanza Norte', 'CNO', 1),
(135, 6, 'Cuanza Sul', 'CUS', 1),
(136, 6, 'Cunene', 'CNN', 1),
(137, 6, 'Huambo', 'HUA', 1),
(138, 6, 'Huila', 'HUI', 1),
(139, 6, 'Luanda', 'LUA', 1),
(140, 6, 'Lunda Norte', 'LNO', 1),
(141, 6, 'Lunda Sul', 'LSU', 1),
(142, 6, 'Malange', 'MAL', 1),
(143, 6, 'Moxico', 'MOX', 1),
(144, 6, 'Namibe', 'NAM', 1),
(145, 6, 'Uige', 'UIG', 1),
(146, 6, 'Zaire', 'ZAI', 1),
(147, 9, 'Saint George', 'ASG', 1),
(148, 9, 'Saint John', 'ASJ', 1),
(149, 9, 'Saint Mary', 'ASM', 1),
(150, 9, 'Saint Paul', 'ASL', 1),
(151, 9, 'Saint Peter', 'ASR', 1),
(152, 9, 'Saint Philip', 'ASH', 1),
(153, 9, 'Barbuda', 'BAR', 1),
(154, 9, 'Redonda', 'RED', 1),
(155, 10, 'Antartida e Islas del Atlantico', 'AN', 1),
(156, 10, 'Buenos Aires', 'BA', 1),
(157, 10, 'Catamarca', 'CA', 1),
(158, 10, 'Chaco', 'CH', 1),
(159, 10, 'Chubut', 'CU', 1),
(160, 10, 'Cordoba', 'CO', 1),
(161, 10, 'Corrientes', 'CR', 1),
(162, 10, 'Distrito Federal', 'DF', 1),
(163, 10, 'Entre Rios', 'ER', 1),
(164, 10, 'Formosa', 'FO', 1),
(165, 10, 'Jujuy', 'JU', 1),
(166, 10, 'La Pampa', 'LP', 1),
(167, 10, 'La Rioja', 'LR', 1),
(168, 10, 'Mendoza', 'ME', 1),
(169, 10, 'Misiones', 'MI', 1),
(170, 10, 'Neuquen', 'NE', 1),
(171, 10, 'Rio Negro', 'RN', 1),
(172, 10, 'Salta', 'SA', 1),
(173, 10, 'San Juan', 'SJ', 1),
(174, 10, 'San Luis', 'SL', 1),
(175, 10, 'Santa Cruz', 'SC', 1),
(176, 10, 'Santa Fe', 'SF', 1),
(177, 10, 'Santiago del Estero', 'SD', 1),
(178, 10, 'Tierra del Fuego', 'TF', 1),
(179, 10, 'Tucuman', 'TU', 1),
(180, 11, 'Aragatsotn', 'AGT', 1),
(181, 11, 'Ararat', 'ARR', 1),
(182, 11, 'Armavir', 'ARM', 1),
(183, 11, 'Geghark''unik''', 'GEG', 1),
(184, 11, 'Kotayk''', 'KOT', 1),
(185, 11, 'Lorri', 'LOR', 1),
(186, 11, 'Shirak', 'SHI', 1),
(187, 11, 'Syunik''', 'SYU', 1),
(188, 11, 'Tavush', 'TAV', 1),
(189, 11, 'Vayots'' Dzor', 'VAY', 1),
(190, 11, 'Yerevan', 'YER', 1),
(191, 13, 'Australian Capital Territory', 'ACT', 1),
(192, 13, 'New South Wales', 'NSW', 1),
(193, 13, 'Northern Territory', 'NT', 1),
(194, 13, 'Queensland', 'QLD', 1),
(195, 13, 'South Australia', 'SA', 1),
(196, 13, 'Tasmania', 'TAS', 1),
(197, 13, 'Victoria', 'VIC', 1),
(198, 13, 'Western Australia', 'WA', 1),
(199, 14, 'Burgenland', 'BUR', 1),
(200, 14, 'Kärnten', 'KAR', 1),
(201, 14, 'Nieder&ouml;sterreich', 'NOS', 1),
(202, 14, 'Ober&ouml;sterreich', 'OOS', 1),
(203, 14, 'Salzburg', 'SAL', 1),
(204, 14, 'Steiermark', 'STE', 1),
(205, 14, 'Tirol', 'TIR', 1),
(206, 14, 'Vorarlberg', 'VOR', 1),
(207, 14, 'Wien', 'WIE', 1),
(208, 15, 'Ali Bayramli', 'AB', 1),
(209, 15, 'Abseron', 'ABS', 1),
(210, 15, 'AgcabAdi', 'AGC', 1),
(211, 15, 'Agdam', 'AGM', 1),
(212, 15, 'Agdas', 'AGS', 1),
(213, 15, 'Agstafa', 'AGA', 1),
(214, 15, 'Agsu', 'AGU', 1),
(215, 15, 'Astara', 'AST', 1),
(216, 15, 'Baki', 'BA', 1),
(217, 15, 'BabAk', 'BAB', 1),
(218, 15, 'BalakAn', 'BAL', 1),
(219, 15, 'BArdA', 'BAR', 1),
(220, 15, 'Beylaqan', 'BEY', 1),
(221, 15, 'Bilasuvar', 'BIL', 1),
(222, 15, 'Cabrayil', 'CAB', 1),
(223, 15, 'Calilabab', 'CAL', 1),
(224, 15, 'Culfa', 'CUL', 1),
(225, 15, 'Daskasan', 'DAS', 1),
(226, 15, 'Davaci', 'DAV', 1),
(227, 15, 'Fuzuli', 'FUZ', 1),
(228, 15, 'Ganca', 'GA', 1),
(229, 15, 'Gadabay', 'GAD', 1),
(230, 15, 'Goranboy', 'GOR', 1),
(231, 15, 'Goycay', 'GOY', 1),
(232, 15, 'Haciqabul', 'HAC', 1),
(233, 15, 'Imisli', 'IMI', 1),
(234, 15, 'Ismayilli', 'ISM', 1),
(235, 15, 'Kalbacar', 'KAL', 1),
(236, 15, 'Kurdamir', 'KUR', 1),
(237, 15, 'Lankaran', 'LA', 1),
(238, 15, 'Lacin', 'LAC', 1),
(239, 15, 'Lankaran', 'LAN', 1),
(240, 15, 'Lerik', 'LER', 1),
(241, 15, 'Masalli', 'MAS', 1),
(242, 15, 'Mingacevir', 'MI', 1),
(243, 15, 'Naftalan', 'NA', 1),
(244, 15, 'Neftcala', 'NEF', 1),
(245, 15, 'Oguz', 'OGU', 1),
(246, 15, 'Ordubad', 'ORD', 1),
(247, 15, 'Qabala', 'QAB', 1),
(248, 15, 'Qax', 'QAX', 1),
(249, 15, 'Qazax', 'QAZ', 1),
(250, 15, 'Qobustan', 'QOB', 1),
(251, 15, 'Quba', 'QBA', 1),
(252, 15, 'Qubadli', 'QBI', 1),
(253, 15, 'Qusar', 'QUS', 1),
(254, 15, 'Saki', 'SA', 1),
(255, 15, 'Saatli', 'SAT', 1),
(256, 15, 'Sabirabad', 'SAB', 1),
(257, 15, 'Sadarak', 'SAD', 1),
(258, 15, 'Sahbuz', 'SAH', 1),
(259, 15, 'Saki', 'SAK', 1),
(260, 15, 'Salyan', 'SAL', 1),
(261, 15, 'Sumqayit', 'SM', 1),
(262, 15, 'Samaxi', 'SMI', 1),
(263, 15, 'Samkir', 'SKR', 1),
(264, 15, 'Samux', 'SMX', 1),
(265, 15, 'Sarur', 'SAR', 1),
(266, 15, 'Siyazan', 'SIY', 1),
(267, 15, 'Susa', 'SS', 1),
(268, 15, 'Susa', 'SUS', 1),
(269, 15, 'Tartar', 'TAR', 1),
(270, 15, 'Tovuz', 'TOV', 1),
(271, 15, 'Ucar', 'UCA', 1),
(272, 15, 'Xankandi', 'XA', 1),
(273, 15, 'Xacmaz', 'XAC', 1),
(274, 15, 'Xanlar', 'XAN', 1),
(275, 15, 'Xizi', 'XIZ', 1),
(276, 15, 'Xocali', 'XCI', 1),
(277, 15, 'Xocavand', 'XVD', 1),
(278, 15, 'Yardimli', 'YAR', 1),
(279, 15, 'Yevlax', 'YEV', 1),
(280, 15, 'Zangilan', 'ZAN', 1),
(281, 15, 'Zaqatala', 'ZAQ', 1),
(282, 15, 'Zardab', 'ZAR', 1),
(283, 15, 'Naxcivan', 'NX', 1),
(284, 16, 'Acklins', 'ACK', 1),
(285, 16, 'Berry Islands', 'BER', 1),
(286, 16, 'Bimini', 'BIM', 1),
(287, 16, 'Black Point', 'BLK', 1),
(288, 16, 'Cat Island', 'CAT', 1),
(289, 16, 'Central Abaco', 'CAB', 1),
(290, 16, 'Central Andros', 'CAN', 1),
(291, 16, 'Central Eleuthera', 'CEL', 1),
(292, 16, 'City of Freeport', 'FRE', 1),
(293, 16, 'Crooked Island', 'CRO', 1),
(294, 16, 'East Grand Bahama', 'EGB', 1),
(295, 16, 'Exuma', 'EXU', 1),
(296, 16, 'Grand Cay', 'GRD', 1),
(297, 16, 'Harbour Island', 'HAR', 1),
(298, 16, 'Hope Town', 'HOP', 1),
(299, 16, 'Inagua', 'INA', 1),
(300, 16, 'Long Island', 'LNG', 1),
(301, 16, 'Mangrove Cay', 'MAN', 1),
(302, 16, 'Mayaguana', 'MAY', 1),
(303, 16, 'Moore''s Island', 'MOO', 1),
(304, 16, 'North Abaco', 'NAB', 1),
(305, 16, 'North Andros', 'NAN', 1),
(306, 16, 'North Eleuthera', 'NEL', 1),
(307, 16, 'Ragged Island', 'RAG', 1),
(308, 16, 'Rum Cay', 'RUM', 1),
(309, 16, 'San Salvador', 'SAL', 1),
(310, 16, 'South Abaco', 'SAB', 1),
(311, 16, 'South Andros', 'SAN', 1),
(312, 16, 'South Eleuthera', 'SEL', 1),
(313, 16, 'Spanish Wells', 'SWE', 1),
(314, 16, 'West Grand Bahama', 'WGB', 1),
(315, 17, 'Capital', 'CAP', 1),
(316, 17, 'Central', 'CEN', 1),
(317, 17, 'Muharraq', 'MUH', 1),
(318, 17, 'Northern', 'NOR', 1),
(319, 17, 'Southern', 'SOU', 1),
(320, 18, 'Barisal', 'BAR', 1),
(321, 18, 'Chittagong', 'CHI', 1),
(322, 18, 'Dhaka', 'DHA', 1),
(323, 18, 'Khulna', 'KHU', 1),
(324, 18, 'Rajshahi', 'RAJ', 1),
(325, 18, 'Sylhet', 'SYL', 1),
(326, 19, 'Christ Church', 'CC', 1),
(327, 19, 'Saint Andrew', 'AND', 1),
(328, 19, 'Saint George', 'GEO', 1),
(329, 19, 'Saint James', 'JAM', 1),
(330, 19, 'Saint John', 'JOH', 1),
(331, 19, 'Saint Joseph', 'JOS', 1),
(332, 19, 'Saint Lucy', 'LUC', 1),
(333, 19, 'Saint Michael', 'MIC', 1),
(334, 19, 'Saint Peter', 'PET', 1),
(335, 19, 'Saint Philip', 'PHI', 1),
(336, 19, 'Saint Thomas', 'THO', 1),
(337, 20, 'Brestskaya (Brest)', 'BR', 1),
(338, 20, 'Homyel''skaya (Homyel'')', 'HO', 1),
(339, 20, 'Horad Minsk', 'HM', 1),
(340, 20, 'Hrodzyenskaya (Hrodna)', 'HR', 1),
(341, 20, 'Mahilyowskaya (Mahilyow)', 'MA', 1),
(342, 20, 'Minskaya', 'MI', 1),
(343, 20, 'Vitsyebskaya (Vitsyebsk)', 'VI', 1),
(344, 21, 'Antwerpen', 'VAN', 1),
(345, 21, 'Brabant Wallon', 'WBR', 1),
(346, 21, 'Hainaut', 'WHT', 1),
(347, 21, 'Liege', 'WLG', 1),
(348, 21, 'Limburg', 'VLI', 1),
(349, 21, 'Luxembourg', 'WLX', 1),
(350, 21, 'Namur', 'WNA', 1),
(351, 21, 'Oost-Vlaanderen', 'VOV', 1),
(352, 21, 'Vlaams Brabant', 'VBR', 1),
(353, 21, 'West-Vlaanderen', 'VWV', 1),
(354, 22, 'Belize', 'BZ', 1),
(355, 22, 'Cayo', 'CY', 1),
(356, 22, 'Corozal', 'CR', 1),
(357, 22, 'Orange Walk', 'OW', 1),
(358, 22, 'Stann Creek', 'SC', 1),
(359, 22, 'Toledo', 'TO', 1),
(360, 23, 'Alibori', 'AL', 1),
(361, 23, 'Atakora', 'AK', 1),
(362, 23, 'Atlantique', 'AQ', 1),
(363, 23, 'Borgou', 'BO', 1),
(364, 23, 'Collines', 'CO', 1),
(365, 23, 'Donga', 'DO', 1),
(366, 23, 'Kouffo', 'KO', 1),
(367, 23, 'Littoral', 'LI', 1),
(368, 23, 'Mono', 'MO', 1),
(369, 23, 'Oueme', 'OU', 1),
(370, 23, 'Plateau', 'PL', 1),
(371, 23, 'Zou', 'ZO', 1),
(372, 24, 'Devonshire', 'DS', 1),
(373, 24, 'Hamilton City', 'HC', 1),
(374, 24, 'Hamilton', 'HA', 1),
(375, 24, 'Paget', 'PG', 1),
(376, 24, 'Pembroke', 'PB', 1),
(377, 24, 'Saint George City', 'GC', 1),
(378, 24, 'Saint George''s', 'SG', 1),
(379, 24, 'Sandys', 'SA', 1),
(380, 24, 'Smith''s', 'SM', 1),
(381, 24, 'Southampton', 'SH', 1),
(382, 24, 'Warwick', 'WA', 1),
(383, 25, 'Bumthang', 'BUM', 1),
(384, 25, 'Chukha', 'CHU', 1),
(385, 25, 'Dagana', 'DAG', 1),
(386, 25, 'Gasa', 'GAS', 1),
(387, 25, 'Haa', 'HAA', 1),
(388, 25, 'Lhuntse', 'LHU', 1),
(389, 25, 'Mongar', 'MON', 1),
(390, 25, 'Paro', 'PAR', 1),
(391, 25, 'Pemagatshel', 'PEM', 1),
(392, 25, 'Punakha', 'PUN', 1),
(393, 25, 'Samdrup Jongkhar', 'SJO', 1),
(394, 25, 'Samtse', 'SAT', 1),
(395, 25, 'Sarpang', 'SAR', 1),
(396, 25, 'Thimphu', 'THI', 1),
(397, 25, 'Trashigang', 'TRG', 1),
(398, 25, 'Trashiyangste', 'TRY', 1),
(399, 25, 'Trongsa', 'TRO', 1),
(400, 25, 'Tsirang', 'TSI', 1),
(401, 25, 'Wangdue Phodrang', 'WPH', 1),
(402, 25, 'Zhemgang', 'ZHE', 1),
(403, 26, 'Beni', 'BEN', 1),
(404, 26, 'Chuquisaca', 'CHU', 1),
(405, 26, 'Cochabamba', 'COC', 1),
(406, 26, 'La Paz', 'LPZ', 1),
(407, 26, 'Oruro', 'ORU', 1),
(408, 26, 'Pando', 'PAN', 1),
(409, 26, 'Potosi', 'POT', 1),
(410, 26, 'Santa Cruz', 'SCZ', 1),
(411, 26, 'Tarija', 'TAR', 1),
(412, 27, 'Brcko district', 'BRO', 1),
(413, 27, 'Unsko-Sanski Kanton', 'FUS', 1),
(414, 27, 'Posavski Kanton', 'FPO', 1),
(415, 27, 'Tuzlanski Kanton', 'FTU', 1),
(416, 27, 'Zenicko-Dobojski Kanton', 'FZE', 1),
(417, 27, 'Bosanskopodrinjski Kanton', 'FBP', 1),
(418, 27, 'Srednjebosanski Kanton', 'FSB', 1),
(419, 27, 'Hercegovacko-neretvanski Kanton', 'FHN', 1),
(420, 27, 'Zapadnohercegovacka Zupanija', 'FZH', 1),
(421, 27, 'Kanton Sarajevo', 'FSA', 1),
(422, 27, 'Zapadnobosanska', 'FZA', 1),
(423, 27, 'Banja Luka', 'SBL', 1),
(424, 27, 'Doboj', 'SDO', 1),
(425, 27, 'Bijeljina', 'SBI', 1),
(426, 27, 'Vlasenica', 'SVL', 1),
(427, 27, 'Sarajevo-Romanija or Sokolac', 'SSR', 1),
(428, 27, 'Foca', 'SFO', 1),
(429, 27, 'Trebinje', 'STR', 1),
(430, 28, 'Central', 'CE', 1),
(431, 28, 'Ghanzi', 'GH', 1),
(432, 28, 'Kgalagadi', 'KD', 1),
(433, 28, 'Kgatleng', 'KT', 1),
(434, 28, 'Kweneng', 'KW', 1),
(435, 28, 'Ngamiland', 'NG', 1),
(436, 28, 'North East', 'NE', 1),
(437, 28, 'North West', 'NW', 1),
(438, 28, 'South East', 'SE', 1),
(439, 28, 'Southern', 'SO', 1),
(440, 30, 'Acre', 'AC', 1),
(441, 30, 'Alagoas', 'AL', 1),
(442, 30, 'Amapa', 'AP', 1),
(443, 30, 'Amazonas', 'AM', 1),
(444, 30, 'Bahia', 'BA', 1),
(445, 30, 'Ceara', 'CE', 1),
(446, 30, 'Distrito Federal', 'DF', 1),
(447, 30, 'Espirito Santo', 'ES', 1),
(448, 30, 'Goias', 'GO', 1),
(449, 30, 'Maranhao', 'MA', 1),
(450, 30, 'Mato Grosso', 'MT', 1),
(451, 30, 'Mato Grosso do Sul', 'MS', 1),
(452, 30, 'Minas Gerais', 'MG', 1),
(453, 30, 'Para', 'PA', 1),
(454, 30, 'Paraiba', 'PB', 1),
(455, 30, 'Parana', 'PR', 1),
(456, 30, 'Pernambuco', 'PE', 1),
(457, 30, 'Piaui', 'PI', 1),
(458, 30, 'Rio de Janeiro', 'RJ', 1),
(459, 30, 'Rio Grande do Norte', 'RN', 1),
(460, 30, 'Rio Grande do Sul', 'RS', 1),
(461, 30, 'Rondonia', 'RO', 1),
(462, 30, 'Roraima', 'RR', 1),
(463, 30, 'Santa Catarina', 'SC', 1),
(464, 30, 'Sao Paulo', 'SP', 1),
(465, 30, 'Sergipe', 'SE', 1),
(466, 30, 'Tocantins', 'TO', 1),
(467, 31, 'Peros Banhos', 'PB', 1),
(468, 31, 'Salomon Islands', 'SI', 1),
(469, 31, 'Nelsons Island', 'NI', 1),
(470, 31, 'Three Brothers', 'TB', 1),
(471, 31, 'Eagle Islands', 'EA', 1),
(472, 31, 'Danger Island', 'DI', 1),
(473, 31, 'Egmont Islands', 'EG', 1),
(474, 31, 'Diego Garcia', 'DG', 1),
(475, 32, 'Belait', 'BEL', 1),
(476, 32, 'Brunei and Muara', 'BRM', 1),
(477, 32, 'Temburong', 'TEM', 1),
(478, 32, 'Tutong', 'TUT', 1),
(479, 33, 'Blagoevgrad', '', 1),
(480, 33, 'Burgas', '', 1),
(481, 33, 'Dobrich', '', 1),
(482, 33, 'Gabrovo', '', 1),
(483, 33, 'Haskovo', '', 1),
(484, 33, 'Kardjali', '', 1),
(485, 33, 'Kyustendil', '', 1),
(486, 33, 'Lovech', '', 1),
(487, 33, 'Montana', '', 1),
(488, 33, 'Pazardjik', '', 1),
(489, 33, 'Pernik', '', 1),
(490, 33, 'Pleven', '', 1),
(491, 33, 'Plovdiv', '', 1),
(492, 33, 'Razgrad', '', 1),
(493, 33, 'Shumen', '', 1),
(494, 33, 'Silistra', '', 1),
(495, 33, 'Sliven', '', 1),
(496, 33, 'Smolyan', '', 1),
(497, 33, 'Sofia', '', 1),
(498, 33, 'Sofia - town', '', 1),
(499, 33, 'Stara Zagora', '', 1),
(500, 33, 'Targovishte', '', 1),
(501, 33, 'Varna', '', 1),
(502, 33, 'Veliko Tarnovo', '', 1),
(503, 33, 'Vidin', '', 1),
(504, 33, 'Vratza', '', 1),
(505, 33, 'Yambol', '', 1),
(506, 34, 'Bale', 'BAL', 1),
(507, 34, 'Bam', 'BAM', 1),
(508, 34, 'Banwa', 'BAN', 1),
(509, 34, 'Bazega', 'BAZ', 1),
(510, 34, 'Bougouriba', 'BOR', 1),
(511, 34, 'Boulgou', 'BLG', 1),
(512, 34, 'Boulkiemde', 'BOK', 1),
(513, 34, 'Comoe', 'COM', 1),
(514, 34, 'Ganzourgou', 'GAN', 1),
(515, 34, 'Gnagna', 'GNA', 1),
(516, 34, 'Gourma', 'GOU', 1),
(517, 34, 'Houet', 'HOU', 1),
(518, 34, 'Ioba', 'IOA', 1),
(519, 34, 'Kadiogo', 'KAD', 1),
(520, 34, 'Kenedougou', 'KEN', 1),
(521, 34, 'Komondjari', 'KOD', 1),
(522, 34, 'Kompienga', 'KOP', 1),
(523, 34, 'Kossi', 'KOS', 1),
(524, 34, 'Koulpelogo', 'KOL', 1),
(525, 34, 'Kouritenga', 'KOT', 1),
(526, 34, 'Kourweogo', 'KOW', 1),
(527, 34, 'Leraba', 'LER', 1),
(528, 34, 'Loroum', 'LOR', 1),
(529, 34, 'Mouhoun', 'MOU', 1),
(530, 34, 'Nahouri', 'NAH', 1),
(531, 34, 'Namentenga', 'NAM', 1),
(532, 34, 'Nayala', 'NAY', 1),
(533, 34, 'Noumbiel', 'NOU', 1),
(534, 34, 'Oubritenga', 'OUB', 1),
(535, 34, 'Oudalan', 'OUD', 1),
(536, 34, 'Passore', 'PAS', 1),
(537, 34, 'Poni', 'PON', 1),
(538, 34, 'Sanguie', 'SAG', 1),
(539, 34, 'Sanmatenga', 'SAM', 1),
(540, 34, 'Seno', 'SEN', 1),
(541, 34, 'Sissili', 'SIS', 1),
(542, 34, 'Soum', 'SOM', 1),
(543, 34, 'Sourou', 'SOR', 1),
(544, 34, 'Tapoa', 'TAP', 1),
(545, 34, 'Tuy', 'TUY', 1),
(546, 34, 'Yagha', 'YAG', 1),
(547, 34, 'Yatenga', 'YAT', 1),
(548, 34, 'Ziro', 'ZIR', 1),
(549, 34, 'Zondoma', 'ZOD', 1),
(550, 34, 'Zoundweogo', 'ZOW', 1),
(551, 35, 'Bubanza', 'BB', 1),
(552, 35, 'Bujumbura', 'BJ', 1),
(553, 35, 'Bururi', 'BR', 1),
(554, 35, 'Cankuzo', 'CA', 1),
(555, 35, 'Cibitoke', 'CI', 1),
(556, 35, 'Gitega', 'GI', 1),
(557, 35, 'Karuzi', 'KR', 1),
(558, 35, 'Kayanza', 'KY', 1),
(559, 35, 'Kirundo', 'KI', 1),
(560, 35, 'Makamba', 'MA', 1),
(561, 35, 'Muramvya', 'MU', 1),
(562, 35, 'Muyinga', 'MY', 1),
(563, 35, 'Mwaro', 'MW', 1),
(564, 35, 'Ngozi', 'NG', 1),
(565, 35, 'Rutana', 'RT', 1),
(566, 35, 'Ruyigi', 'RY', 1),
(567, 36, 'Phnom Penh', 'PP', 1),
(568, 36, 'Preah Seihanu (Kompong Som or Sihanoukville)', 'PS', 1),
(569, 36, 'Pailin', 'PA', 1),
(570, 36, 'Keb', 'KB', 1),
(571, 36, 'Banteay Meanchey', 'BM', 1),
(572, 36, 'Battambang', 'BA', 1),
(573, 36, 'Kampong Cham', 'KM', 1),
(574, 36, 'Kampong Chhnang', 'KN', 1),
(575, 36, 'Kampong Speu', 'KU', 1),
(576, 36, 'Kampong Som', 'KO', 1),
(577, 36, 'Kampong Thom', 'KT', 1),
(578, 36, 'Kampot', 'KP', 1),
(579, 36, 'Kandal', 'KL', 1),
(580, 36, 'Kaoh Kong', 'KK', 1),
(581, 36, 'Kratie', 'KR', 1),
(582, 36, 'Mondul Kiri', 'MK', 1),
(583, 36, 'Oddar Meancheay', 'OM', 1),
(584, 36, 'Pursat', 'PU', 1),
(585, 36, 'Preah Vihear', 'PR', 1),
(586, 36, 'Prey Veng', 'PG', 1),
(587, 36, 'Ratanak Kiri', 'RK', 1),
(588, 36, 'Siemreap', 'SI', 1),
(589, 36, 'Stung Treng', 'ST', 1),
(590, 36, 'Svay Rieng', 'SR', 1),
(591, 36, 'Takeo', 'TK', 1),
(592, 37, 'Adamawa (Adamaoua)', 'ADA', 1),
(593, 37, 'Centre', 'CEN', 1),
(594, 37, 'East (Est)', 'EST', 1),
(595, 37, 'Extreme North (Extreme-Nord)', 'EXN', 1),
(596, 37, 'Littoral', 'LIT', 1),
(597, 37, 'North (Nord)', 'NOR', 1),
(598, 37, 'Northwest (Nord-Ouest)', 'NOT', 1),
(599, 37, 'West (Ouest)', 'OUE', 1),
(600, 37, 'South (Sud)', 'SUD', 1),
(601, 37, 'Southwest (Sud-Ouest).', 'SOU', 1),
(602, 38, 'Alberta', 'AB', 1),
(603, 38, 'British Columbia', 'BC', 1),
(604, 38, 'Manitoba', 'MB', 1),
(605, 38, 'New Brunswick', 'NB', 1),
(606, 38, 'Newfoundland and Labrador', 'NL', 1),
(607, 38, 'Northwest Territories', 'NT', 1),
(608, 38, 'Nova Scotia', 'NS', 1),
(609, 38, 'Nunavut', 'NU', 1),
(610, 38, 'Ontario', 'ON', 1),
(611, 38, 'Prince Edward Island', 'PE', 1),
(612, 38, 'Qu&eacute;bec', 'QC', 1),
(613, 38, 'Saskatchewan', 'SK', 1),
(614, 38, 'Yukon Territory', 'YT', 1),
(615, 39, 'Boa Vista', 'BV', 1),
(616, 39, 'Brava', 'BR', 1),
(617, 39, 'Calheta de Sao Miguel', 'CS', 1),
(618, 39, 'Maio', 'MA', 1),
(619, 39, 'Mosteiros', 'MO', 1),
(620, 39, 'Paul', 'PA', 1),
(621, 39, 'Porto Novo', 'PN', 1),
(622, 39, 'Praia', 'PR', 1),
(623, 39, 'Ribeira Grande', 'RG', 1),
(624, 39, 'Sal', 'SL', 1),
(625, 39, 'Santa Catarina', 'CA', 1),
(626, 39, 'Santa Cruz', 'CR', 1),
(627, 39, 'Sao Domingos', 'SD', 1),
(628, 39, 'Sao Filipe', 'SF', 1),
(629, 39, 'Sao Nicolau', 'SN', 1),
(630, 39, 'Sao Vicente', 'SV', 1),
(631, 39, 'Tarrafal', 'TA', 1),
(632, 40, 'Creek', 'CR', 1),
(633, 40, 'Eastern', 'EA', 1),
(634, 40, 'Midland', 'ML', 1),
(635, 40, 'South Town', 'ST', 1),
(636, 40, 'Spot Bay', 'SP', 1),
(637, 40, 'Stake Bay', 'SK', 1),
(638, 40, 'West End', 'WD', 1),
(639, 40, 'Western', 'WN', 1),
(640, 41, 'Bamingui-Bangoran', 'BBA', 1),
(641, 41, 'Basse-Kotto', 'BKO', 1),
(642, 41, 'Haute-Kotto', 'HKO', 1),
(643, 41, 'Haut-Mbomou', 'HMB', 1),
(644, 41, 'Kemo', 'KEM', 1),
(645, 41, 'Lobaye', 'LOB', 1),
(646, 41, 'Mambere-KadeÔ', 'MKD', 1),
(647, 41, 'Mbomou', 'MBO', 1),
(648, 41, 'Nana-Mambere', 'NMM', 1),
(649, 41, 'Ombella-M''Poko', 'OMP', 1),
(650, 41, 'Ouaka', 'OUK', 1),
(651, 41, 'Ouham', 'OUH', 1),
(652, 41, 'Ouham-Pende', 'OPE', 1),
(653, 41, 'Vakaga', 'VAK', 1),
(654, 41, 'Nana-Grebizi', 'NGR', 1),
(655, 41, 'Sangha-Mbaere', 'SMB', 1),
(656, 41, 'Bangui', 'BAN', 1),
(657, 42, 'Batha', 'BA', 1),
(658, 42, 'Biltine', 'BI', 1),
(659, 42, 'Borkou-Ennedi-Tibesti', 'BE', 1),
(660, 42, 'Chari-Baguirmi', 'CB', 1),
(661, 42, 'Guera', 'GU', 1),
(662, 42, 'Kanem', 'KA', 1),
(663, 42, 'Lac', 'LA', 1),
(664, 42, 'Logone Occidental', 'LC', 1),
(665, 42, 'Logone Oriental', 'LR', 1),
(666, 42, 'Mayo-Kebbi', 'MK', 1),
(667, 42, 'Moyen-Chari', 'MC', 1),
(668, 42, 'Ouaddai', 'OU', 1),
(669, 42, 'Salamat', 'SA', 1),
(670, 42, 'Tandjile', 'TA', 1),
(671, 43, 'Aisen del General Carlos Ibanez', 'AI', 1),
(672, 43, 'Antofagasta', 'AN', 1),
(673, 43, 'Araucania', 'AR', 1),
(674, 43, 'Atacama', 'AT', 1),
(675, 43, 'Bio-Bio', 'BI', 1),
(676, 43, 'Coquimbo', 'CO', 1),
(677, 43, 'Libertador General Bernardo O''Hi', 'LI', 1),
(678, 43, 'Los Lagos', 'LL', 1),
(679, 43, 'Magallanes y de la Antartica Chi', 'MA', 1),
(680, 43, 'Maule', 'ML', 1),
(681, 43, 'Region Metropolitana', 'RM', 1),
(682, 43, 'Tarapaca', 'TA', 1),
(683, 43, 'Valparaiso', 'VS', 1),
(684, 44, 'Anhui', 'AN', 1),
(685, 44, 'Beijing', 'BE', 1),
(686, 44, 'Chongqing', 'CH', 1),
(687, 44, 'Fujian', 'FU', 1),
(688, 44, 'Gansu', 'GA', 1),
(689, 44, 'Guangdong', 'GU', 1),
(690, 44, 'Guangxi', 'GX', 1),
(691, 44, 'Guizhou', 'GZ', 1),
(692, 44, 'Hainan', 'HA', 1),
(693, 44, 'Hebei', 'HB', 1),
(694, 44, 'Heilongjiang', 'HL', 1),
(695, 44, 'Henan', 'HE', 1),
(696, 44, 'Hong Kong', 'HK', 1),
(697, 44, 'Hubei', 'HU', 1),
(698, 44, 'Hunan', 'HN', 1),
(699, 44, 'Inner Mongolia', 'IM', 1),
(700, 44, 'Jiangsu', 'JI', 1),
(701, 44, 'Jiangxi', 'JX', 1),
(702, 44, 'Jilin', 'JL', 1),
(703, 44, 'Liaoning', 'LI', 1),
(704, 44, 'Macau', 'MA', 1),
(705, 44, 'Ningxia', 'NI', 1),
(706, 44, 'Shaanxi', 'SH', 1),
(707, 44, 'Shandong', 'SA', 1),
(708, 44, 'Shanghai', 'SG', 1),
(709, 44, 'Shanxi', 'SX', 1),
(710, 44, 'Sichuan', 'SI', 1),
(711, 44, 'Tianjin', 'TI', 1),
(712, 44, 'Xinjiang', 'XI', 1),
(713, 44, 'Yunnan', 'YU', 1),
(714, 44, 'Zhejiang', 'ZH', 1),
(715, 46, 'Direction Island', 'D', 1),
(716, 46, 'Home Island', 'H', 1),
(717, 46, 'Horsburgh Island', 'O', 1),
(718, 46, 'South Island', 'S', 1),
(719, 46, 'West Island', 'W', 1),
(720, 47, 'Amazonas', 'AMZ', 1),
(721, 47, 'Antioquia', 'ANT', 1),
(722, 47, 'Arauca', 'ARA', 1),
(723, 47, 'Atlantico', 'ATL', 1),
(724, 47, 'Bogota D.C.', 'BDC', 1),
(725, 47, 'Bolivar', 'BOL', 1),
(726, 47, 'Boyaca', 'BOY', 1),
(727, 47, 'Caldas', 'CAL', 1),
(728, 47, 'Caqueta', 'CAQ', 1),
(729, 47, 'Casanare', 'CAS', 1),
(730, 47, 'Cauca', 'CAU', 1),
(731, 47, 'Cesar', 'CES', 1),
(732, 47, 'Choco', 'CHO', 1),
(733, 47, 'Cordoba', 'COR', 1),
(734, 47, 'Cundinamarca', 'CAM', 1),
(735, 47, 'Guainia', 'GNA', 1),
(736, 47, 'Guajira', 'GJR', 1),
(737, 47, 'Guaviare', 'GVR', 1),
(738, 47, 'Huila', 'HUI', 1),
(739, 47, 'Magdalena', 'MAG', 1),
(740, 47, 'Meta', 'MET', 1),
(741, 47, 'Narino', 'NAR', 1),
(742, 47, 'Norte de Santander', 'NDS', 1),
(743, 47, 'Putumayo', 'PUT', 1),
(744, 47, 'Quindio', 'QUI', 1),
(745, 47, 'Risaralda', 'RIS', 1),
(746, 47, 'San Andres y Providencia', 'SAP', 1),
(747, 47, 'Santander', 'SAN', 1),
(748, 47, 'Sucre', 'SUC', 1),
(749, 47, 'Tolima', 'TOL', 1),
(750, 47, 'Valle del Cauca', 'VDC', 1),
(751, 47, 'Vaupes', 'VAU', 1),
(752, 47, 'Vichada', 'VIC', 1),
(753, 48, 'Grande Comore', 'G', 1),
(754, 48, 'Anjouan', 'A', 1),
(755, 48, 'Moheli', 'M', 1),
(756, 49, 'Bouenza', 'BO', 1),
(757, 49, 'Brazzaville', 'BR', 1),
(758, 49, 'Cuvette', 'CU', 1),
(759, 49, 'Cuvette-Ouest', 'CO', 1),
(760, 49, 'Kouilou', 'KO', 1),
(761, 49, 'Lekoumou', 'LE', 1),
(762, 49, 'Likouala', 'LI', 1),
(763, 49, 'Niari', 'NI', 1),
(764, 49, 'Plateaux', 'PL', 1),
(765, 49, 'Pool', 'PO', 1),
(766, 49, 'Sangha', 'SA', 1),
(767, 50, 'Pukapuka', 'PU', 1),
(768, 50, 'Rakahanga', 'RK', 1),
(769, 50, 'Manihiki', 'MK', 1),
(770, 50, 'Penrhyn', 'PE', 1),
(771, 50, 'Nassau Island', 'NI', 1),
(772, 50, 'Surwarrow', 'SU', 1),
(773, 50, 'Palmerston', 'PA', 1),
(774, 50, 'Aitutaki', 'AI', 1),
(775, 50, 'Manuae', 'MA', 1),
(776, 50, 'Takutea', 'TA', 1),
(777, 50, 'Mitiaro', 'MT', 1),
(778, 50, 'Atiu', 'AT', 1),
(779, 50, 'Mauke', 'MU', 1),
(780, 50, 'Rarotonga', 'RR', 1),
(781, 50, 'Mangaia', 'MG', 1),
(782, 51, 'Alajuela', 'AL', 1),
(783, 51, 'Cartago', 'CA', 1),
(784, 51, 'Guanacaste', 'GU', 1),
(785, 51, 'Heredia', 'HE', 1),
(786, 51, 'Limon', 'LI', 1),
(787, 51, 'Puntarenas', 'PU', 1),
(788, 51, 'San Jose', 'SJ', 1),
(789, 52, 'Abengourou', 'ABE', 1),
(790, 52, 'Abidjan', 'ABI', 1),
(791, 52, 'Aboisso', 'ABO', 1),
(792, 52, 'Adiake', 'ADI', 1),
(793, 52, 'Adzope', 'ADZ', 1),
(794, 52, 'Agboville', 'AGB', 1),
(795, 52, 'Agnibilekrou', 'AGN', 1),
(796, 52, 'Alepe', 'ALE', 1),
(797, 52, 'Bocanda', 'BOC', 1),
(798, 52, 'Bangolo', 'BAN', 1),
(799, 52, 'Beoumi', 'BEO', 1),
(800, 52, 'Biankouma', 'BIA', 1),
(801, 52, 'Bondoukou', 'BDK', 1),
(802, 52, 'Bongouanou', 'BGN', 1),
(803, 52, 'Bouafle', 'BFL', 1),
(804, 52, 'Bouake', 'BKE', 1),
(805, 52, 'Bouna', 'BNA', 1),
(806, 52, 'Boundiali', 'BDL', 1),
(807, 52, 'Dabakala', 'DKL', 1),
(808, 52, 'Dabou', 'DBU', 1),
(809, 52, 'Daloa', 'DAL', 1),
(810, 52, 'Danane', 'DAN', 1),
(811, 52, 'Daoukro', 'DAO', 1),
(812, 52, 'Dimbokro', 'DIM', 1),
(813, 52, 'Divo', 'DIV', 1),
(814, 52, 'Duekoue', 'DUE', 1),
(815, 52, 'Ferkessedougou', 'FER', 1),
(816, 52, 'Gagnoa', 'GAG', 1),
(817, 52, 'Grand-Bassam', 'GBA', 1),
(818, 52, 'Grand-Lahou', 'GLA', 1),
(819, 52, 'Guiglo', 'GUI', 1),
(820, 52, 'Issia', 'ISS', 1),
(821, 52, 'Jacqueville', 'JAC', 1),
(822, 52, 'Katiola', 'KAT', 1),
(823, 52, 'Korhogo', 'KOR', 1),
(824, 52, 'Lakota', 'LAK', 1),
(825, 52, 'Man', 'MAN', 1),
(826, 52, 'Mankono', 'MKN', 1),
(827, 52, 'Mbahiakro', 'MBA', 1),
(828, 52, 'Odienne', 'ODI', 1),
(829, 52, 'Oume', 'OUM', 1),
(830, 52, 'Sakassou', 'SAK', 1),
(831, 52, 'San-Pedro', 'SPE', 1),
(832, 52, 'Sassandra', 'SAS', 1),
(833, 52, 'Seguela', 'SEG', 1),
(834, 52, 'Sinfra', 'SIN', 1),
(835, 52, 'Soubre', 'SOU', 1),
(836, 52, 'Tabou', 'TAB', 1),
(837, 52, 'Tanda', 'TAN', 1),
(838, 52, 'Tiebissou', 'TIE', 1),
(839, 52, 'Tingrela', 'TIN', 1),
(840, 52, 'Tiassale', 'TIA', 1),
(841, 52, 'Touba', 'TBA', 1),
(842, 52, 'Toulepleu', 'TLP', 1),
(843, 52, 'Toumodi', 'TMD', 1),
(844, 52, 'Vavoua', 'VAV', 1),
(845, 52, 'Yamoussoukro', 'YAM', 1),
(846, 52, 'Zuenoula', 'ZUE', 1),
(847, 53, 'Bjelovar-Bilogora', 'BB', 1),
(848, 53, 'City of Zagreb', 'CZ', 1),
(849, 53, 'Dubrovnik-Neretva', 'DN', 1),
(850, 53, 'Istra', 'IS', 1),
(851, 53, 'Karlovac', 'KA', 1),
(852, 53, 'Koprivnica-Krizevci', 'KK', 1),
(853, 53, 'Krapina-Zagorje', 'KZ', 1),
(854, 53, 'Lika-Senj', 'LS', 1),
(855, 53, 'Medimurje', 'ME', 1),
(856, 53, 'Osijek-Baranja', 'OB', 1),
(857, 53, 'Pozega-Slavonia', 'PS', 1),
(858, 53, 'Primorje-Gorski Kotar', 'PG', 1),
(859, 53, 'Sibenik', 'SI', 1),
(860, 53, 'Sisak-Moslavina', 'SM', 1),
(861, 53, 'Slavonski Brod-Posavina', 'SB', 1),
(862, 53, 'Split-Dalmatia', 'SD', 1),
(863, 53, 'Varazdin', 'VA', 1),
(864, 53, 'Virovitica-Podravina', 'VP', 1),
(865, 53, 'Vukovar-Srijem', 'VS', 1),
(866, 53, 'Zadar-Knin', 'ZK', 1),
(867, 53, 'Zagreb', 'ZA', 1),
(868, 54, 'Camaguey', 'CA', 1),
(869, 54, 'Ciego de Avila', 'CD', 1),
(870, 54, 'Cienfuegos', 'CI', 1),
(871, 54, 'Ciudad de La Habana', 'CH', 1),
(872, 54, 'Granma', 'GR', 1),
(873, 54, 'Guantanamo', 'GU', 1),
(874, 54, 'Holguin', 'HO', 1),
(875, 54, 'Isla de la Juventud', 'IJ', 1),
(876, 54, 'La Habana', 'LH', 1),
(877, 54, 'Las Tunas', 'LT', 1),
(878, 54, 'Matanzas', 'MA', 1),
(879, 54, 'Pinar del Rio', 'PR', 1),
(880, 54, 'Sancti Spiritus', 'SS', 1),
(881, 54, 'Santiago de Cuba', 'SC', 1),
(882, 54, 'Villa Clara', 'VC', 1),
(883, 55, 'Famagusta', 'F', 1),
(884, 55, 'Kyrenia', 'K', 1),
(885, 55, 'Larnaca', 'A', 1),
(886, 55, 'Limassol', 'I', 1),
(887, 55, 'Nicosia', 'N', 1),
(888, 55, 'Paphos', 'P', 1),
(889, 56, 'Ústecký', 'U', 1),
(890, 56, 'Jihočeský', 'C', 1),
(891, 56, 'Jihomoravský', 'B', 1),
(892, 56, 'Karlovarský', 'K', 1),
(893, 56, 'Královehradecký', 'H', 1),
(894, 56, 'Liberecký', 'L', 1),
(895, 56, 'Moravskoslezský', 'T', 1),
(896, 56, 'Olomoucký', 'M', 1),
(897, 56, 'Pardubický', 'E', 1),
(898, 56, 'Plzeňský', 'P', 1),
(899, 56, 'Praha', 'A', 1),
(900, 56, 'Středočeský', 'S', 1),
(901, 56, 'Vysočina', 'J', 1),
(902, 56, 'Zlínský', 'Z', 1),
(903, 57, 'Arhus', 'AR', 1),
(904, 57, 'Bornholm', 'BH', 1),
(905, 57, 'Copenhagen', 'CO', 1),
(906, 57, 'Faroe Islands', 'FO', 1),
(907, 57, 'Frederiksborg', 'FR', 1),
(908, 57, 'Fyn', 'FY', 1),
(909, 57, 'Kobenhavn', 'KO', 1),
(910, 57, 'Nordjylland', 'NO', 1),
(911, 57, 'Ribe', 'RI', 1),
(912, 57, 'Ringkobing', 'RK', 1),
(913, 57, 'Roskilde', 'RO', 1),
(914, 57, 'Sonderjylland', 'SO', 1),
(915, 57, 'Storstrom', 'ST', 1),
(916, 57, 'Vejle', 'VK', 1),
(917, 57, 'Vestj&aelig;lland', 'VJ', 1),
(918, 57, 'Viborg', 'VB', 1),
(919, 58, '''Ali Sabih', 'S', 1),
(920, 58, 'Dikhil', 'K', 1),
(921, 58, 'Djibouti', 'J', 1),
(922, 58, 'Obock', 'O', 1),
(923, 58, 'Tadjoura', 'T', 1),
(924, 59, 'Saint Andrew Parish', 'AND', 1),
(925, 59, 'Saint David Parish', 'DAV', 1),
(926, 59, 'Saint George Parish', 'GEO', 1),
(927, 59, 'Saint John Parish', 'JOH', 1),
(928, 59, 'Saint Joseph Parish', 'JOS', 1),
(929, 59, 'Saint Luke Parish', 'LUK', 1),
(930, 59, 'Saint Mark Parish', 'MAR', 1),
(931, 59, 'Saint Patrick Parish', 'PAT', 1),
(932, 59, 'Saint Paul Parish', 'PAU', 1),
(933, 59, 'Saint Peter Parish', 'PET', 1),
(934, 60, 'Distrito Nacional', 'DN', 1),
(935, 60, 'Azua', 'AZ', 1),
(936, 60, 'Baoruco', 'BC', 1),
(937, 60, 'Barahona', 'BH', 1),
(938, 60, 'Dajabon', 'DJ', 1),
(939, 60, 'Duarte', 'DU', 1),
(940, 60, 'Elias Pina', 'EL', 1),
(941, 60, 'El Seybo', 'SY', 1),
(942, 60, 'Espaillat', 'ET', 1),
(943, 60, 'Hato Mayor', 'HM', 1),
(944, 60, 'Independencia', 'IN', 1),
(945, 60, 'La Altagracia', 'AL', 1),
(946, 60, 'La Romana', 'RO', 1),
(947, 60, 'La Vega', 'VE', 1),
(948, 60, 'Maria Trinidad Sanchez', 'MT', 1),
(949, 60, 'Monsenor Nouel', 'MN', 1),
(950, 60, 'Monte Cristi', 'MC', 1),
(951, 60, 'Monte Plata', 'MP', 1),
(952, 60, 'Pedernales', 'PD', 1),
(953, 60, 'Peravia (Bani)', 'PR', 1),
(954, 60, 'Puerto Plata', 'PP', 1),
(955, 60, 'Salcedo', 'SL', 1),
(956, 60, 'Samana', 'SM', 1),
(957, 60, 'Sanchez Ramirez', 'SH', 1),
(958, 60, 'San Cristobal', 'SC', 1),
(959, 60, 'San Jose de Ocoa', 'JO', 1),
(960, 60, 'San Juan', 'SJ', 1),
(961, 60, 'San Pedro de Macoris', 'PM', 1),
(962, 60, 'Santiago', 'SA', 1),
(963, 60, 'Santiago Rodriguez', 'ST', 1),
(964, 60, 'Santo Domingo', 'SD', 1),
(965, 60, 'Valverde', 'VA', 1),
(966, 61, 'Aileu', 'AL', 1),
(967, 61, 'Ainaro', 'AN', 1),
(968, 61, 'Baucau', 'BA', 1),
(969, 61, 'Bobonaro', 'BO', 1),
(970, 61, 'Cova Lima', 'CO', 1),
(971, 61, 'Dili', 'DI', 1),
(972, 61, 'Ermera', 'ER', 1),
(973, 61, 'Lautem', 'LA', 1),
(974, 61, 'Liquica', 'LI', 1),
(975, 61, 'Manatuto', 'MT', 1),
(976, 61, 'Manufahi', 'MF', 1),
(977, 61, 'Oecussi', 'OE', 1),
(978, 61, 'Viqueque', 'VI', 1),
(979, 62, 'Azuay', 'AZU', 1),
(980, 62, 'Bolivar', 'BOL', 1),
(981, 62, 'Ca&ntilde;ar', 'CAN', 1),
(982, 62, 'Carchi', 'CAR', 1),
(983, 62, 'Chimborazo', 'CHI', 1),
(984, 62, 'Cotopaxi', 'COT', 1),
(985, 62, 'El Oro', 'EOR', 1),
(986, 62, 'Esmeraldas', 'ESM', 1),
(987, 62, 'Gal&aacute;pagos', 'GPS', 1),
(988, 62, 'Guayas', 'GUA', 1),
(989, 62, 'Imbabura', 'IMB', 1),
(990, 62, 'Loja', 'LOJ', 1),
(991, 62, 'Los Rios', 'LRO', 1),
(992, 62, 'Manab&iacute;', 'MAN', 1),
(993, 62, 'Morona Santiago', 'MSA', 1),
(994, 62, 'Napo', 'NAP', 1),
(995, 62, 'Orellana', 'ORE', 1),
(996, 62, 'Pastaza', 'PAS', 1),
(997, 62, 'Pichincha', 'PIC', 1),
(998, 62, 'Sucumb&iacute;os', 'SUC', 1),
(999, 62, 'Tungurahua', 'TUN', 1),
(1000, 62, 'Zamora Chinchipe', 'ZCH', 1),
(1001, 63, 'Ad Daqahliyah', 'DHY', 1),
(1002, 63, 'Al Bahr al Ahmar', 'BAM', 1),
(1003, 63, 'Al Buhayrah', 'BHY', 1),
(1004, 63, 'Al Fayyum', 'FYM', 1),
(1005, 63, 'Al Gharbiyah', 'GBY', 1),
(1006, 63, 'Al Iskandariyah', 'IDR', 1),
(1007, 63, 'Al Isma''iliyah', 'IML', 1),
(1008, 63, 'Al Jizah', 'JZH', 1),
(1009, 63, 'Al Minufiyah', 'MFY', 1),
(1010, 63, 'Al Minya', 'MNY', 1),
(1011, 63, 'Al Qahirah', 'QHR', 1),
(1012, 63, 'Al Qalyubiyah', 'QLY', 1),
(1013, 63, 'Al Wadi al Jadid', 'WJD', 1),
(1014, 63, 'Ash Sharqiyah', 'SHQ', 1),
(1015, 63, 'As Suways', 'SWY', 1),
(1016, 63, 'Aswan', 'ASW', 1),
(1017, 63, 'Asyut', 'ASY', 1),
(1018, 63, 'Bani Suwayf', 'BSW', 1),
(1019, 63, 'Bur Sa''id', 'BSD', 1),
(1020, 63, 'Dumyat', 'DMY', 1),
(1021, 63, 'Janub Sina''', 'JNS', 1),
(1022, 63, 'Kafr ash Shaykh', 'KSH', 1),
(1023, 63, 'Matruh', 'MAT', 1),
(1024, 63, 'Qina', 'QIN', 1),
(1025, 63, 'Shamal Sina''', 'SHS', 1),
(1026, 63, 'Suhaj', 'SUH', 1),
(1027, 64, 'Ahuachapan', 'AH', 1),
(1028, 64, 'Cabanas', 'CA', 1),
(1029, 64, 'Chalatenango', 'CH', 1),
(1030, 64, 'Cuscatlan', 'CU', 1),
(1031, 64, 'La Libertad', 'LB', 1),
(1032, 64, 'La Paz', 'PZ', 1),
(1033, 64, 'La Union', 'UN', 1),
(1034, 64, 'Morazan', 'MO', 1),
(1035, 64, 'San Miguel', 'SM', 1),
(1036, 64, 'San Salvador', 'SS', 1),
(1037, 64, 'San Vicente', 'SV', 1),
(1038, 64, 'Santa Ana', 'SA', 1),
(1039, 64, 'Sonsonate', 'SO', 1),
(1040, 64, 'Usulutan', 'US', 1),
(1041, 65, 'Provincia Annobon', 'AN', 1),
(1042, 65, 'Provincia Bioko Norte', 'BN', 1),
(1043, 65, 'Provincia Bioko Sur', 'BS', 1),
(1044, 65, 'Provincia Centro Sur', 'CS', 1),
(1045, 65, 'Provincia Kie-Ntem', 'KN', 1),
(1046, 65, 'Provincia Litoral', 'LI', 1),
(1047, 65, 'Provincia Wele-Nzas', 'WN', 1),
(1048, 66, 'Central (Maekel)', 'MA', 1),
(1049, 66, 'Anseba (Keren)', 'KE', 1),
(1050, 66, 'Southern Red Sea (Debub-Keih-Bahri)', 'DK', 1),
(1051, 66, 'Northern Red Sea (Semien-Keih-Bahri)', 'SK', 1),
(1052, 66, 'Southern (Debub)', 'DE', 1),
(1053, 66, 'Gash-Barka (Barentu)', 'BR', 1),
(1054, 67, 'Harjumaa (Tallinn)', 'HA', 1),
(1055, 67, 'Hiiumaa (Kardla)', 'HI', 1),
(1056, 67, 'Ida-Virumaa (Johvi)', 'IV', 1),
(1057, 67, 'Jarvamaa (Paide)', 'JA', 1),
(1058, 67, 'Jogevamaa (Jogeva)', 'JO', 1),
(1059, 67, 'Laane-Virumaa (Rakvere)', 'LV', 1),
(1060, 67, 'Laanemaa (Haapsalu)', 'LA', 1),
(1061, 67, 'Parnumaa (Parnu)', 'PA', 1),
(1062, 67, 'Polvamaa (Polva)', 'PO', 1),
(1063, 67, 'Raplamaa (Rapla)', 'RA', 1),
(1064, 67, 'Saaremaa (Kuessaare)', 'SA', 1),
(1065, 67, 'Tartumaa (Tartu)', 'TA', 1),
(1066, 67, 'Valgamaa (Valga)', 'VA', 1),
(1067, 67, 'Viljandimaa (Viljandi)', 'VI', 1),
(1068, 67, 'Vorumaa (Voru)', 'VO', 1),
(1069, 68, 'Afar', 'AF', 1),
(1070, 68, 'Amhara', 'AH', 1),
(1071, 68, 'Benishangul-Gumaz', 'BG', 1),
(1072, 68, 'Gambela', 'GB', 1),
(1073, 68, 'Hariai', 'HR', 1),
(1074, 68, 'Oromia', 'OR', 1),
(1075, 68, 'Somali', 'SM', 1),
(1076, 68, 'Southern Nations - Nationalities and Peoples Region', 'SN', 1),
(1077, 68, 'Tigray', 'TG', 1),
(1078, 68, 'Addis Ababa', 'AA', 1),
(1079, 68, 'Dire Dawa', 'DD', 1),
(1080, 71, 'Central Division', 'C', 1),
(1081, 71, 'Northern Division', 'N', 1),
(1082, 71, 'Eastern Division', 'E', 1),
(1083, 71, 'Western Division', 'W', 1),
(1084, 71, 'Rotuma', 'R', 1),
(1085, 72, 'Ahvenanmaan Laani', 'AL', 1),
(1086, 72, 'Etela-Suomen Laani', 'ES', 1),
(1087, 72, 'Ita-Suomen Laani', 'IS', 1),
(1088, 72, 'Lansi-Suomen Laani', 'LS', 1),
(1089, 72, 'Lapin Lanani', 'LA', 1),
(1090, 72, 'Oulun Laani', 'OU', 1),
(1091, 73, 'Alsace', 'AL', 1),
(1092, 73, 'Aquitaine', 'AQ', 1),
(1093, 73, 'Auvergne', 'AU', 1),
(1094, 73, 'Brittany', 'BR', 1),
(1095, 73, 'Burgundy', 'BU', 1),
(1096, 73, 'Center Loire Valley', 'CE', 1),
(1097, 73, 'Champagne', 'CH', 1),
(1098, 73, 'Corse', 'CO', 1),
(1099, 73, 'France Comte', 'FR', 1),
(1100, 73, 'Languedoc Roussillon', 'LA', 1),
(1101, 73, 'Limousin', 'LI', 1),
(1102, 73, 'Lorraine', 'LO', 1),
(1103, 73, 'Midi Pyrenees', 'MI', 1),
(1104, 73, 'Nord Pas de Calais', 'NO', 1),
(1105, 73, 'Normandy', 'NR', 1),
(1106, 73, 'Paris / Ill de France', 'PA', 1),
(1107, 73, 'Picardie', 'PI', 1),
(1108, 73, 'Poitou Charente', 'PO', 1),
(1109, 73, 'Provence', 'PR', 1),
(1110, 73, 'Rhone Alps', 'RH', 1),
(1111, 73, 'Riviera', 'RI', 1),
(1112, 73, 'Western Loire Valley', 'WE', 1),
(1113, 74, 'Etranger', 'Et', 1),
(1114, 74, 'Ain', '01', 1),
(1115, 74, 'Aisne', '02', 1),
(1116, 74, 'Allier', '03', 1),
(1117, 74, 'Alpes de Haute Provence', '04', 1),
(1118, 74, 'Hautes-Alpes', '05', 1),
(1119, 74, 'Alpes Maritimes', '06', 1),
(1120, 74, 'Ard&egrave;che', '07', 1),
(1121, 74, 'Ardennes', '08', 1),
(1122, 74, 'Ari&egrave;ge', '09', 1),
(1123, 74, 'Aube', '10', 1),
(1124, 74, 'Aude', '11', 1),
(1125, 74, 'Aveyron', '12', 1),
(1126, 74, 'Bouches du Rh&ocirc;ne', '13', 1),
(1127, 74, 'Calvados', '14', 1),
(1128, 74, 'Cantal', '15', 1),
(1129, 74, 'Charente', '16', 1),
(1130, 74, 'Charente Maritime', '17', 1),
(1131, 74, 'Cher', '18', 1),
(1132, 74, 'Corr&egrave;ze', '19', 1),
(1133, 74, 'Corse du Sud', '2A', 1),
(1134, 74, 'Haute Corse', '2B', 1),
(1135, 74, 'C&ocirc;te d&#039;or', '21', 1),
(1136, 74, 'C&ocirc;tes d&#039;Armor', '22', 1),
(1137, 74, 'Creuse', '23', 1),
(1138, 74, 'Dordogne', '24', 1),
(1139, 74, 'Doubs', '25', 1),
(1140, 74, 'Dr&ocirc;me', '26', 1),
(1141, 74, 'Eure', '27', 1),
(1142, 74, 'Eure et Loir', '28', 1),
(1143, 74, 'Finist&egrave;re', '29', 1),
(1144, 74, 'Gard', '30', 1),
(1145, 74, 'Haute Garonne', '31', 1),
(1146, 74, 'Gers', '32', 1),
(1147, 74, 'Gironde', '33', 1),
(1148, 74, 'H&eacute;rault', '34', 1),
(1149, 74, 'Ille et Vilaine', '35', 1),
(1150, 74, 'Indre', '36', 1),
(1151, 74, 'Indre et Loire', '37', 1),
(1152, 74, 'Is&eacute;re', '38', 1),
(1153, 74, 'Jura', '39', 1),
(1154, 74, 'Landes', '40', 1),
(1155, 74, 'Loir et Cher', '41', 1),
(1156, 74, 'Loire', '42', 1),
(1157, 74, 'Haute Loire', '43', 1),
(1158, 74, 'Loire Atlantique', '44', 1),
(1159, 74, 'Loiret', '45', 1),
(1160, 74, 'Lot', '46', 1),
(1161, 74, 'Lot et Garonne', '47', 1),
(1162, 74, 'Loz&egrave;re', '48', 1),
(1163, 74, 'Maine et Loire', '49', 1),
(1164, 74, 'Manche', '50', 1),
(1165, 74, 'Marne', '51', 1),
(1166, 74, 'Haute Marne', '52', 1),
(1167, 74, 'Mayenne', '53', 1),
(1168, 74, 'Meurthe et Moselle', '54', 1),
(1169, 74, 'Meuse', '55', 1),
(1170, 74, 'Morbihan', '56', 1),
(1171, 74, 'Moselle', '57', 1),
(1172, 74, 'Ni&egrave;vre', '58', 1),
(1173, 74, 'Nord', '59', 1),
(1174, 74, 'Oise', '60', 1),
(1175, 74, 'Orne', '61', 1),
(1176, 74, 'Pas de Calais', '62', 1),
(1177, 74, 'Puy de D&ocirc;me', '63', 1),
(1178, 74, 'Pyr&eacute;n&eacute;es Atlantiques', '64', 1),
(1179, 74, 'Hautes Pyr&eacute;n&eacute;es', '65', 1),
(1180, 74, 'Pyr&eacute;n&eacute;es Orientales', '66', 1),
(1181, 74, 'Bas Rhin', '67', 1),
(1182, 74, 'Haut Rhin', '68', 1),
(1183, 74, 'Rh&ocirc;ne', '69', 1),
(1184, 74, 'Haute Sa&ocirc;ne', '70', 1),
(1185, 74, 'Sa&ocirc;ne et Loire', '71', 1),
(1186, 74, 'Sarthe', '72', 1),
(1187, 74, 'Savoie', '73', 1),
(1188, 74, 'Haute Savoie', '74', 1),
(1189, 74, 'Paris', '75', 1),
(1190, 74, 'Seine Maritime', '76', 1),
(1191, 74, 'Seine et Marne', '77', 1),
(1192, 74, 'Yvelines', '78', 1),
(1193, 74, 'Deux S&egrave;vres', '79', 1),
(1194, 74, 'Somme', '80', 1),
(1195, 74, 'Tarn', '81', 1),
(1196, 74, 'Tarn et Garonne', '82', 1),
(1197, 74, 'Var', '83', 1),
(1198, 74, 'Vaucluse', '84', 1),
(1199, 74, 'Vend&eacute;e', '85', 1),
(1200, 74, 'Vienne', '86', 1),
(1201, 74, 'Haute Vienne', '87', 1),
(1202, 74, 'Vosges', '88', 1),
(1203, 74, 'Yonne', '89', 1),
(1204, 74, 'Territoire de Belfort', '90', 1),
(1205, 74, 'Essonne', '91', 1),
(1206, 74, 'Hauts de Seine', '92', 1),
(1207, 74, 'Seine St-Denis', '93', 1),
(1208, 74, 'Val de Marne', '94', 1),
(1209, 74, 'Val d''Oise', '95', 1),
(1210, 76, 'Archipel des Marquises', 'M', 1),
(1211, 76, 'Archipel des Tuamotu', 'T', 1),
(1212, 76, 'Archipel des Tubuai', 'I', 1),
(1213, 76, 'Iles du Vent', 'V', 1),
(1214, 76, 'Iles Sous-le-Vent', 'S', 1),
(1215, 77, 'Iles Crozet', 'C', 1),
(1216, 77, 'Iles Kerguelen', 'K', 1),
(1217, 77, 'Ile Amsterdam', 'A', 1),
(1218, 77, 'Ile Saint-Paul', 'P', 1),
(1219, 77, 'Adelie Land', 'D', 1),
(1220, 78, 'Estuaire', 'ES', 1),
(1221, 78, 'Haut-Ogooue', 'HO', 1),
(1222, 78, 'Moyen-Ogooue', 'MO', 1),
(1223, 78, 'Ngounie', 'NG', 1),
(1224, 78, 'Nyanga', 'NY', 1),
(1225, 78, 'Ogooue-Ivindo', 'OI', 1),
(1226, 78, 'Ogooue-Lolo', 'OL', 1),
(1227, 78, 'Ogooue-Maritime', 'OM', 1),
(1228, 78, 'Woleu-Ntem', 'WN', 1),
(1229, 79, 'Banjul', 'BJ', 1),
(1230, 79, 'Basse', 'BS', 1),
(1231, 79, 'Brikama', 'BR', 1),
(1232, 79, 'Janjangbure', 'JA', 1),
(1233, 79, 'Kanifeng', 'KA', 1),
(1234, 79, 'Kerewan', 'KE', 1),
(1235, 79, 'Kuntaur', 'KU', 1),
(1236, 79, 'Mansakonko', 'MA', 1),
(1237, 79, 'Lower River', 'LR', 1),
(1238, 79, 'Central River', 'CR', 1),
(1239, 79, 'North Bank', 'NB', 1),
(1240, 79, 'Upper River', 'UR', 1),
(1241, 79, 'Western', 'WE', 1),
(1242, 80, 'Abkhazia', 'AB', 1),
(1243, 80, 'Ajaria', 'AJ', 1),
(1244, 80, 'Tbilisi', 'TB', 1),
(1245, 80, 'Guria', 'GU', 1),
(1246, 80, 'Imereti', 'IM', 1),
(1247, 80, 'Kakheti', 'KA', 1),
(1248, 80, 'Kvemo Kartli', 'KK', 1),
(1249, 80, 'Mtskheta-Mtianeti', 'MM', 1),
(1250, 80, 'Racha Lechkhumi and Kvemo Svanet', 'RL', 1),
(1251, 80, 'Samegrelo-Zemo Svaneti', 'SZ', 1),
(1252, 80, 'Samtskhe-Javakheti', 'SJ', 1),
(1253, 80, 'Shida Kartli', 'SK', 1),
(1254, 81, 'Baden-W&uuml;rttemberg', 'BAW', 1),
(1255, 81, 'Bayern', 'BAY', 1),
(1256, 81, 'Berlin', 'BER', 1),
(1257, 81, 'Brandenburg', 'BRG', 1),
(1258, 81, 'Bremen', 'BRE', 1),
(1259, 81, 'Hamburg', 'HAM', 1),
(1260, 81, 'Hessen', 'HES', 1),
(1261, 81, 'Mecklenburg-Vorpommern', 'MEC', 1),
(1262, 81, 'Niedersachsen', 'NDS', 1),
(1263, 81, 'Nordrhein-Westfalen', 'NRW', 1),
(1264, 81, 'Rheinland-Pfalz', 'RHE', 1),
(1265, 81, 'Saarland', 'SAR', 1),
(1266, 81, 'Sachsen', 'SAS', 1),
(1267, 81, 'Sachsen-Anhalt', 'SAC', 1),
(1268, 81, 'Schleswig-Holstein', 'SCN', 1),
(1269, 81, 'Th&uuml;ringen', 'THE', 1),
(1270, 82, 'Ashanti Region', 'AS', 1),
(1271, 82, 'Brong-Ahafo Region', 'BA', 1),
(1272, 82, 'Central Region', 'CE', 1),
(1273, 82, 'Eastern Region', 'EA', 1),
(1274, 82, 'Greater Accra Region', 'GA', 1),
(1275, 82, 'Northern Region', 'NO', 1),
(1276, 82, 'Upper East Region', 'UE', 1),
(1277, 82, 'Upper West Region', 'UW', 1),
(1278, 82, 'Volta Region', 'VO', 1),
(1279, 82, 'Western Region', 'WE', 1),
(1280, 84, 'Attica', 'AT', 1),
(1281, 84, 'Central Greece', 'CN', 1),
(1282, 84, 'Central Macedonia', 'CM', 1),
(1283, 84, 'Crete', 'CR', 1),
(1284, 84, 'East Macedonia and Thrace', 'EM', 1),
(1285, 84, 'Epirus', 'EP', 1),
(1286, 84, 'Ionian Islands', 'II', 1),
(1287, 84, 'North Aegean', 'NA', 1),
(1288, 84, 'Peloponnesos', 'PP', 1),
(1289, 84, 'South Aegean', 'SA', 1),
(1290, 84, 'Thessaly', 'TH', 1),
(1291, 84, 'West Greece', 'WG', 1),
(1292, 84, 'West Macedonia', 'WM', 1),
(1293, 85, 'Avannaa', 'A', 1),
(1294, 85, 'Tunu', 'T', 1),
(1295, 85, 'Kitaa', 'K', 1),
(1296, 86, 'Saint Andrew', 'A', 1),
(1297, 86, 'Saint David', 'D', 1),
(1298, 86, 'Saint George', 'G', 1),
(1299, 86, 'Saint John', 'J', 1),
(1300, 86, 'Saint Mark', 'M', 1),
(1301, 86, 'Saint Patrick', 'P', 1),
(1302, 86, 'Carriacou', 'C', 1),
(1303, 86, 'Petit Martinique', 'Q', 1),
(1304, 89, 'Alta Verapaz', 'AV', 1),
(1305, 89, 'Baja Verapaz', 'BV', 1),
(1306, 89, 'Chimaltenango', 'CM', 1),
(1307, 89, 'Chiquimula', 'CQ', 1),
(1308, 89, 'El Peten', 'PE', 1),
(1309, 89, 'El Progreso', 'PR', 1),
(1310, 89, 'El Quiche', 'QC', 1),
(1311, 89, 'Escuintla', 'ES', 1),
(1312, 89, 'Guatemala', 'GU', 1),
(1313, 89, 'Huehuetenango', 'HU', 1),
(1314, 89, 'Izabal', 'IZ', 1),
(1315, 89, 'Jalapa', 'JA', 1),
(1316, 89, 'Jutiapa', 'JU', 1),
(1317, 89, 'Quetzaltenango', 'QZ', 1),
(1318, 89, 'Retalhuleu', 'RE', 1),
(1319, 89, 'Sacatepequez', 'ST', 1),
(1320, 89, 'San Marcos', 'SM', 1),
(1321, 89, 'Santa Rosa', 'SR', 1),
(1322, 89, 'Solola', 'SO', 1),
(1323, 89, 'Suchitepequez', 'SU', 1),
(1324, 89, 'Totonicapan', 'TO', 1),
(1325, 89, 'Zacapa', 'ZA', 1),
(1326, 90, 'Conakry', 'CNK', 1),
(1327, 90, 'Beyla', 'BYL', 1),
(1328, 90, 'Boffa', 'BFA', 1),
(1329, 90, 'Boke', 'BOK', 1),
(1330, 90, 'Coyah', 'COY', 1),
(1331, 90, 'Dabola', 'DBL', 1),
(1332, 90, 'Dalaba', 'DLB', 1),
(1333, 90, 'Dinguiraye', 'DGR', 1),
(1334, 90, 'Dubreka', 'DBR', 1),
(1335, 90, 'Faranah', 'FRN', 1),
(1336, 90, 'Forecariah', 'FRC', 1),
(1337, 90, 'Fria', 'FRI', 1),
(1338, 90, 'Gaoual', 'GAO', 1),
(1339, 90, 'Gueckedou', 'GCD', 1),
(1340, 90, 'Kankan', 'KNK', 1),
(1341, 90, 'Kerouane', 'KRN', 1),
(1342, 90, 'Kindia', 'KND', 1),
(1343, 90, 'Kissidougou', 'KSD', 1),
(1344, 90, 'Koubia', 'KBA', 1),
(1345, 90, 'Koundara', 'KDA', 1),
(1346, 90, 'Kouroussa', 'KRA', 1),
(1347, 90, 'Labe', 'LAB', 1),
(1348, 90, 'Lelouma', 'LLM', 1),
(1349, 90, 'Lola', 'LOL', 1),
(1350, 90, 'Macenta', 'MCT', 1),
(1351, 90, 'Mali', 'MAL', 1),
(1352, 90, 'Mamou', 'MAM', 1),
(1353, 90, 'Mandiana', 'MAN', 1),
(1354, 90, 'Nzerekore', 'NZR', 1),
(1355, 90, 'Pita', 'PIT', 1),
(1356, 90, 'Siguiri', 'SIG', 1),
(1357, 90, 'Telimele', 'TLM', 1),
(1358, 90, 'Tougue', 'TOG', 1),
(1359, 90, 'Yomou', 'YOM', 1),
(1360, 91, 'Bafata Region', 'BF', 1),
(1361, 91, 'Biombo Region', 'BB', 1),
(1362, 91, 'Bissau Region', 'BS', 1),
(1363, 91, 'Bolama Region', 'BL', 1),
(1364, 91, 'Cacheu Region', 'CA', 1),
(1365, 91, 'Gabu Region', 'GA', 1),
(1366, 91, 'Oio Region', 'OI', 1),
(1367, 91, 'Quinara Region', 'QU', 1),
(1368, 91, 'Tombali Region', 'TO', 1),
(1369, 92, 'Barima-Waini', 'BW', 1),
(1370, 92, 'Cuyuni-Mazaruni', 'CM', 1),
(1371, 92, 'Demerara-Mahaica', 'DM', 1),
(1372, 92, 'East Berbice-Corentyne', 'EC', 1),
(1373, 92, 'Essequibo Islands-West Demerara', 'EW', 1),
(1374, 92, 'Mahaica-Berbice', 'MB', 1),
(1375, 92, 'Pomeroon-Supenaam', 'PM', 1),
(1376, 92, 'Potaro-Siparuni', 'PI', 1),
(1377, 92, 'Upper Demerara-Berbice', 'UD', 1),
(1378, 92, 'Upper Takutu-Upper Essequibo', 'UT', 1),
(1379, 93, 'Artibonite', 'AR', 1),
(1380, 93, 'Centre', 'CE', 1),
(1381, 93, 'Grand''Anse', 'GA', 1),
(1382, 93, 'Nord', 'ND', 1),
(1383, 93, 'Nord-Est', 'NE', 1),
(1384, 93, 'Nord-Ouest', 'NO', 1),
(1385, 93, 'Ouest', 'OU', 1),
(1386, 93, 'Sud', 'SD', 1),
(1387, 93, 'Sud-Est', 'SE', 1),
(1388, 94, 'Flat Island', 'F', 1),
(1389, 94, 'McDonald Island', 'M', 1),
(1390, 94, 'Shag Island', 'S', 1),
(1391, 94, 'Heard Island', 'H', 1),
(1392, 95, 'Atlantida', 'AT', 1),
(1393, 95, 'Choluteca', 'CH', 1),
(1394, 95, 'Colon', 'CL', 1),
(1395, 95, 'Comayagua', 'CM', 1),
(1396, 95, 'Copan', 'CP', 1),
(1397, 95, 'Cortes', 'CR', 1),
(1398, 95, 'El Paraiso', 'PA', 1),
(1399, 95, 'Francisco Morazan', 'FM', 1),
(1400, 95, 'Gracias a Dios', 'GD', 1),
(1401, 95, 'Intibuca', 'IN', 1),
(1402, 95, 'Islas de la Bahia (Bay Islands)', 'IB', 1),
(1403, 95, 'La Paz', 'PZ', 1),
(1404, 95, 'Lempira', 'LE', 1),
(1405, 95, 'Ocotepeque', 'OC', 1),
(1406, 95, 'Olancho', 'OL', 1),
(1407, 95, 'Santa Barbara', 'SB', 1),
(1408, 95, 'Valle', 'VA', 1),
(1409, 95, 'Yoro', 'YO', 1),
(1410, 96, 'Central and Western Hong Kong Island', 'HCW', 1),
(1411, 96, 'Eastern Hong Kong Island', 'HEA', 1),
(1412, 96, 'Southern Hong Kong Island', 'HSO', 1),
(1413, 96, 'Wan Chai Hong Kong Island', 'HWC', 1),
(1414, 96, 'Kowloon City Kowloon', 'KKC', 1),
(1415, 96, 'Kwun Tong Kowloon', 'KKT', 1),
(1416, 96, 'Sham Shui Po Kowloon', 'KSS', 1),
(1417, 96, 'Wong Tai Sin Kowloon', 'KWT', 1),
(1418, 96, 'Yau Tsim Mong Kowloon', 'KYT', 1),
(1419, 96, 'Islands New Territories', 'NIS', 1),
(1420, 96, 'Kwai Tsing New Territories', 'NKT', 1),
(1421, 96, 'North New Territories', 'NNO', 1),
(1422, 96, 'Sai Kung New Territories', 'NSK', 1),
(1423, 96, 'Sha Tin New Territories', 'NST', 1),
(1424, 96, 'Tai Po New Territories', 'NTP', 1),
(1425, 96, 'Tsuen Wan New Territories', 'NTW', 1),
(1426, 96, 'Tuen Mun New Territories', 'NTM', 1),
(1427, 96, 'Yuen Long New Territories', 'NYL', 1),
(1428, 97, 'Bacs-Kiskun', 'BK', 1),
(1429, 97, 'Baranya', 'BA', 1),
(1430, 97, 'Bekes', 'BE', 1),
(1431, 97, 'Bekescsaba', 'BS', 1),
(1432, 97, 'Borsod-Abauj-Zemplen', 'BZ', 1),
(1433, 97, 'Budapest', 'BU', 1),
(1434, 97, 'Csongrad', 'CS', 1),
(1435, 97, 'Debrecen', 'DE', 1),
(1436, 97, 'Dunaujvaros', 'DU', 1),
(1437, 97, 'Eger', 'EG', 1),
(1438, 97, 'Fejer', 'FE', 1),
(1439, 97, 'Gyor', 'GY', 1),
(1440, 97, 'Gyor-Moson-Sopron', 'GM', 1),
(1441, 97, 'Hajdu-Bihar', 'HB', 1),
(1442, 97, 'Heves', 'HE', 1),
(1443, 97, 'Hodmezovasarhely', 'HO', 1),
(1444, 97, 'Jasz-Nagykun-Szolnok', 'JN', 1),
(1445, 97, 'Kaposvar', 'KA', 1),
(1446, 97, 'Kecskemet', 'KE', 1),
(1447, 97, 'Komarom-Esztergom', 'KO', 1),
(1448, 97, 'Miskolc', 'MI', 1),
(1449, 97, 'Nagykanizsa', 'NA', 1),
(1450, 97, 'Nograd', 'NO', 1),
(1451, 97, 'Nyiregyhaza', 'NY', 1),
(1452, 97, 'Pecs', 'PE', 1),
(1453, 97, 'Pest', 'PS', 1),
(1454, 97, 'Somogy', 'SO', 1),
(1455, 97, 'Sopron', 'SP', 1),
(1456, 97, 'Szabolcs-Szatmar-Bereg', 'SS', 1),
(1457, 97, 'Szeged', 'SZ', 1),
(1458, 97, 'Szekesfehervar', 'SE', 1),
(1459, 97, 'Szolnok', 'SL', 1),
(1460, 97, 'Szombathely', 'SM', 1),
(1461, 97, 'Tatabanya', 'TA', 1),
(1462, 97, 'Tolna', 'TO', 1),
(1463, 97, 'Vas', 'VA', 1),
(1464, 97, 'Veszprem', 'VE', 1),
(1465, 97, 'Zala', 'ZA', 1),
(1466, 97, 'Zalaegerszeg', 'ZZ', 1),
(1467, 98, 'Austurland', 'AL', 1),
(1468, 98, 'Hofuoborgarsvaeoi', 'HF', 1),
(1469, 98, 'Norourland eystra', 'NE', 1),
(1470, 98, 'Norourland vestra', 'NV', 1),
(1471, 98, 'Suourland', 'SL', 1),
(1472, 98, 'Suournes', 'SN', 1),
(1473, 98, 'Vestfiroir', 'VF', 1),
(1474, 98, 'Vesturland', 'VL', 1),
(1475, 99, 'Andaman and Nicobar Islands', 'AN', 1),
(1476, 99, 'Andhra Pradesh', 'AP', 1),
(1477, 99, 'Arunachal Pradesh', 'AR', 1),
(1478, 99, 'Assam', 'AS', 1),
(1479, 99, 'Bihar', 'BI', 1),
(1480, 99, 'Chandigarh', 'CH', 1),
(1481, 99, 'Dadra and Nagar Haveli', 'DA', 1),
(1482, 99, 'Daman and Diu', 'DM', 1),
(1483, 99, 'Delhi', 'DE', 1),
(1484, 99, 'Goa', 'GO', 1),
(1485, 99, 'Gujarat', 'GU', 1),
(1486, 99, 'Haryana', 'HA', 1),
(1487, 99, 'Himachal Pradesh', 'HP', 1),
(1488, 99, 'Jammu and Kashmir', 'JA', 1),
(1489, 99, 'Karnataka', 'KA', 1),
(1490, 99, 'Kerala', 'KE', 1),
(1491, 99, 'Lakshadweep Islands', 'LI', 1),
(1492, 99, 'Madhya Pradesh', 'MP', 1),
(1493, 99, 'Maharashtra', 'MA', 1),
(1494, 99, 'Manipur', 'MN', 1),
(1495, 99, 'Meghalaya', 'ME', 1),
(1496, 99, 'Mizoram', 'MI', 1),
(1497, 99, 'Nagaland', 'NA', 1),
(1498, 99, 'Orissa', 'OR', 1),
(1499, 99, 'Pondicherry', 'PO', 1),
(1500, 99, 'Punjab', 'PU', 1),
(1501, 99, 'Rajasthan', 'RA', 1),
(1502, 99, 'Sikkim', 'SI', 1),
(1503, 99, 'Tamil Nadu', 'TN', 1),
(1504, 99, 'Tripura', 'TR', 1),
(1505, 99, 'Uttar Pradesh', 'UP', 1),
(1506, 99, 'West Bengal', 'WB', 1),
(1507, 100, 'Aceh', 'AC', 1),
(1508, 100, 'Bali', 'BA', 1),
(1509, 100, 'Banten', 'BT', 1),
(1510, 100, 'Bengkulu', 'BE', 1),
(1511, 100, 'BoDeTaBek', 'BD', 1),
(1512, 100, 'Gorontalo', 'GO', 1),
(1513, 100, 'Jakarta Raya', 'JK', 1),
(1514, 100, 'Jambi', 'JA', 1),
(1515, 100, 'Jawa Barat', 'JB', 1),
(1516, 100, 'Jawa Tengah', 'JT', 1),
(1517, 100, 'Jawa Timur', 'JI', 1),
(1518, 100, 'Kalimantan Barat', 'KB', 1),
(1519, 100, 'Kalimantan Selatan', 'KS', 1),
(1520, 100, 'Kalimantan Tengah', 'KT', 1),
(1521, 100, 'Kalimantan Timur', 'KI', 1),
(1522, 100, 'Kepulauan Bangka Belitung', 'BB', 1),
(1523, 100, 'Lampung', 'LA', 1),
(1524, 100, 'Maluku', 'MA', 1),
(1525, 100, 'Maluku Utara', 'MU', 1),
(1526, 100, 'Nusa Tenggara Barat', 'NB', 1),
(1527, 100, 'Nusa Tenggara Timur', 'NT', 1),
(1528, 100, 'Papua', 'PA', 1),
(1529, 100, 'Riau', 'RI', 1),
(1530, 100, 'Sulawesi Selatan', 'SN', 1),
(1531, 100, 'Sulawesi Tengah', 'ST', 1),
(1532, 100, 'Sulawesi Tenggara', 'SG', 1),
(1533, 100, 'Sulawesi Utara', 'SA', 1),
(1534, 100, 'Sumatera Barat', 'SB', 1),
(1535, 100, 'Sumatera Selatan', 'SS', 1),
(1536, 100, 'Sumatera Utara', 'SU', 1),
(1537, 100, 'Yogyakarta', 'YO', 1);
INSERT INTO `pve_zone` VALUES
(1538, 101, 'Tehran', 'TEH', 1),
(1539, 101, 'Qom', 'QOM', 1),
(1540, 101, 'Markazi', 'MKZ', 1),
(1541, 101, 'Qazvin', 'QAZ', 1),
(1542, 101, 'Gilan', 'GIL', 1),
(1543, 101, 'Ardabil', 'ARD', 1),
(1544, 101, 'Zanjan', 'ZAN', 1),
(1545, 101, 'East Azarbaijan', 'EAZ', 1),
(1546, 101, 'West Azarbaijan', 'WEZ', 1),
(1547, 101, 'Kurdistan', 'KRD', 1),
(1548, 101, 'Hamadan', 'HMD', 1),
(1549, 101, 'Kermanshah', 'KRM', 1),
(1550, 101, 'Ilam', 'ILM', 1),
(1551, 101, 'Lorestan', 'LRS', 1),
(1552, 101, 'Khuzestan', 'KZT', 1),
(1553, 101, 'Chahar Mahaal and Bakhtiari', 'CMB', 1),
(1554, 101, 'Kohkiluyeh and Buyer Ahmad', 'KBA', 1),
(1555, 101, 'Bushehr', 'BSH', 1),
(1556, 101, 'Fars', 'FAR', 1),
(1557, 101, 'Hormozgan', 'HRM', 1),
(1558, 101, 'Sistan and Baluchistan', 'SBL', 1),
(1559, 101, 'Kerman', 'KRB', 1),
(1560, 101, 'Yazd', 'YZD', 1),
(1561, 101, 'Esfahan', 'EFH', 1),
(1562, 101, 'Semnan', 'SMN', 1),
(1563, 101, 'Mazandaran', 'MZD', 1),
(1564, 101, 'Golestan', 'GLS', 1),
(1565, 101, 'North Khorasan', 'NKH', 1),
(1566, 101, 'Razavi Khorasan', 'RKH', 1),
(1567, 101, 'South Khorasan', 'SKH', 1),
(1568, 102, 'Baghdad', 'BD', 1),
(1569, 102, 'Salah ad Din', 'SD', 1),
(1570, 102, 'Diyala', 'DY', 1),
(1571, 102, 'Wasit', 'WS', 1),
(1572, 102, 'Maysan', 'MY', 1),
(1573, 102, 'Al Basrah', 'BA', 1),
(1574, 102, 'Dhi Qar', 'DQ', 1),
(1575, 102, 'Al Muthanna', 'MU', 1),
(1576, 102, 'Al Qadisyah', 'QA', 1),
(1577, 102, 'Babil', 'BB', 1),
(1578, 102, 'Al Karbala', 'KB', 1),
(1579, 102, 'An Najaf', 'NJ', 1),
(1580, 102, 'Al Anbar', 'AB', 1),
(1581, 102, 'Ninawa', 'NN', 1),
(1582, 102, 'Dahuk', 'DH', 1),
(1583, 102, 'Arbil', 'AL', 1),
(1584, 102, 'At Ta''mim', 'TM', 1),
(1585, 102, 'As Sulaymaniyah', 'SL', 1),
(1586, 103, 'Carlow', 'CA', 1),
(1587, 103, 'Cavan', 'CV', 1),
(1588, 103, 'Clare', 'CL', 1),
(1589, 103, 'Cork', 'CO', 1),
(1590, 103, 'Donegal', 'DO', 1),
(1591, 103, 'Dublin', 'DU', 1),
(1592, 103, 'Galway', 'GA', 1),
(1593, 103, 'Kerry', 'KE', 1),
(1594, 103, 'Kildare', 'KI', 1),
(1595, 103, 'Kilkenny', 'KL', 1),
(1596, 103, 'Laois', 'LA', 1),
(1597, 103, 'Leitrim', 'LE', 1),
(1598, 103, 'Limerick', 'LI', 1),
(1599, 103, 'Longford', 'LO', 1),
(1600, 103, 'Louth', 'LU', 1),
(1601, 103, 'Mayo', 'MA', 1),
(1602, 103, 'Meath', 'ME', 1),
(1603, 103, 'Monaghan', 'MO', 1),
(1604, 103, 'Offaly', 'OF', 1),
(1605, 103, 'Roscommon', 'RO', 1),
(1606, 103, 'Sligo', 'SL', 1),
(1607, 103, 'Tipperary', 'TI', 1),
(1608, 103, 'Waterford', 'WA', 1),
(1609, 103, 'Westmeath', 'WE', 1),
(1610, 103, 'Wexford', 'WX', 1),
(1611, 103, 'Wicklow', 'WI', 1),
(1612, 104, 'Be''er Sheva', 'BS', 1),
(1613, 104, 'Bika''at Hayarden', 'BH', 1),
(1614, 104, 'Eilat and Arava', 'EA', 1),
(1615, 104, 'Galil', 'GA', 1),
(1616, 104, 'Haifa', 'HA', 1),
(1617, 104, 'Jehuda Mountains', 'JM', 1),
(1618, 104, 'Jerusalem', 'JE', 1),
(1619, 104, 'Negev', 'NE', 1),
(1620, 104, 'Semaria', 'SE', 1),
(1621, 104, 'Sharon', 'SH', 1),
(1622, 104, 'Tel Aviv (Gosh Dan)', 'TA', 1),
(3860, 105, 'Caltanissetta', 'CL', 1),
(3842, 105, 'Agrigento', 'AG', 1),
(3843, 105, 'Alessandria', 'AL', 1),
(3844, 105, 'Ancona', 'AN', 1),
(3845, 105, 'Aosta', 'AO', 1),
(3846, 105, 'Arezzo', 'AR', 1),
(3847, 105, 'Ascoli Piceno', 'AP', 1),
(3848, 105, 'Asti', 'AT', 1),
(3849, 105, 'Avellino', 'AV', 1),
(3850, 105, 'Bari', 'BA', 1),
(3851, 105, 'Belluno', 'BL', 1),
(3852, 105, 'Benevento', 'BN', 1),
(3853, 105, 'Bergamo', 'BG', 1),
(3854, 105, 'Biella', 'BI', 1),
(3855, 105, 'Bologna', 'BO', 1),
(3856, 105, 'Bolzano', 'BZ', 1),
(3857, 105, 'Brescia', 'BS', 1),
(3858, 105, 'Brindisi', 'BR', 1),
(3859, 105, 'Cagliari', 'CA', 1),
(1643, 106, 'Clarendon Parish', 'CLA', 1),
(1644, 106, 'Hanover Parish', 'HAN', 1),
(1645, 106, 'Kingston Parish', 'KIN', 1),
(1646, 106, 'Manchester Parish', 'MAN', 1),
(1647, 106, 'Portland Parish', 'POR', 1),
(1648, 106, 'Saint Andrew Parish', 'AND', 1),
(1649, 106, 'Saint Ann Parish', 'ANN', 1),
(1650, 106, 'Saint Catherine Parish', 'CAT', 1),
(1651, 106, 'Saint Elizabeth Parish', 'ELI', 1),
(1652, 106, 'Saint James Parish', 'JAM', 1),
(1653, 106, 'Saint Mary Parish', 'MAR', 1),
(1654, 106, 'Saint Thomas Parish', 'THO', 1),
(1655, 106, 'Trelawny Parish', 'TRL', 1),
(1656, 106, 'Westmoreland Parish', 'WML', 1),
(1657, 107, 'Aichi', 'AI', 1),
(1658, 107, 'Akita', 'AK', 1),
(1659, 107, 'Aomori', 'AO', 1),
(1660, 107, 'Chiba', 'CH', 1),
(1661, 107, 'Ehime', 'EH', 1),
(1662, 107, 'Fukui', 'FK', 1),
(1663, 107, 'Fukuoka', 'FU', 1),
(1664, 107, 'Fukushima', 'FS', 1),
(1665, 107, 'Gifu', 'GI', 1),
(1666, 107, 'Gumma', 'GU', 1),
(1667, 107, 'Hiroshima', 'HI', 1),
(1668, 107, 'Hokkaido', 'HO', 1),
(1669, 107, 'Hyogo', 'HY', 1),
(1670, 107, 'Ibaraki', 'IB', 1),
(1671, 107, 'Ishikawa', 'IS', 1),
(1672, 107, 'Iwate', 'IW', 1),
(1673, 107, 'Kagawa', 'KA', 1),
(1674, 107, 'Kagoshima', 'KG', 1),
(1675, 107, 'Kanagawa', 'KN', 1),
(1676, 107, 'Kochi', 'KO', 1),
(1677, 107, 'Kumamoto', 'KU', 1),
(1678, 107, 'Kyoto', 'KY', 1),
(1679, 107, 'Mie', 'MI', 1),
(1680, 107, 'Miyagi', 'MY', 1),
(1681, 107, 'Miyazaki', 'MZ', 1),
(1682, 107, 'Nagano', 'NA', 1),
(1683, 107, 'Nagasaki', 'NG', 1),
(1684, 107, 'Nara', 'NR', 1),
(1685, 107, 'Niigata', 'NI', 1),
(1686, 107, 'Oita', 'OI', 1),
(1687, 107, 'Okayama', 'OK', 1),
(1688, 107, 'Okinawa', 'ON', 1),
(1689, 107, 'Osaka', 'OS', 1),
(1690, 107, 'Saga', 'SA', 1),
(1691, 107, 'Saitama', 'SI', 1),
(1692, 107, 'Shiga', 'SH', 1),
(1693, 107, 'Shimane', 'SM', 1),
(1694, 107, 'Shizuoka', 'SZ', 1),
(1695, 107, 'Tochigi', 'TO', 1),
(1696, 107, 'Tokushima', 'TS', 1),
(1697, 107, 'Tokyo', 'TK', 1),
(1698, 107, 'Tottori', 'TT', 1),
(1699, 107, 'Toyama', 'TY', 1),
(1700, 107, 'Wakayama', 'WA', 1),
(1701, 107, 'Yamagata', 'YA', 1),
(1702, 107, 'Yamaguchi', 'YM', 1),
(1703, 107, 'Yamanashi', 'YN', 1),
(1704, 108, '''Amman', 'AM', 1),
(1705, 108, 'Ajlun', 'AJ', 1),
(1706, 108, 'Al ''Aqabah', 'AA', 1),
(1707, 108, 'Al Balqa''', 'AB', 1),
(1708, 108, 'Al Karak', 'AK', 1),
(1709, 108, 'Al Mafraq', 'AL', 1),
(1710, 108, 'At Tafilah', 'AT', 1),
(1711, 108, 'Az Zarqa''', 'AZ', 1),
(1712, 108, 'Irbid', 'IR', 1),
(1713, 108, 'Jarash', 'JA', 1),
(1714, 108, 'Ma''an', 'MA', 1),
(1715, 108, 'Madaba', 'MD', 1),
(1716, 109, 'Almaty', 'AL', 1),
(1717, 109, 'Almaty City', 'AC', 1),
(1718, 109, 'Aqmola', 'AM', 1),
(1719, 109, 'Aqtobe', 'AQ', 1),
(1720, 109, 'Astana City', 'AS', 1),
(1721, 109, 'Atyrau', 'AT', 1),
(1722, 109, 'Batys Qazaqstan', 'BA', 1),
(1723, 109, 'Bayqongyr City', 'BY', 1),
(1724, 109, 'Mangghystau', 'MA', 1),
(1725, 109, 'Ongtustik Qazaqstan', 'ON', 1),
(1726, 109, 'Pavlodar', 'PA', 1),
(1727, 109, 'Qaraghandy', 'QA', 1),
(1728, 109, 'Qostanay', 'QO', 1),
(1729, 109, 'Qyzylorda', 'QY', 1),
(1730, 109, 'Shyghys Qazaqstan', 'SH', 1),
(1731, 109, 'Soltustik Qazaqstan', 'SO', 1),
(1732, 109, 'Zhambyl', 'ZH', 1),
(1733, 110, 'Central', 'CE', 1),
(1734, 110, 'Coast', 'CO', 1),
(1735, 110, 'Eastern', 'EA', 1),
(1736, 110, 'Nairobi Area', 'NA', 1),
(1737, 110, 'North Eastern', 'NE', 1),
(1738, 110, 'Nyanza', 'NY', 1),
(1739, 110, 'Rift Valley', 'RV', 1),
(1740, 110, 'Western', 'WE', 1),
(1741, 111, 'Abaiang', 'AG', 1),
(1742, 111, 'Abemama', 'AM', 1),
(1743, 111, 'Aranuka', 'AK', 1),
(1744, 111, 'Arorae', 'AO', 1),
(1745, 111, 'Banaba', 'BA', 1),
(1746, 111, 'Beru', 'BE', 1),
(1747, 111, 'Butaritari', 'bT', 1),
(1748, 111, 'Kanton', 'KA', 1),
(1749, 111, 'Kiritimati', 'KR', 1),
(1750, 111, 'Kuria', 'KU', 1),
(1751, 111, 'Maiana', 'MI', 1),
(1752, 111, 'Makin', 'MN', 1),
(1753, 111, 'Marakei', 'ME', 1),
(1754, 111, 'Nikunau', 'NI', 1),
(1755, 111, 'Nonouti', 'NO', 1),
(1756, 111, 'Onotoa', 'ON', 1),
(1757, 111, 'Tabiteuea', 'TT', 1),
(1758, 111, 'Tabuaeran', 'TR', 1),
(1759, 111, 'Tamana', 'TM', 1),
(1760, 111, 'Tarawa', 'TW', 1),
(1761, 111, 'Teraina', 'TE', 1),
(1762, 112, 'Chagang-do', 'CHA', 1),
(1763, 112, 'Hamgyong-bukto', 'HAB', 1),
(1764, 112, 'Hamgyong-namdo', 'HAN', 1),
(1765, 112, 'Hwanghae-bukto', 'HWB', 1),
(1766, 112, 'Hwanghae-namdo', 'HWN', 1),
(1767, 112, 'Kangwon-do', 'KAN', 1),
(1768, 112, 'P''yongan-bukto', 'PYB', 1),
(1769, 112, 'P''yongan-namdo', 'PYN', 1),
(1770, 112, 'Ryanggang-do (Yanggang-do)', 'YAN', 1),
(1771, 112, 'Rason Directly Governed City', 'NAJ', 1),
(1772, 112, 'P''yongyang Special City', 'PYO', 1),
(1773, 113, 'Ch''ungch''ong-bukto', 'CO', 1),
(1774, 113, 'Ch''ungch''ong-namdo', 'CH', 1),
(1775, 113, 'Cheju-do', 'CD', 1),
(1776, 113, 'Cholla-bukto', 'CB', 1),
(1777, 113, 'Cholla-namdo', 'CN', 1),
(1778, 113, 'Inch''on-gwangyoksi', 'IG', 1),
(1779, 113, 'Kangwon-do', 'KA', 1),
(1780, 113, 'Kwangju-gwangyoksi', 'KG', 1),
(1781, 113, 'Kyonggi-do', 'KD', 1),
(1782, 113, 'Kyongsang-bukto', 'KB', 1),
(1783, 113, 'Kyongsang-namdo', 'KN', 1),
(1784, 113, 'Pusan-gwangyoksi', 'PG', 1),
(1785, 113, 'Soul-t''ukpyolsi', 'SO', 1),
(1786, 113, 'Taegu-gwangyoksi', 'TA', 1),
(1787, 113, 'Taejon-gwangyoksi', 'TG', 1),
(1788, 114, 'Al ''Asimah', 'AL', 1),
(1789, 114, 'Al Ahmadi', 'AA', 1),
(1790, 114, 'Al Farwaniyah', 'AF', 1),
(1791, 114, 'Al Jahra''', 'AJ', 1),
(1792, 114, 'Hawalli', 'HA', 1),
(1793, 115, 'Bishkek', 'GB', 1),
(1794, 115, 'Batken', 'B', 1),
(1795, 115, 'Chu', 'C', 1),
(1796, 115, 'Jalal-Abad', 'J', 1),
(1797, 115, 'Naryn', 'N', 1),
(1798, 115, 'Osh', 'O', 1),
(1799, 115, 'Talas', 'T', 1),
(1800, 115, 'Ysyk-Kol', 'Y', 1),
(1801, 116, 'Vientiane', 'VT', 1),
(1802, 116, 'Attapu', 'AT', 1),
(1803, 116, 'Bokeo', 'BK', 1),
(1804, 116, 'Bolikhamxai', 'BL', 1),
(1805, 116, 'Champasak', 'CH', 1),
(1806, 116, 'Houaphan', 'HO', 1),
(1807, 116, 'Khammouan', 'KH', 1),
(1808, 116, 'Louang Namtha', 'LM', 1),
(1809, 116, 'Louangphabang', 'LP', 1),
(1810, 116, 'Oudomxai', 'OU', 1),
(1811, 116, 'Phongsali', 'PH', 1),
(1812, 116, 'Salavan', 'SL', 1),
(1813, 116, 'Savannakhet', 'SV', 1),
(1814, 116, 'Vientiane', 'VI', 1),
(1815, 116, 'Xaignabouli', 'XA', 1),
(1816, 116, 'Xekong', 'XE', 1),
(1817, 116, 'Xiangkhoang', 'XI', 1),
(1818, 116, 'Xaisomboun', 'XN', 1),
(1819, 117, 'Aizkraukles Rajons', 'AIZ', 1),
(1820, 117, 'Aluksnes Rajons', 'ALU', 1),
(1821, 117, 'Balvu Rajons', 'BAL', 1),
(1822, 117, 'Bauskas Rajons', 'BAU', 1),
(1823, 117, 'Cesu Rajons', 'CES', 1),
(1824, 117, 'Daugavpils Rajons', 'DGR', 1),
(1825, 117, 'Dobeles Rajons', 'DOB', 1),
(1826, 117, 'Gulbenes Rajons', 'GUL', 1),
(1827, 117, 'Jekabpils Rajons', 'JEK', 1),
(1828, 117, 'Jelgavas Rajons', 'JGR', 1),
(1829, 117, 'Kraslavas Rajons', 'KRA', 1),
(1830, 117, 'Kuldigas Rajons', 'KUL', 1),
(1831, 117, 'Liepajas Rajons', 'LPR', 1),
(1832, 117, 'Limbazu Rajons', 'LIM', 1),
(1833, 117, 'Ludzas Rajons', 'LUD', 1),
(1834, 117, 'Madonas Rajons', 'MAD', 1),
(1835, 117, 'Ogres Rajons', 'OGR', 1),
(1836, 117, 'Preilu Rajons', 'PRE', 1),
(1837, 117, 'Rezeknes Rajons', 'RZR', 1),
(1838, 117, 'Rigas Rajons', 'RGR', 1),
(1839, 117, 'Saldus Rajons', 'SAL', 1),
(1840, 117, 'Talsu Rajons', 'TAL', 1),
(1841, 117, 'Tukuma Rajons', 'TUK', 1),
(1842, 117, 'Valkas Rajons', 'VLK', 1),
(1843, 117, 'Valmieras Rajons', 'VLM', 1),
(1844, 117, 'Ventspils Rajons', 'VSR', 1),
(1845, 117, 'Daugavpils', 'DGV', 1),
(1846, 117, 'Jelgava', 'JGV', 1),
(1847, 117, 'Jurmala', 'JUR', 1),
(1848, 117, 'Liepaja', 'LPK', 1),
(1849, 117, 'Rezekne', 'RZK', 1),
(1850, 117, 'Riga', 'RGA', 1),
(1851, 117, 'Ventspils', 'VSL', 1),
(1852, 119, 'Berea', 'BE', 1),
(1853, 119, 'Butha-Buthe', 'BB', 1),
(1854, 119, 'Leribe', 'LE', 1),
(1855, 119, 'Mafeteng', 'MF', 1),
(1856, 119, 'Maseru', 'MS', 1),
(1857, 119, 'Mohale''s Hoek', 'MH', 1),
(1858, 119, 'Mokhotlong', 'MK', 1),
(1859, 119, 'Qacha''s Nek', 'QN', 1),
(1860, 119, 'Quthing', 'QT', 1),
(1861, 119, 'Thaba-Tseka', 'TT', 1),
(1862, 120, 'Bomi', 'BI', 1),
(1863, 120, 'Bong', 'BG', 1),
(1864, 120, 'Grand Bassa', 'GB', 1),
(1865, 120, 'Grand Cape Mount', 'CM', 1),
(1866, 120, 'Grand Gedeh', 'GG', 1),
(1867, 120, 'Grand Kru', 'GK', 1),
(1868, 120, 'Lofa', 'LO', 1),
(1869, 120, 'Margibi', 'MG', 1),
(1870, 120, 'Maryland', 'ML', 1),
(1871, 120, 'Montserrado', 'MS', 1),
(1872, 120, 'Nimba', 'NB', 1),
(1873, 120, 'River Cess', 'RC', 1),
(1874, 120, 'Sinoe', 'SN', 1),
(1875, 121, 'Ajdabiya', 'AJ', 1),
(1876, 121, 'Al ''Aziziyah', 'AZ', 1),
(1877, 121, 'Al Fatih', 'FA', 1),
(1878, 121, 'Al Jabal al Akhdar', 'JA', 1),
(1879, 121, 'Al Jufrah', 'JU', 1),
(1880, 121, 'Al Khums', 'KH', 1),
(1881, 121, 'Al Kufrah', 'KU', 1),
(1882, 121, 'An Nuqat al Khams', 'NK', 1),
(1883, 121, 'Ash Shati''', 'AS', 1),
(1884, 121, 'Awbari', 'AW', 1),
(1885, 121, 'Az Zawiyah', 'ZA', 1),
(1886, 121, 'Banghazi', 'BA', 1),
(1887, 121, 'Darnah', 'DA', 1),
(1888, 121, 'Ghadamis', 'GD', 1),
(1889, 121, 'Gharyan', 'GY', 1),
(1890, 121, 'Misratah', 'MI', 1),
(1891, 121, 'Murzuq', 'MZ', 1),
(1892, 121, 'Sabha', 'SB', 1),
(1893, 121, 'Sawfajjin', 'SW', 1),
(1894, 121, 'Surt', 'SU', 1),
(1895, 121, 'Tarabulus (Tripoli)', 'TL', 1),
(1896, 121, 'Tarhunah', 'TH', 1),
(1897, 121, 'Tubruq', 'TU', 1),
(1898, 121, 'Yafran', 'YA', 1),
(1899, 121, 'Zlitan', 'ZL', 1),
(1900, 122, 'Vaduz', 'V', 1),
(1901, 122, 'Schaan', 'A', 1),
(1902, 122, 'Balzers', 'B', 1),
(1903, 122, 'Triesen', 'N', 1),
(1904, 122, 'Eschen', 'E', 1),
(1905, 122, 'Mauren', 'M', 1),
(1906, 122, 'Triesenberg', 'T', 1),
(1907, 122, 'Ruggell', 'R', 1),
(1908, 122, 'Gamprin', 'G', 1),
(1909, 122, 'Schellenberg', 'L', 1),
(1910, 122, 'Planken', 'P', 1),
(1911, 123, 'Alytus', 'AL', 1),
(1912, 123, 'Kaunas', 'KA', 1),
(1913, 123, 'Klaipeda', 'KL', 1),
(1914, 123, 'Marijampole', 'MA', 1),
(1915, 123, 'Panevezys', 'PA', 1),
(1916, 123, 'Siauliai', 'SI', 1),
(1917, 123, 'Taurage', 'TA', 1),
(1918, 123, 'Telsiai', 'TE', 1),
(1919, 123, 'Utena', 'UT', 1),
(1920, 123, 'Vilnius', 'VI', 1),
(1921, 124, 'Diekirch', 'DD', 1),
(1922, 124, 'Clervaux', 'DC', 1),
(1923, 124, 'Redange', 'DR', 1),
(1924, 124, 'Vianden', 'DV', 1),
(1925, 124, 'Wiltz', 'DW', 1),
(1926, 124, 'Grevenmacher', 'GG', 1),
(1927, 124, 'Echternach', 'GE', 1),
(1928, 124, 'Remich', 'GR', 1),
(1929, 124, 'Luxembourg', 'LL', 1),
(1930, 124, 'Capellen', 'LC', 1),
(1931, 124, 'Esch-sur-Alzette', 'LE', 1),
(1932, 124, 'Mersch', 'LM', 1),
(1933, 125, 'Our Lady Fatima Parish', 'OLF', 1),
(1934, 125, 'St. Anthony Parish', 'ANT', 1),
(1935, 125, 'St. Lazarus Parish', 'LAZ', 1),
(1936, 125, 'Cathedral Parish', 'CAT', 1),
(1937, 125, 'St. Lawrence Parish', 'LAW', 1),
(1938, 127, 'Antananarivo', 'AN', 1),
(1939, 127, 'Antsiranana', 'AS', 1),
(1940, 127, 'Fianarantsoa', 'FN', 1),
(1941, 127, 'Mahajanga', 'MJ', 1),
(1942, 127, 'Toamasina', 'TM', 1),
(1943, 127, 'Toliara', 'TL', 1),
(1944, 128, 'Balaka', 'BLK', 1),
(1945, 128, 'Blantyre', 'BLT', 1),
(1946, 128, 'Chikwawa', 'CKW', 1),
(1947, 128, 'Chiradzulu', 'CRD', 1),
(1948, 128, 'Chitipa', 'CTP', 1),
(1949, 128, 'Dedza', 'DDZ', 1),
(1950, 128, 'Dowa', 'DWA', 1),
(1951, 128, 'Karonga', 'KRG', 1),
(1952, 128, 'Kasungu', 'KSG', 1),
(1953, 128, 'Likoma', 'LKM', 1),
(1954, 128, 'Lilongwe', 'LLG', 1),
(1955, 128, 'Machinga', 'MCG', 1),
(1956, 128, 'Mangochi', 'MGC', 1),
(1957, 128, 'Mchinji', 'MCH', 1),
(1958, 128, 'Mulanje', 'MLJ', 1),
(1959, 128, 'Mwanza', 'MWZ', 1),
(1960, 128, 'Mzimba', 'MZM', 1),
(1961, 128, 'Ntcheu', 'NTU', 1),
(1962, 128, 'Nkhata Bay', 'NKB', 1),
(1963, 128, 'Nkhotakota', 'NKH', 1),
(1964, 128, 'Nsanje', 'NSJ', 1),
(1965, 128, 'Ntchisi', 'NTI', 1),
(1966, 128, 'Phalombe', 'PHL', 1),
(1967, 128, 'Rumphi', 'RMP', 1),
(1968, 128, 'Salima', 'SLM', 1),
(1969, 128, 'Thyolo', 'THY', 1),
(1970, 128, 'Zomba', 'ZBA', 1),
(1971, 129, 'Johor', 'JO', 1),
(1972, 129, 'Kedah', 'KE', 1),
(1973, 129, 'Kelantan', 'KL', 1),
(1974, 129, 'Labuan', 'LA', 1),
(1975, 129, 'Melaka', 'ME', 1),
(1976, 129, 'Negeri Sembilan', 'NS', 1),
(1977, 129, 'Pahang', 'PA', 1),
(1978, 129, 'Perak', 'PE', 1),
(1979, 129, 'Perlis', 'PR', 1),
(1980, 129, 'Pulau Pinang', 'PP', 1),
(1981, 129, 'Sabah', 'SA', 1),
(1982, 129, 'Sarawak', 'SR', 1),
(1983, 129, 'Selangor', 'SE', 1),
(1984, 129, 'Terengganu', 'TE', 1),
(1985, 129, 'Wilayah Persekutuan', 'WP', 1),
(1986, 130, 'Thiladhunmathi Uthuru', 'THU', 1),
(1987, 130, 'Thiladhunmathi Dhekunu', 'THD', 1),
(1988, 130, 'Miladhunmadulu Uthuru', 'MLU', 1),
(1989, 130, 'Miladhunmadulu Dhekunu', 'MLD', 1),
(1990, 130, 'Maalhosmadulu Uthuru', 'MAU', 1),
(1991, 130, 'Maalhosmadulu Dhekunu', 'MAD', 1),
(1992, 130, 'Faadhippolhu', 'FAA', 1),
(1993, 130, 'Male Atoll', 'MAA', 1),
(1994, 130, 'Ari Atoll Uthuru', 'AAU', 1),
(1995, 130, 'Ari Atoll Dheknu', 'AAD', 1),
(1996, 130, 'Felidhe Atoll', 'FEA', 1),
(1997, 130, 'Mulaku Atoll', 'MUA', 1),
(1998, 130, 'Nilandhe Atoll Uthuru', 'NAU', 1),
(1999, 130, 'Nilandhe Atoll Dhekunu', 'NAD', 1),
(2000, 130, 'Kolhumadulu', 'KLH', 1),
(2001, 130, 'Hadhdhunmathi', 'HDH', 1),
(2002, 130, 'Huvadhu Atoll Uthuru', 'HAU', 1),
(2003, 130, 'Huvadhu Atoll Dhekunu', 'HAD', 1),
(2004, 130, 'Fua Mulaku', 'FMU', 1),
(2005, 130, 'Addu', 'ADD', 1),
(2006, 131, 'Gao', 'GA', 1),
(2007, 131, 'Kayes', 'KY', 1),
(2008, 131, 'Kidal', 'KD', 1),
(2009, 131, 'Koulikoro', 'KL', 1),
(2010, 131, 'Mopti', 'MP', 1),
(2011, 131, 'Segou', 'SG', 1),
(2012, 131, 'Sikasso', 'SK', 1),
(2013, 131, 'Tombouctou', 'TB', 1),
(2014, 131, 'Bamako Capital District', 'CD', 1),
(2015, 132, 'Attard', 'ATT', 1),
(2016, 132, 'Balzan', 'BAL', 1),
(2017, 132, 'Birgu', 'BGU', 1),
(2018, 132, 'Birkirkara', 'BKK', 1),
(2019, 132, 'Birzebbuga', 'BRZ', 1),
(2020, 132, 'Bormla', 'BOR', 1),
(2021, 132, 'Dingli', 'DIN', 1),
(2022, 132, 'Fgura', 'FGU', 1),
(2023, 132, 'Floriana', 'FLO', 1),
(2024, 132, 'Gudja', 'GDJ', 1),
(2025, 132, 'Gzira', 'GZR', 1),
(2026, 132, 'Gargur', 'GRG', 1),
(2027, 132, 'Gaxaq', 'GXQ', 1),
(2028, 132, 'Hamrun', 'HMR', 1),
(2029, 132, 'Iklin', 'IKL', 1),
(2030, 132, 'Isla', 'ISL', 1),
(2031, 132, 'Kalkara', 'KLK', 1),
(2032, 132, 'Kirkop', 'KRK', 1),
(2033, 132, 'Lija', 'LIJ', 1),
(2034, 132, 'Luqa', 'LUQ', 1),
(2035, 132, 'Marsa', 'MRS', 1),
(2036, 132, 'Marsaskala', 'MKL', 1),
(2037, 132, 'Marsaxlokk', 'MXL', 1),
(2038, 132, 'Mdina', 'MDN', 1),
(2039, 132, 'Melliea', 'MEL', 1),
(2040, 132, 'Mgarr', 'MGR', 1),
(2041, 132, 'Mosta', 'MST', 1),
(2042, 132, 'Mqabba', 'MQA', 1),
(2043, 132, 'Msida', 'MSI', 1),
(2044, 132, 'Mtarfa', 'MTF', 1),
(2045, 132, 'Naxxar', 'NAX', 1),
(2046, 132, 'Paola', 'PAO', 1),
(2047, 132, 'Pembroke', 'PEM', 1),
(2048, 132, 'Pieta', 'PIE', 1),
(2049, 132, 'Qormi', 'QOR', 1),
(2050, 132, 'Qrendi', 'QRE', 1),
(2051, 132, 'Rabat', 'RAB', 1),
(2052, 132, 'Safi', 'SAF', 1),
(2053, 132, 'San Giljan', 'SGI', 1),
(2054, 132, 'Santa Lucija', 'SLU', 1),
(2055, 132, 'San Pawl il-Bahar', 'SPB', 1),
(2056, 132, 'San Gwann', 'SGW', 1),
(2057, 132, 'Santa Venera', 'SVE', 1),
(2058, 132, 'Siggiewi', 'SIG', 1),
(2059, 132, 'Sliema', 'SLM', 1),
(2060, 132, 'Swieqi', 'SWQ', 1),
(2061, 132, 'Ta Xbiex', 'TXB', 1),
(2062, 132, 'Tarxien', 'TRX', 1),
(2063, 132, 'Valletta', 'VLT', 1),
(2064, 132, 'Xgajra', 'XGJ', 1),
(2065, 132, 'Zabbar', 'ZBR', 1),
(2066, 132, 'Zebbug', 'ZBG', 1),
(2067, 132, 'Zejtun', 'ZJT', 1),
(2068, 132, 'Zurrieq', 'ZRQ', 1),
(2069, 132, 'Fontana', 'FNT', 1),
(2070, 132, 'Ghajnsielem', 'GHJ', 1),
(2071, 132, 'Gharb', 'GHR', 1),
(2072, 132, 'Ghasri', 'GHS', 1),
(2073, 132, 'Kercem', 'KRC', 1),
(2074, 132, 'Munxar', 'MUN', 1),
(2075, 132, 'Nadur', 'NAD', 1),
(2076, 132, 'Qala', 'QAL', 1),
(2077, 132, 'Victoria', 'VIC', 1),
(2078, 132, 'San Lawrenz', 'SLA', 1),
(2079, 132, 'Sannat', 'SNT', 1),
(2080, 132, 'Xagra', 'ZAG', 1),
(2081, 132, 'Xewkija', 'XEW', 1),
(2082, 132, 'Zebbug', 'ZEB', 1),
(2083, 133, 'Ailinginae', 'ALG', 1),
(2084, 133, 'Ailinglaplap', 'ALL', 1),
(2085, 133, 'Ailuk', 'ALK', 1),
(2086, 133, 'Arno', 'ARN', 1),
(2087, 133, 'Aur', 'AUR', 1),
(2088, 133, 'Bikar', 'BKR', 1),
(2089, 133, 'Bikini', 'BKN', 1),
(2090, 133, 'Bokak', 'BKK', 1),
(2091, 133, 'Ebon', 'EBN', 1),
(2092, 133, 'Enewetak', 'ENT', 1),
(2093, 133, 'Erikub', 'EKB', 1),
(2094, 133, 'Jabat', 'JBT', 1),
(2095, 133, 'Jaluit', 'JLT', 1),
(2096, 133, 'Jemo', 'JEM', 1),
(2097, 133, 'Kili', 'KIL', 1),
(2098, 133, 'Kwajalein', 'KWJ', 1),
(2099, 133, 'Lae', 'LAE', 1),
(2100, 133, 'Lib', 'LIB', 1),
(2101, 133, 'Likiep', 'LKP', 1),
(2102, 133, 'Majuro', 'MJR', 1),
(2103, 133, 'Maloelap', 'MLP', 1),
(2104, 133, 'Mejit', 'MJT', 1),
(2105, 133, 'Mili', 'MIL', 1),
(2106, 133, 'Namorik', 'NMK', 1),
(2107, 133, 'Namu', 'NAM', 1),
(2108, 133, 'Rongelap', 'RGL', 1),
(2109, 133, 'Rongrik', 'RGK', 1),
(2110, 133, 'Toke', 'TOK', 1),
(2111, 133, 'Ujae', 'UJA', 1),
(2112, 133, 'Ujelang', 'UJL', 1),
(2113, 133, 'Utirik', 'UTK', 1),
(2114, 133, 'Wotho', 'WTH', 1),
(2115, 133, 'Wotje', 'WTJ', 1),
(2116, 135, 'Adrar', 'AD', 1),
(2117, 135, 'Assaba', 'AS', 1),
(2118, 135, 'Brakna', 'BR', 1),
(2119, 135, 'Dakhlet Nouadhibou', 'DN', 1),
(2120, 135, 'Gorgol', 'GO', 1),
(2121, 135, 'Guidimaka', 'GM', 1),
(2122, 135, 'Hodh Ech Chargui', 'HC', 1),
(2123, 135, 'Hodh El Gharbi', 'HG', 1),
(2124, 135, 'Inchiri', 'IN', 1),
(2125, 135, 'Tagant', 'TA', 1),
(2126, 135, 'Tiris Zemmour', 'TZ', 1),
(2127, 135, 'Trarza', 'TR', 1),
(2128, 135, 'Nouakchott', 'NO', 1),
(2129, 136, 'Beau Bassin-Rose Hill', 'BR', 1),
(2130, 136, 'Curepipe', 'CU', 1),
(2131, 136, 'Port Louis', 'PU', 1),
(2132, 136, 'Quatre Bornes', 'QB', 1),
(2133, 136, 'Vacoas-Phoenix', 'VP', 1),
(2134, 136, 'Agalega Islands', 'AG', 1),
(2135, 136, 'Cargados Carajos Shoals (Saint Brandon Islands)', 'CC', 1),
(2136, 136, 'Rodrigues', 'RO', 1),
(2137, 136, 'Black River', 'BL', 1),
(2138, 136, 'Flacq', 'FL', 1),
(2139, 136, 'Grand Port', 'GP', 1),
(2140, 136, 'Moka', 'MO', 1),
(2141, 136, 'Pamplemousses', 'PA', 1),
(2142, 136, 'Plaines Wilhems', 'PW', 1),
(2143, 136, 'Port Louis', 'PL', 1),
(2144, 136, 'Riviere du Rempart', 'RR', 1),
(2145, 136, 'Savanne', 'SA', 1),
(2146, 138, 'Baja California Norte', 'BN', 1),
(2147, 138, 'Baja California Sur', 'BS', 1),
(2148, 138, 'Campeche', 'CA', 1),
(2149, 138, 'Chiapas', 'CI', 1),
(2150, 138, 'Chihuahua', 'CH', 1),
(2151, 138, 'Coahuila de Zaragoza', 'CZ', 1),
(2152, 138, 'Colima', 'CL', 1),
(2153, 138, 'Distrito Federal', 'DF', 1),
(2154, 138, 'Durango', 'DU', 1),
(2155, 138, 'Guanajuato', 'GA', 1),
(2156, 138, 'Guerrero', 'GE', 1),
(2157, 138, 'Hidalgo', 'HI', 1),
(2158, 138, 'Jalisco', 'JA', 1),
(2159, 138, 'Mexico', 'ME', 1),
(2160, 138, 'Michoacan de Ocampo', 'MI', 1),
(2161, 138, 'Morelos', 'MO', 1),
(2162, 138, 'Nayarit', 'NA', 1),
(2163, 138, 'Nuevo Leon', 'NL', 1),
(2164, 138, 'Oaxaca', 'OA', 1),
(2165, 138, 'Puebla', 'PU', 1),
(2166, 138, 'Queretaro de Arteaga', 'QA', 1),
(2167, 138, 'Quintana Roo', 'QR', 1),
(2168, 138, 'San Luis Potosi', 'SA', 1),
(2169, 138, 'Sinaloa', 'SI', 1),
(2170, 138, 'Sonora', 'SO', 1),
(2171, 138, 'Tabasco', 'TB', 1),
(2172, 138, 'Tamaulipas', 'TM', 1),
(2173, 138, 'Tlaxcala', 'TL', 1),
(2174, 138, 'Veracruz-Llave', 'VE', 1),
(2175, 138, 'Yucatan', 'YU', 1),
(2176, 138, 'Zacatecas', 'ZA', 1),
(2177, 139, 'Chuuk', 'C', 1),
(2178, 139, 'Kosrae', 'K', 1),
(2179, 139, 'Pohnpei', 'P', 1),
(2180, 139, 'Yap', 'Y', 1),
(2181, 140, 'Gagauzia', 'GA', 1),
(2182, 140, 'Chisinau', 'CU', 1),
(2183, 140, 'Balti', 'BA', 1),
(2184, 140, 'Cahul', 'CA', 1),
(2185, 140, 'Edinet', 'ED', 1),
(2186, 140, 'Lapusna', 'LA', 1),
(2187, 140, 'Orhei', 'OR', 1),
(2188, 140, 'Soroca', 'SO', 1),
(2189, 140, 'Tighina', 'TI', 1),
(2190, 140, 'Ungheni', 'UN', 1),
(2191, 140, 'St‚nga Nistrului', 'SN', 1),
(2192, 141, 'Fontvieille', 'FV', 1),
(2193, 141, 'La Condamine', 'LC', 1),
(2194, 141, 'Monaco-Ville', 'MV', 1),
(2195, 141, 'Monte-Carlo', 'MC', 1),
(2196, 142, 'Ulanbaatar', '1', 1),
(2197, 142, 'Orhon', '035', 1),
(2198, 142, 'Darhan uul', '037', 1),
(2199, 142, 'Hentiy', '039', 1),
(2200, 142, 'Hovsgol', '041', 1),
(2201, 142, 'Hovd', '043', 1),
(2202, 142, 'Uvs', '046', 1),
(2203, 142, 'Tov', '047', 1),
(2204, 142, 'Selenge', '049', 1),
(2205, 142, 'Suhbaatar', '051', 1),
(2206, 142, 'Omnogovi', '053', 1),
(2207, 142, 'Ovorhangay', '055', 1),
(2208, 142, 'Dzavhan', '057', 1),
(2209, 142, 'DundgovL', '059', 1),
(2210, 142, 'Dornod', '061', 1),
(2211, 142, 'Dornogov', '063', 1),
(2212, 142, 'Govi-Sumber', '064', 1),
(2213, 142, 'Govi-Altay', '065', 1),
(2214, 142, 'Bulgan', '067', 1),
(2215, 142, 'Bayanhongor', '069', 1),
(2216, 142, 'Bayan-Olgiy', '071', 1),
(2217, 142, 'Arhangay', '073', 1),
(2218, 143, 'Saint Anthony', 'A', 1),
(2219, 143, 'Saint Georges', 'G', 1),
(2220, 143, 'Saint Peter', 'P', 1),
(2221, 144, 'Agadir', 'AGD', 1),
(2222, 144, 'Al Hoceima', 'HOC', 1),
(2223, 144, 'Azilal', 'AZI', 1),
(2224, 144, 'Beni Mellal', 'BME', 1),
(2225, 144, 'Ben Slimane', 'BSL', 1),
(2226, 144, 'Boulemane', 'BLM', 1),
(2227, 144, 'Casablanca', 'CBL', 1),
(2228, 144, 'Chaouen', 'CHA', 1),
(2229, 144, 'El Jadida', 'EJA', 1),
(2230, 144, 'El Kelaa des Sraghna', 'EKS', 1),
(2231, 144, 'Er Rachidia', 'ERA', 1),
(2232, 144, 'Essaouira', 'ESS', 1),
(2233, 144, 'Fes', 'FES', 1),
(2234, 144, 'Figuig', 'FIG', 1),
(2235, 144, 'Guelmim', 'GLM', 1),
(2236, 144, 'Ifrane', 'IFR', 1),
(2237, 144, 'Kenitra', 'KEN', 1),
(2238, 144, 'Khemisset', 'KHM', 1),
(2239, 144, 'Khenifra', 'KHN', 1),
(2240, 144, 'Khouribga', 'KHO', 1),
(2241, 144, 'Laayoune', 'LYN', 1),
(2242, 144, 'Larache', 'LAR', 1),
(2243, 144, 'Marrakech', 'MRK', 1),
(2244, 144, 'Meknes', 'MKN', 1),
(2245, 144, 'Nador', 'NAD', 1),
(2246, 144, 'Ouarzazate', 'ORZ', 1),
(2247, 144, 'Oujda', 'OUJ', 1),
(2248, 144, 'Rabat-Sale', 'RSA', 1),
(2249, 144, 'Safi', 'SAF', 1),
(2250, 144, 'Settat', 'SET', 1),
(2251, 144, 'Sidi Kacem', 'SKA', 1),
(2252, 144, 'Tangier', 'TGR', 1),
(2253, 144, 'Tan-Tan', 'TAN', 1),
(2254, 144, 'Taounate', 'TAO', 1),
(2255, 144, 'Taroudannt', 'TRD', 1),
(2256, 144, 'Tata', 'TAT', 1),
(2257, 144, 'Taza', 'TAZ', 1),
(2258, 144, 'Tetouan', 'TET', 1),
(2259, 144, 'Tiznit', 'TIZ', 1),
(2260, 144, 'Ad Dakhla', 'ADK', 1),
(2261, 144, 'Boujdour', 'BJD', 1),
(2262, 144, 'Es Smara', 'ESM', 1),
(2263, 145, 'Cabo Delgado', 'CD', 1),
(2264, 145, 'Gaza', 'GZ', 1),
(2265, 145, 'Inhambane', 'IN', 1),
(2266, 145, 'Manica', 'MN', 1),
(2267, 145, 'Maputo (city)', 'MC', 1),
(2268, 145, 'Maputo', 'MP', 1),
(2269, 145, 'Nampula', 'NA', 1),
(2270, 145, 'Niassa', 'NI', 1),
(2271, 145, 'Sofala', 'SO', 1),
(2272, 145, 'Tete', 'TE', 1),
(2273, 145, 'Zambezia', 'ZA', 1),
(2274, 146, 'Ayeyarwady', 'AY', 1),
(2275, 146, 'Bago', 'BG', 1),
(2276, 146, 'Magway', 'MG', 1),
(2277, 146, 'Mandalay', 'MD', 1),
(2278, 146, 'Sagaing', 'SG', 1),
(2279, 146, 'Tanintharyi', 'TN', 1),
(2280, 146, 'Yangon', 'YG', 1),
(2281, 146, 'Chin State', 'CH', 1),
(2282, 146, 'Kachin State', 'KC', 1),
(2283, 146, 'Kayah State', 'KH', 1),
(2284, 146, 'Kayin State', 'KN', 1),
(2285, 146, 'Mon State', 'MN', 1),
(2286, 146, 'Rakhine State', 'RK', 1),
(2287, 146, 'Shan State', 'SH', 1),
(2288, 147, 'Caprivi', 'CA', 1),
(2289, 147, 'Erongo', 'ER', 1),
(2290, 147, 'Hardap', 'HA', 1),
(2291, 147, 'Karas', 'KR', 1),
(2292, 147, 'Kavango', 'KV', 1),
(2293, 147, 'Khomas', 'KH', 1),
(2294, 147, 'Kunene', 'KU', 1),
(2295, 147, 'Ohangwena', 'OW', 1),
(2296, 147, 'Omaheke', 'OK', 1),
(2297, 147, 'Omusati', 'OT', 1),
(2298, 147, 'Oshana', 'ON', 1),
(2299, 147, 'Oshikoto', 'OO', 1),
(2300, 147, 'Otjozondjupa', 'OJ', 1),
(2301, 148, 'Aiwo', 'AO', 1),
(2302, 148, 'Anabar', 'AA', 1),
(2303, 148, 'Anetan', 'AT', 1),
(2304, 148, 'Anibare', 'AI', 1),
(2305, 148, 'Baiti', 'BA', 1),
(2306, 148, 'Boe', 'BO', 1),
(2307, 148, 'Buada', 'BU', 1),
(2308, 148, 'Denigomodu', 'DE', 1),
(2309, 148, 'Ewa', 'EW', 1),
(2310, 148, 'Ijuw', 'IJ', 1),
(2311, 148, 'Meneng', 'ME', 1),
(2312, 148, 'Nibok', 'NI', 1),
(2313, 148, 'Uaboe', 'UA', 1),
(2314, 148, 'Yaren', 'YA', 1),
(2315, 149, 'Bagmati', 'BA', 1),
(2316, 149, 'Bheri', 'BH', 1),
(2317, 149, 'Dhawalagiri', 'DH', 1),
(2318, 149, 'Gandaki', 'GA', 1),
(2319, 149, 'Janakpur', 'JA', 1),
(2320, 149, 'Karnali', 'KA', 1),
(2321, 149, 'Kosi', 'KO', 1),
(2322, 149, 'Lumbini', 'LU', 1),
(2323, 149, 'Mahakali', 'MA', 1),
(2324, 149, 'Mechi', 'ME', 1),
(2325, 149, 'Narayani', 'NA', 1),
(2326, 149, 'Rapti', 'RA', 1),
(2327, 149, 'Sagarmatha', 'SA', 1),
(2328, 149, 'Seti', 'SE', 1),
(2329, 150, 'Drenthe', 'DR', 1),
(2330, 150, 'Flevoland', 'FL', 1),
(2331, 150, 'Friesland', 'FR', 1),
(2332, 150, 'Gelderland', 'GE', 1),
(2333, 150, 'Groningen', 'GR', 1),
(2334, 150, 'Limburg', 'LI', 1),
(2335, 150, 'Noord Brabant', 'NB', 1),
(2336, 150, 'Noord Holland', 'NH', 1),
(2337, 150, 'Overijssel', 'OV', 1),
(2338, 150, 'Utrecht', 'UT', 1),
(2339, 150, 'Zeeland', 'ZE', 1),
(2340, 150, 'Zuid Holland', 'ZH', 1),
(2341, 152, 'Iles Loyaute', 'L', 1),
(2342, 152, 'Nord', 'N', 1),
(2343, 152, 'Sud', 'S', 1),
(2344, 153, 'Auckland', 'AUK', 1),
(2345, 153, 'Bay of Plenty', 'BOP', 1),
(2346, 153, 'Canterbury', 'CAN', 1),
(2347, 153, 'Coromandel', 'COR', 1),
(2348, 153, 'Gisborne', 'GIS', 1),
(2349, 153, 'Fiordland', 'FIO', 1),
(2350, 153, 'Hawke''s Bay', 'HKB', 1),
(2351, 153, 'Marlborough', 'MBH', 1),
(2352, 153, 'Manawatu-Wanganui', 'MWT', 1),
(2353, 153, 'Mt Cook-Mackenzie', 'MCM', 1),
(2354, 153, 'Nelson', 'NSN', 1),
(2355, 153, 'Northland', 'NTL', 1),
(2356, 153, 'Otago', 'OTA', 1),
(2357, 153, 'Southland', 'STL', 1),
(2358, 153, 'Taranaki', 'TKI', 1),
(2359, 153, 'Wellington', 'WGN', 1),
(2360, 153, 'Waikato', 'WKO', 1),
(2361, 153, 'Wairprarapa', 'WAI', 1),
(2362, 153, 'West Coast', 'WTC', 1),
(2363, 154, 'Atlantico Norte', 'AN', 1),
(2364, 154, 'Atlantico Sur', 'AS', 1),
(2365, 154, 'Boaco', 'BO', 1),
(2366, 154, 'Carazo', 'CA', 1),
(2367, 154, 'Chinandega', 'CI', 1),
(2368, 154, 'Chontales', 'CO', 1),
(2369, 154, 'Esteli', 'ES', 1),
(2370, 154, 'Granada', 'GR', 1),
(2371, 154, 'Jinotega', 'JI', 1),
(2372, 154, 'Leon', 'LE', 1),
(2373, 154, 'Madriz', 'MD', 1),
(2374, 154, 'Managua', 'MN', 1),
(2375, 154, 'Masaya', 'MS', 1),
(2376, 154, 'Matagalpa', 'MT', 1),
(2377, 154, 'Nuevo Segovia', 'NS', 1),
(2378, 154, 'Rio San Juan', 'RS', 1),
(2379, 154, 'Rivas', 'RI', 1),
(2380, 155, 'Agadez', 'AG', 1),
(2381, 155, 'Diffa', 'DF', 1),
(2382, 155, 'Dosso', 'DS', 1),
(2383, 155, 'Maradi', 'MA', 1),
(2384, 155, 'Niamey', 'NM', 1),
(2385, 155, 'Tahoua', 'TH', 1),
(2386, 155, 'Tillaberi', 'TL', 1),
(2387, 155, 'Zinder', 'ZD', 1),
(2388, 156, 'Abia', 'AB', 1),
(2389, 156, 'Abuja Federal Capital Territory', 'CT', 1),
(2390, 156, 'Adamawa', 'AD', 1),
(2391, 156, 'Akwa Ibom', 'AK', 1),
(2392, 156, 'Anambra', 'AN', 1),
(2393, 156, 'Bauchi', 'BC', 1),
(2394, 156, 'Bayelsa', 'BY', 1),
(2395, 156, 'Benue', 'BN', 1),
(2396, 156, 'Borno', 'BO', 1),
(2397, 156, 'Cross River', 'CR', 1),
(2398, 156, 'Delta', 'DE', 1),
(2399, 156, 'Ebonyi', 'EB', 1),
(2400, 156, 'Edo', 'ED', 1),
(2401, 156, 'Ekiti', 'EK', 1),
(2402, 156, 'Enugu', 'EN', 1),
(2403, 156, 'Gombe', 'GO', 1),
(2404, 156, 'Imo', 'IM', 1),
(2405, 156, 'Jigawa', 'JI', 1),
(2406, 156, 'Kaduna', 'KD', 1),
(2407, 156, 'Kano', 'KN', 1),
(2408, 156, 'Katsina', 'KT', 1),
(2409, 156, 'Kebbi', 'KE', 1),
(2410, 156, 'Kogi', 'KO', 1),
(2411, 156, 'Kwara', 'KW', 1),
(2412, 156, 'Lagos', 'LA', 1),
(2413, 156, 'Nassarawa', 'NA', 1),
(2414, 156, 'Niger', 'NI', 1),
(2415, 156, 'Ogun', 'OG', 1),
(2416, 156, 'Ondo', 'ONG', 1),
(2417, 156, 'Osun', 'OS', 1),
(2418, 156, 'Oyo', 'OY', 1),
(2419, 156, 'Plateau', 'PL', 1),
(2420, 156, 'Rivers', 'RI', 1),
(2421, 156, 'Sokoto', 'SO', 1),
(2422, 156, 'Taraba', 'TA', 1),
(2423, 156, 'Yobe', 'YO', 1),
(2424, 156, 'Zamfara', 'ZA', 1),
(2425, 159, 'Northern Islands', 'N', 1),
(2426, 159, 'Rota', 'R', 1),
(2427, 159, 'Saipan', 'S', 1),
(2428, 159, 'Tinian', 'T', 1),
(2429, 160, 'Akershus', 'AK', 1),
(2430, 160, 'Aust-Agder', 'AA', 1),
(2431, 160, 'Buskerud', 'BU', 1),
(2432, 160, 'Finnmark', 'FM', 1),
(2433, 160, 'Hedmark', 'HM', 1),
(2434, 160, 'Hordaland', 'HL', 1),
(2435, 160, 'More og Romdal', 'MR', 1),
(2436, 160, 'Nord-Trondelag', 'NT', 1),
(2437, 160, 'Nordland', 'NL', 1),
(2438, 160, 'Ostfold', 'OF', 1),
(2439, 160, 'Oppland', 'OP', 1),
(2440, 160, 'Oslo', 'OL', 1),
(2441, 160, 'Rogaland', 'RL', 1),
(2442, 160, 'Sor-Trondelag', 'ST', 1),
(2443, 160, 'Sogn og Fjordane', 'SJ', 1),
(2444, 160, 'Svalbard', 'SV', 1),
(2445, 160, 'Telemark', 'TM', 1),
(2446, 160, 'Troms', 'TR', 1),
(2447, 160, 'Vest-Agder', 'VA', 1),
(2448, 160, 'Vestfold', 'VF', 1),
(2449, 161, 'Ad Dakhiliyah', 'DA', 1),
(2450, 161, 'Al Batinah', 'BA', 1),
(2451, 161, 'Al Wusta', 'WU', 1),
(2452, 161, 'Ash Sharqiyah', 'SH', 1),
(2453, 161, 'Az Zahirah', 'ZA', 1),
(2454, 161, 'Masqat', 'MA', 1),
(2455, 161, 'Musandam', 'MU', 1),
(2456, 161, 'Zufar', 'ZU', 1),
(2457, 162, 'Balochistan', 'B', 1),
(2458, 162, 'Federally Administered Tribal Areas', 'T', 1),
(2459, 162, 'Islamabad Capital Territory', 'I', 1),
(2460, 162, 'North-West Frontier', 'N', 1),
(2461, 162, 'Punjab', 'P', 1),
(2462, 162, 'Sindh', 'S', 1),
(2463, 163, 'Aimeliik', 'AM', 1),
(2464, 163, 'Airai', 'AR', 1),
(2465, 163, 'Angaur', 'AN', 1),
(2466, 163, 'Hatohobei', 'HA', 1),
(2467, 163, 'Kayangel', 'KA', 1),
(2468, 163, 'Koror', 'KO', 1),
(2469, 163, 'Melekeok', 'ME', 1),
(2470, 163, 'Ngaraard', 'NA', 1),
(2471, 163, 'Ngarchelong', 'NG', 1),
(2472, 163, 'Ngardmau', 'ND', 1),
(2473, 163, 'Ngatpang', 'NT', 1),
(2474, 163, 'Ngchesar', 'NC', 1),
(2475, 163, 'Ngeremlengui', 'NR', 1),
(2476, 163, 'Ngiwal', 'NW', 1),
(2477, 163, 'Peleliu', 'PE', 1),
(2478, 163, 'Sonsorol', 'SO', 1),
(2479, 164, 'Bocas del Toro', 'BT', 1),
(2480, 164, 'Chiriqui', 'CH', 1),
(2481, 164, 'Cocle', 'CC', 1),
(2482, 164, 'Colon', 'CL', 1),
(2483, 164, 'Darien', 'DA', 1),
(2484, 164, 'Herrera', 'HE', 1),
(2485, 164, 'Los Santos', 'LS', 1),
(2486, 164, 'Panama', 'PA', 1),
(2487, 164, 'San Blas', 'SB', 1),
(2488, 164, 'Veraguas', 'VG', 1),
(2489, 165, 'Bougainville', 'BV', 1),
(2490, 165, 'Central', 'CE', 1),
(2491, 165, 'Chimbu', 'CH', 1),
(2492, 165, 'Eastern Highlands', 'EH', 1),
(2493, 165, 'East New Britain', 'EB', 1),
(2494, 165, 'East Sepik', 'ES', 1),
(2495, 165, 'Enga', 'EN', 1),
(2496, 165, 'Gulf', 'GU', 1),
(2497, 165, 'Madang', 'MD', 1),
(2498, 165, 'Manus', 'MN', 1),
(2499, 165, 'Milne Bay', 'MB', 1),
(2500, 165, 'Morobe', 'MR', 1),
(2501, 165, 'National Capital', 'NC', 1),
(2502, 165, 'New Ireland', 'NI', 1),
(2503, 165, 'Northern', 'NO', 1),
(2504, 165, 'Sandaun', 'SA', 1),
(2505, 165, 'Southern Highlands', 'SH', 1),
(2506, 165, 'Western', 'WE', 1),
(2507, 165, 'Western Highlands', 'WH', 1),
(2508, 165, 'West New Britain', 'WB', 1),
(2509, 166, 'Alto Paraguay', 'AG', 1),
(2510, 166, 'Alto Parana', 'AN', 1),
(2511, 166, 'Amambay', 'AM', 1),
(2512, 166, 'Asuncion', 'AS', 1),
(2513, 166, 'Boqueron', 'BO', 1),
(2514, 166, 'Caaguazu', 'CG', 1),
(2515, 166, 'Caazapa', 'CZ', 1),
(2516, 166, 'Canindeyu', 'CN', 1),
(2517, 166, 'Central', 'CE', 1),
(2518, 166, 'Concepcion', 'CC', 1),
(2519, 166, 'Cordillera', 'CD', 1),
(2520, 166, 'Guaira', 'GU', 1),
(2521, 166, 'Itapua', 'IT', 1),
(2522, 166, 'Misiones', 'MI', 1),
(2523, 166, 'Neembucu', 'NE', 1),
(2524, 166, 'Paraguari', 'PA', 1),
(2525, 166, 'Presidente Hayes', 'PH', 1),
(2526, 166, 'San Pedro', 'SP', 1),
(2527, 167, 'Amazonas', 'AM', 1),
(2528, 167, 'Ancash', 'AN', 1),
(2529, 167, 'Apurimac', 'AP', 1),
(2530, 167, 'Arequipa', 'AR', 1),
(2531, 167, 'Ayacucho', 'AY', 1),
(2532, 167, 'Cajamarca', 'CJ', 1),
(2533, 167, 'Callao', 'CL', 1),
(2534, 167, 'Cusco', 'CU', 1),
(2535, 167, 'Huancavelica', 'HV', 1),
(2536, 167, 'Huanuco', 'HO', 1),
(2537, 167, 'Ica', 'IC', 1),
(2538, 167, 'Junin', 'JU', 1),
(2539, 167, 'La Libertad', 'LD', 1),
(2540, 167, 'Lambayeque', 'LY', 1),
(2541, 167, 'Lima', 'LI', 1),
(2542, 167, 'Loreto', 'LO', 1),
(2543, 167, 'Madre de Dios', 'MD', 1),
(2544, 167, 'Moquegua', 'MO', 1),
(2545, 167, 'Pasco', 'PA', 1),
(2546, 167, 'Piura', 'PI', 1),
(2547, 167, 'Puno', 'PU', 1),
(2548, 167, 'San Martin', 'SM', 1),
(2549, 167, 'Tacna', 'TA', 1),
(2550, 167, 'Tumbes', 'TU', 1),
(2551, 167, 'Ucayali', 'UC', 1),
(2552, 168, 'Abra', 'ABR', 1),
(2553, 168, 'Agusan del Norte', 'ANO', 1),
(2554, 168, 'Agusan del Sur', 'ASU', 1),
(2555, 168, 'Aklan', 'AKL', 1),
(2556, 168, 'Albay', 'ALB', 1),
(2557, 168, 'Antique', 'ANT', 1),
(2558, 168, 'Apayao', 'APY', 1),
(2559, 168, 'Aurora', 'AUR', 1),
(2560, 168, 'Basilan', 'BAS', 1),
(2561, 168, 'Bataan', 'BTA', 1),
(2562, 168, 'Batanes', 'BTE', 1),
(2563, 168, 'Batangas', 'BTG', 1),
(2564, 168, 'Biliran', 'BLR', 1),
(2565, 168, 'Benguet', 'BEN', 1),
(2566, 168, 'Bohol', 'BOL', 1),
(2567, 168, 'Bukidnon', 'BUK', 1),
(2568, 168, 'Bulacan', 'BUL', 1),
(2569, 168, 'Cagayan', 'CAG', 1),
(2570, 168, 'Camarines Norte', 'CNO', 1),
(2571, 168, 'Camarines Sur', 'CSU', 1),
(2572, 168, 'Camiguin', 'CAM', 1),
(2573, 168, 'Capiz', 'CAP', 1),
(2574, 168, 'Catanduanes', 'CAT', 1),
(2575, 168, 'Cavite', 'CAV', 1),
(2576, 168, 'Cebu', 'CEB', 1),
(2577, 168, 'Compostela', 'CMP', 1),
(2578, 168, 'Davao del Norte', 'DNO', 1),
(2579, 168, 'Davao del Sur', 'DSU', 1),
(2580, 168, 'Davao Oriental', 'DOR', 1),
(2581, 168, 'Eastern Samar', 'ESA', 1),
(2582, 168, 'Guimaras', 'GUI', 1),
(2583, 168, 'Ifugao', 'IFU', 1),
(2584, 168, 'Ilocos Norte', 'INO', 1),
(2585, 168, 'Ilocos Sur', 'ISU', 1),
(2586, 168, 'Iloilo', 'ILO', 1),
(2587, 168, 'Isabela', 'ISA', 1),
(2588, 168, 'Kalinga', 'KAL', 1),
(2589, 168, 'Laguna', 'LAG', 1),
(2590, 168, 'Lanao del Norte', 'LNO', 1),
(2591, 168, 'Lanao del Sur', 'LSU', 1),
(2592, 168, 'La Union', 'UNI', 1),
(2593, 168, 'Leyte', 'LEY', 1),
(2594, 168, 'Maguindanao', 'MAG', 1),
(2595, 168, 'Marinduque', 'MRN', 1),
(2596, 168, 'Masbate', 'MSB', 1),
(2597, 168, 'Mindoro Occidental', 'MIC', 1),
(2598, 168, 'Mindoro Oriental', 'MIR', 1),
(2599, 168, 'Misamis Occidental', 'MSC', 1),
(2600, 168, 'Misamis Oriental', 'MOR', 1),
(2601, 168, 'Mountain', 'MOP', 1),
(2602, 168, 'Negros Occidental', 'NOC', 1),
(2603, 168, 'Negros Oriental', 'NOR', 1),
(2604, 168, 'North Cotabato', 'NCT', 1),
(2605, 168, 'Northern Samar', 'NSM', 1),
(2606, 168, 'Nueva Ecija', 'NEC', 1),
(2607, 168, 'Nueva Vizcaya', 'NVZ', 1),
(2608, 168, 'Palawan', 'PLW', 1),
(2609, 168, 'Pampanga', 'PMP', 1),
(2610, 168, 'Pangasinan', 'PNG', 1),
(2611, 168, 'Quezon', 'QZN', 1),
(2612, 168, 'Quirino', 'QRN', 1),
(2613, 168, 'Rizal', 'RIZ', 1),
(2614, 168, 'Romblon', 'ROM', 1),
(2615, 168, 'Samar', 'SMR', 1),
(2616, 168, 'Sarangani', 'SRG', 1),
(2617, 168, 'Siquijor', 'SQJ', 1),
(2618, 168, 'Sorsogon', 'SRS', 1),
(2619, 168, 'South Cotabato', 'SCO', 1),
(2620, 168, 'Southern Leyte', 'SLE', 1),
(2621, 168, 'Sultan Kudarat', 'SKU', 1),
(2622, 168, 'Sulu', 'SLU', 1),
(2623, 168, 'Surigao del Norte', 'SNO', 1),
(2624, 168, 'Surigao del Sur', 'SSU', 1),
(2625, 168, 'Tarlac', 'TAR', 1),
(2626, 168, 'Tawi-Tawi', 'TAW', 1),
(2627, 168, 'Zambales', 'ZBL', 1),
(2628, 168, 'Zamboanga del Norte', 'ZNO', 1),
(2629, 168, 'Zamboanga del Sur', 'ZSU', 1),
(2630, 168, 'Zamboanga Sibugay', 'ZSI', 1),
(2631, 170, 'Dolnoslaskie', 'DO', 1),
(2632, 170, 'Kujawsko-Pomorskie', 'KP', 1),
(2633, 170, 'Lodzkie', 'LO', 1),
(2634, 170, 'Lubelskie', 'LL', 1),
(2635, 170, 'Lubuskie', 'LU', 1),
(2636, 170, 'Malopolskie', 'ML', 1),
(2637, 170, 'Mazowieckie', 'MZ', 1),
(2638, 170, 'Opolskie', 'OP', 1),
(2639, 170, 'Podkarpackie', 'PP', 1),
(2640, 170, 'Podlaskie', 'PL', 1),
(2641, 170, 'Pomorskie', 'PM', 1),
(2642, 170, 'Slaskie', 'SL', 1),
(2643, 170, 'Swietokrzyskie', 'SW', 1),
(2644, 170, 'Warminsko-Mazurskie', 'WM', 1),
(2645, 170, 'Wielkopolskie', 'WP', 1),
(2646, 170, 'Zachodniopomorskie', 'ZA', 1),
(2647, 198, 'Saint Pierre', 'P', 1),
(2648, 198, 'Miquelon', 'M', 1),
(2649, 171, 'A&ccedil;ores', 'AC', 1),
(2650, 171, 'Aveiro', 'AV', 1),
(2651, 171, 'Beja', 'BE', 1),
(2652, 171, 'Braga', 'BR', 1),
(2653, 171, 'Bragan&ccedil;a', 'BA', 1),
(2654, 171, 'Castelo Branco', 'CB', 1),
(2655, 171, 'Coimbra', 'CO', 1),
(2656, 171, '&Eacute;vora', 'EV', 1),
(2657, 171, 'Faro', 'FA', 1),
(2658, 171, 'Guarda', 'GU', 1),
(2659, 171, 'Leiria', 'LE', 1),
(2660, 171, 'Lisboa', 'LI', 1),
(2661, 171, 'Madeira', 'ME', 1),
(2662, 171, 'Portalegre', 'PO', 1),
(2663, 171, 'Porto', 'PR', 1),
(2664, 171, 'Santar&eacute;m', 'SA', 1),
(2665, 171, 'Set&uacute;bal', 'SE', 1),
(2666, 171, 'Viana do Castelo', 'VC', 1),
(2667, 171, 'Vila Real', 'VR', 1),
(2668, 171, 'Viseu', 'VI', 1),
(2669, 173, 'Ad Dawhah', 'DW', 1),
(2670, 173, 'Al Ghuwayriyah', 'GW', 1),
(2671, 173, 'Al Jumayliyah', 'JM', 1),
(2672, 173, 'Al Khawr', 'KR', 1),
(2673, 173, 'Al Wakrah', 'WK', 1),
(2674, 173, 'Ar Rayyan', 'RN', 1),
(2675, 173, 'Jarayan al Batinah', 'JB', 1),
(2676, 173, 'Madinat ash Shamal', 'MS', 1),
(2677, 173, 'Umm Sa''id', 'UD', 1),
(2678, 173, 'Umm Salal', 'UL', 1),
(2679, 175, 'Alba', 'AB', 1),
(2680, 175, 'Arad', 'AR', 1),
(2681, 175, 'Arges', 'AG', 1),
(2682, 175, 'Bacau', 'BC', 1),
(2683, 175, 'Bihor', 'BH', 1),
(2684, 175, 'Bistrita-Nasaud', 'BN', 1),
(2685, 175, 'Botosani', 'BT', 1),
(2686, 175, 'Brasov', 'BV', 1),
(2687, 175, 'Braila', 'BR', 1),
(2688, 175, 'Bucuresti', 'B', 1),
(2689, 175, 'Buzau', 'BZ', 1),
(2690, 175, 'Caras-Severin', 'CS', 1),
(2691, 175, 'Calarasi', 'CL', 1),
(2692, 175, 'Cluj', 'CJ', 1),
(2693, 175, 'Constanta', 'CT', 1),
(2694, 175, 'Covasna', 'CV', 1),
(2695, 175, 'Dimbovita', 'DB', 1),
(2696, 175, 'Dolj', 'DJ', 1),
(2697, 175, 'Galati', 'GL', 1),
(2698, 175, 'Giurgiu', 'GR', 1),
(2699, 175, 'Gorj', 'GJ', 1),
(2700, 175, 'Harghita', 'HR', 1),
(2701, 175, 'Hunedoara', 'HD', 1),
(2702, 175, 'Ialomita', 'IL', 1),
(2703, 175, 'Iasi', 'IS', 1),
(2704, 175, 'Ilfov', 'IF', 1),
(2705, 175, 'Maramures', 'MM', 1),
(2706, 175, 'Mehedinti', 'MH', 1),
(2707, 175, 'Mures', 'MS', 1),
(2708, 175, 'Neamt', 'NT', 1),
(2709, 175, 'Olt', 'OT', 1),
(2710, 175, 'Prahova', 'PH', 1),
(2711, 175, 'Satu-Mare', 'SM', 1),
(2712, 175, 'Salaj', 'SJ', 1),
(2713, 175, 'Sibiu', 'SB', 1),
(2714, 175, 'Suceava', 'SV', 1),
(2715, 175, 'Teleorman', 'TR', 1),
(2716, 175, 'Timis', 'TM', 1),
(2717, 175, 'Tulcea', 'TL', 1),
(2718, 175, 'Vaslui', 'VS', 1),
(2719, 175, 'Valcea', 'VL', 1),
(2720, 175, 'Vrancea', 'VN', 1),
(2721, 176, 'Abakan', 'AB', 1),
(2722, 176, 'Aginskoye', 'AG', 1),
(2723, 176, 'Anadyr', 'AN', 1),
(2724, 176, 'Arkahangelsk', 'AR', 1),
(2725, 176, 'Astrakhan', 'AS', 1),
(2726, 176, 'Barnaul', 'BA', 1),
(2727, 176, 'Belgorod', 'BE', 1),
(2728, 176, 'Birobidzhan', 'BI', 1),
(2729, 176, 'Blagoveshchensk', 'BL', 1),
(2730, 176, 'Bryansk', 'BR', 1),
(2731, 176, 'Cheboksary', 'CH', 1),
(2732, 176, 'Chelyabinsk', 'CL', 1),
(2733, 176, 'Cherkessk', 'CR', 1),
(2734, 176, 'Chita', 'CI', 1),
(2735, 176, 'Dudinka', 'DU', 1),
(2736, 176, 'Elista', 'EL', 1),
(2737, 176, 'Gomo-Altaysk', 'GO', 1),
(2738, 176, 'Gorno-Altaysk', 'GA', 1),
(2739, 176, 'Groznyy', 'GR', 1),
(2740, 176, 'Irkutsk', 'IR', 1),
(2741, 176, 'Ivanovo', 'IV', 1),
(2742, 176, 'Izhevsk', 'IZ', 1),
(2743, 176, 'Kalinigrad', 'KA', 1),
(2744, 176, 'Kaluga', 'KL', 1),
(2745, 176, 'Kasnodar', 'KS', 1),
(2746, 176, 'Kazan', 'KZ', 1),
(2747, 176, 'Kemerovo', 'KE', 1),
(2748, 176, 'Khabarovsk', 'KH', 1),
(2749, 176, 'Khanty-Mansiysk', 'KM', 1),
(2750, 176, 'Kostroma', 'KO', 1),
(2751, 176, 'Krasnodar', 'KR', 1),
(2752, 176, 'Krasnoyarsk', 'KN', 1),
(2753, 176, 'Kudymkar', 'KU', 1),
(2754, 176, 'Kurgan', 'KG', 1),
(2755, 176, 'Kursk', 'KK', 1),
(2756, 176, 'Kyzyl', 'KY', 1),
(2757, 176, 'Lipetsk', 'LI', 1),
(2758, 176, 'Magadan', 'MA', 1),
(2759, 176, 'Makhachkala', 'MK', 1),
(2760, 176, 'Maykop', 'MY', 1),
(2761, 176, 'Moscow', 'MO', 1),
(2762, 176, 'Murmansk', 'MU', 1),
(2763, 176, 'Nalchik', 'NA', 1),
(2764, 176, 'Naryan Mar', 'NR', 1),
(2765, 176, 'Nazran', 'NZ', 1),
(2766, 176, 'Nizhniy Novgorod', 'NI', 1),
(2767, 176, 'Novgorod', 'NO', 1),
(2768, 176, 'Novosibirsk', 'NV', 1),
(2769, 176, 'Omsk', 'OM', 1),
(2770, 176, 'Orel', 'OR', 1),
(2771, 176, 'Orenburg', 'OE', 1),
(2772, 176, 'Palana', 'PA', 1),
(2773, 176, 'Penza', 'PE', 1),
(2774, 176, 'Perm', 'PR', 1),
(2775, 176, 'Petropavlovsk-Kamchatskiy', 'PK', 1),
(2776, 176, 'Petrozavodsk', 'PT', 1),
(2777, 176, 'Pskov', 'PS', 1),
(2778, 176, 'Rostov-na-Donu', 'RO', 1),
(2779, 176, 'Ryazan', 'RY', 1),
(2780, 176, 'Salekhard', 'SL', 1),
(2781, 176, 'Samara', 'SA', 1),
(2782, 176, 'Saransk', 'SR', 1),
(2783, 176, 'Saratov', 'SV', 1),
(2784, 176, 'Smolensk', 'SM', 1),
(2785, 176, 'St. Petersburg', 'SP', 1),
(2786, 176, 'Stavropol', 'ST', 1),
(2787, 176, 'Syktyvkar', 'SY', 1),
(2788, 176, 'Tambov', 'TA', 1),
(2789, 176, 'Tomsk', 'TO', 1),
(2790, 176, 'Tula', 'TU', 1),
(2791, 176, 'Tura', 'TR', 1),
(2792, 176, 'Tver', 'TV', 1),
(2793, 176, 'Tyumen', 'TY', 1),
(2794, 176, 'Ufa', 'UF', 1),
(2795, 176, 'Ul''yanovsk', 'UL', 1),
(2796, 176, 'Ulan-Ude', 'UU', 1),
(2797, 176, 'Ust''-Ordynskiy', 'US', 1),
(2798, 176, 'Vladikavkaz', 'VL', 1),
(2799, 176, 'Vladimir', 'VA', 1),
(2800, 176, 'Vladivostok', 'VV', 1),
(2801, 176, 'Volgograd', 'VG', 1),
(2802, 176, 'Vologda', 'VD', 1),
(2803, 176, 'Voronezh', 'VO', 1),
(2804, 176, 'Vyatka', 'VY', 1),
(2805, 176, 'Yakutsk', 'YA', 1),
(2806, 176, 'Yaroslavl', 'YR', 1),
(2807, 176, 'Yekaterinburg', 'YE', 1),
(2808, 176, 'Yoshkar-Ola', 'YO', 1),
(2809, 177, 'Butare', 'BU', 1),
(2810, 177, 'Byumba', 'BY', 1),
(2811, 177, 'Cyangugu', 'CY', 1),
(2812, 177, 'Gikongoro', 'GK', 1),
(2813, 177, 'Gisenyi', 'GS', 1),
(2814, 177, 'Gitarama', 'GT', 1),
(2815, 177, 'Kibungo', 'KG', 1),
(2816, 177, 'Kibuye', 'KY', 1),
(2817, 177, 'Kigali Rurale', 'KR', 1),
(2818, 177, 'Kigali-ville', 'KV', 1),
(2819, 177, 'Ruhengeri', 'RU', 1),
(2820, 177, 'Umutara', 'UM', 1),
(2821, 178, 'Christ Church Nichola Town', 'CCN', 1),
(2822, 178, 'Saint Anne Sandy Point', 'SAS', 1),
(2823, 178, 'Saint George Basseterre', 'SGB', 1),
(2824, 178, 'Saint George Gingerland', 'SGG', 1),
(2825, 178, 'Saint James Windward', 'SJW', 1),
(2826, 178, 'Saint John Capesterre', 'SJC', 1),
(2827, 178, 'Saint John Figtree', 'SJF', 1),
(2828, 178, 'Saint Mary Cayon', 'SMC', 1),
(2829, 178, 'Saint Paul Capesterre', 'CAP', 1),
(2830, 178, 'Saint Paul Charlestown', 'CHA', 1),
(2831, 178, 'Saint Peter Basseterre', 'SPB', 1),
(2832, 178, 'Saint Thomas Lowland', 'STL', 1),
(2833, 178, 'Saint Thomas Middle Island', 'STM', 1),
(2834, 178, 'Trinity Palmetto Point', 'TPP', 1),
(2835, 179, 'Anse-la-Raye', 'AR', 1),
(2836, 179, 'Castries', 'CA', 1),
(2837, 179, 'Choiseul', 'CH', 1),
(2838, 179, 'Dauphin', 'DA', 1),
(2839, 179, 'Dennery', 'DE', 1),
(2840, 179, 'Gros-Islet', 'GI', 1),
(2841, 179, 'Laborie', 'LA', 1),
(2842, 179, 'Micoud', 'MI', 1),
(2843, 179, 'Praslin', 'PR', 1),
(2844, 179, 'Soufriere', 'SO', 1),
(2845, 179, 'Vieux-Fort', 'VF', 1),
(2846, 180, 'Charlotte', 'C', 1),
(2847, 180, 'Grenadines', 'R', 1),
(2848, 180, 'Saint Andrew', 'A', 1),
(2849, 180, 'Saint David', 'D', 1),
(2850, 180, 'Saint George', 'G', 1),
(2851, 180, 'Saint Patrick', 'P', 1),
(2852, 181, 'A''ana', 'AN', 1),
(2853, 181, 'Aiga-i-le-Tai', 'AI', 1),
(2854, 181, 'Atua', 'AT', 1),
(2855, 181, 'Fa''asaleleaga', 'FA', 1),
(2856, 181, 'Gaga''emauga', 'GE', 1),
(2857, 181, 'Gagaifomauga', 'GF', 1),
(2858, 181, 'Palauli', 'PA', 1),
(2859, 181, 'Satupa''itea', 'SA', 1),
(2860, 181, 'Tuamasaga', 'TU', 1),
(2861, 181, 'Va''a-o-Fonoti', 'VF', 1),
(2862, 181, 'Vaisigano', 'VS', 1),
(2863, 182, 'Acquaviva', 'AC', 1),
(2864, 182, 'Borgo Maggiore', 'BM', 1),
(2865, 182, 'Chiesanuova', 'CH', 1),
(2866, 182, 'Domagnano', 'DO', 1),
(2867, 182, 'Faetano', 'FA', 1),
(2868, 182, 'Fiorentino', 'FI', 1),
(2869, 182, 'Montegiardino', 'MO', 1),
(2870, 182, 'Citta di San Marino', 'SM', 1),
(2871, 182, 'Serravalle', 'SE', 1),
(2872, 183, 'Sao Tome', 'S', 1),
(2873, 183, 'Principe', 'P', 1),
(2874, 184, 'Al Bahah', 'BH', 1),
(2875, 184, 'Al Hudud ash Shamaliyah', 'HS', 1),
(2876, 184, 'Al Jawf', 'JF', 1),
(2877, 184, 'Al Madinah', 'MD', 1),
(2878, 184, 'Al Qasim', 'QS', 1),
(2879, 184, 'Ar Riyad', 'RD', 1),
(2880, 184, 'Ash Sharqiyah (Eastern)', 'AQ', 1),
(2881, 184, '''Asir', 'AS', 1),
(2882, 184, 'Ha''il', 'HL', 1),
(2883, 184, 'Jizan', 'JZ', 1),
(2884, 184, 'Makkah', 'ML', 1),
(2885, 184, 'Najran', 'NR', 1),
(2886, 184, 'Tabuk', 'TB', 1),
(2887, 185, 'Dakar', 'DA', 1),
(2888, 185, 'Diourbel', 'DI', 1),
(2889, 185, 'Fatick', 'FA', 1),
(2890, 185, 'Kaolack', 'KA', 1),
(2891, 185, 'Kolda', 'KO', 1),
(2892, 185, 'Louga', 'LO', 1),
(2893, 185, 'Matam', 'MA', 1),
(2894, 185, 'Saint-Louis', 'SL', 1),
(2895, 185, 'Tambacounda', 'TA', 1),
(2896, 185, 'Thies', 'TH', 1),
(2897, 185, 'Ziguinchor', 'ZI', 1),
(2898, 186, 'Anse aux Pins', 'AP', 1),
(2899, 186, 'Anse Boileau', 'AB', 1),
(2900, 186, 'Anse Etoile', 'AE', 1),
(2901, 186, 'Anse Louis', 'AL', 1),
(2902, 186, 'Anse Royale', 'AR', 1),
(2903, 186, 'Baie Lazare', 'BL', 1),
(2904, 186, 'Baie Sainte Anne', 'BS', 1),
(2905, 186, 'Beau Vallon', 'BV', 1),
(2906, 186, 'Bel Air', 'BA', 1),
(2907, 186, 'Bel Ombre', 'BO', 1),
(2908, 186, 'Cascade', 'CA', 1),
(2909, 186, 'Glacis', 'GL', 1),
(2910, 186, 'Grand'' Anse (on Mahe)', 'GM', 1),
(2911, 186, 'Grand'' Anse (on Praslin)', 'GP', 1),
(2912, 186, 'La Digue', 'DG', 1),
(2913, 186, 'La Riviere Anglaise', 'RA', 1),
(2914, 186, 'Mont Buxton', 'MB', 1),
(2915, 186, 'Mont Fleuri', 'MF', 1),
(2916, 186, 'Plaisance', 'PL', 1),
(2917, 186, 'Pointe La Rue', 'PR', 1),
(2918, 186, 'Port Glaud', 'PG', 1),
(2919, 186, 'Saint Louis', 'SL', 1),
(2920, 186, 'Takamaka', 'TA', 1),
(2921, 187, 'Eastern', 'E', 1),
(2922, 187, 'Northern', 'N', 1),
(2923, 187, 'Southern', 'S', 1),
(2924, 187, 'Western', 'W', 1),
(2925, 189, 'Banskobystrický', 'BA', 1),
(2926, 189, 'Bratislavský', 'BR', 1),
(2927, 189, 'Košický', 'KO', 1),
(2928, 189, 'Nitriansky', 'NI', 1),
(2929, 189, 'Prešovský', 'PR', 1),
(2930, 189, 'Trenčiansky', 'TC', 1),
(2931, 189, 'Trnavský', 'TV', 1),
(2932, 189, 'Žilinský', 'ZI', 1),
(2933, 191, 'Central', 'CE', 1),
(2934, 191, 'Choiseul', 'CH', 1),
(2935, 191, 'Guadalcanal', 'GC', 1),
(2936, 191, 'Honiara', 'HO', 1),
(2937, 191, 'Isabel', 'IS', 1),
(2938, 191, 'Makira', 'MK', 1),
(2939, 191, 'Malaita', 'ML', 1),
(2940, 191, 'Rennell and Bellona', 'RB', 1),
(2941, 191, 'Temotu', 'TM', 1),
(2942, 191, 'Western', 'WE', 1),
(2943, 192, 'Awdal', 'AW', 1),
(2944, 192, 'Bakool', 'BK', 1),
(2945, 192, 'Banaadir', 'BN', 1),
(2946, 192, 'Bari', 'BR', 1),
(2947, 192, 'Bay', 'BY', 1),
(2948, 192, 'Galguduud', 'GA', 1),
(2949, 192, 'Gedo', 'GE', 1),
(2950, 192, 'Hiiraan', 'HI', 1),
(2951, 192, 'Jubbada Dhexe', 'JD', 1),
(2952, 192, 'Jubbada Hoose', 'JH', 1),
(2953, 192, 'Mudug', 'MU', 1),
(2954, 192, 'Nugaal', 'NU', 1),
(2955, 192, 'Sanaag', 'SA', 1),
(2956, 192, 'Shabeellaha Dhexe', 'SD', 1),
(2957, 192, 'Shabeellaha Hoose', 'SH', 1),
(2958, 192, 'Sool', 'SL', 1),
(2959, 192, 'Togdheer', 'TO', 1),
(2960, 192, 'Woqooyi Galbeed', 'WG', 1),
(2961, 193, 'Eastern Cape', 'EC', 1),
(2962, 193, 'Free State', 'FS', 1),
(2963, 193, 'Gauteng', 'GT', 1),
(2964, 193, 'KwaZulu-Natal', 'KN', 1),
(2965, 193, 'Limpopo', 'LP', 1),
(2966, 193, 'Mpumalanga', 'MP', 1),
(2967, 193, 'North West', 'NW', 1),
(2968, 193, 'Northern Cape', 'NC', 1),
(2969, 193, 'Western Cape', 'WC', 1),
(2970, 195, 'La Coru&ntilde;a', 'CA', 1),
(2971, 195, '&Aacute;lava', 'AL', 1),
(2972, 195, 'Albacete', 'AB', 1),
(2973, 195, 'Alicante', 'AC', 1),
(2974, 195, 'Almeria', 'AM', 1),
(2975, 195, 'Asturias', 'AS', 1),
(2976, 195, '&Aacute;vila', 'AV', 1),
(2977, 195, 'Badajoz', 'BJ', 1),
(2978, 195, 'Baleares', 'IB', 1),
(2979, 195, 'Barcelona', 'BA', 1),
(2980, 195, 'Burgos', 'BU', 1),
(2981, 195, 'C&aacute;ceres', 'CC', 1),
(2982, 195, 'C&aacute;diz', 'CZ', 1),
(2983, 195, 'Cantabria', 'CT', 1),
(2984, 195, 'Castell&oacute;n', 'CL', 1),
(2985, 195, 'Ceuta', 'CE', 1),
(2986, 195, 'Ciudad Real', 'CR', 1),
(2987, 195, 'C&oacute;rdoba', 'CD', 1),
(2988, 195, 'Cuenca', 'CU', 1),
(2989, 195, 'Girona', 'GI', 1),
(2990, 195, 'Granada', 'GD', 1),
(2991, 195, 'Guadalajara', 'GJ', 1),
(2992, 195, 'Guip&uacute;zcoa', 'GP', 1),
(2993, 195, 'Huelva', 'HL', 1),
(2994, 195, 'Huesca', 'HS', 1),
(2995, 195, 'Ja&eacute;n', 'JN', 1),
(2996, 195, 'La Rioja', 'RJ', 1),
(2997, 195, 'Las Palmas', 'PM', 1),
(2998, 195, 'Leon', 'LE', 1),
(2999, 195, 'Lleida', 'LL', 1),
(3000, 195, 'Lugo', 'LG', 1),
(3001, 195, 'Madrid', 'MD', 1),
(3002, 195, 'Malaga', 'MA', 1),
(3003, 195, 'Melilla', 'ML', 1),
(3004, 195, 'Murcia', 'MU', 1),
(3005, 195, 'Navarra', 'NV', 1),
(3006, 195, 'Ourense', 'OU', 1),
(3007, 195, 'Palencia', 'PL', 1),
(3008, 195, 'Pontevedra', 'PO', 1),
(3009, 195, 'Salamanca', 'SL', 1),
(3010, 195, 'Santa Cruz de Tenerife', 'SC', 1),
(3011, 195, 'Segovia', 'SG', 1),
(3012, 195, 'Sevilla', 'SV', 1),
(3013, 195, 'Soria', 'SO', 1),
(3014, 195, 'Tarragona', 'TA', 1),
(3015, 195, 'Teruel', 'TE', 1),
(3016, 195, 'Toledo', 'TO', 1),
(3017, 195, 'Valencia', 'VC', 1),
(3018, 195, 'Valladolid', 'VD', 1),
(3019, 195, 'Vizcaya', 'VZ', 1),
(3020, 195, 'Zamora', 'ZM', 1),
(3021, 195, 'Zaragoza', 'ZR', 1),
(3022, 196, 'Central', 'CE', 1),
(3023, 196, 'Eastern', 'EA', 1),
(3024, 196, 'North Central', 'NC', 1),
(3025, 196, 'Northern', 'NO', 1),
(3026, 196, 'North Western', 'NW', 1),
(3027, 196, 'Sabaragamuwa', 'SA', 1),
(3028, 196, 'Southern', 'SO', 1),
(3029, 196, 'Uva', 'UV', 1),
(3030, 196, 'Western', 'WE', 1),
(3031, 197, 'Ascension', 'A', 1),
(3032, 197, 'Saint Helena', 'S', 1),
(3033, 197, 'Tristan da Cunha', 'T', 1),
(3034, 199, 'A''ali an Nil', 'ANL', 1),
(3035, 199, 'Al Bahr al Ahmar', 'BAM', 1),
(3036, 199, 'Al Buhayrat', 'BRT', 1),
(3037, 199, 'Al Jazirah', 'JZR', 1),
(3038, 199, 'Al Khartum', 'KRT', 1),
(3039, 199, 'Al Qadarif', 'QDR', 1),
(3040, 199, 'Al Wahdah', 'WDH', 1);
INSERT INTO `pve_zone` VALUES
(3041, 199, 'An Nil al Abyad', 'ANB', 1),
(3042, 199, 'An Nil al Azraq', 'ANZ', 1),
(3043, 199, 'Ash Shamaliyah', 'ASH', 1),
(3044, 199, 'Bahr al Jabal', 'BJA', 1),
(3045, 199, 'Gharb al Istiwa''iyah', 'GIS', 1),
(3046, 199, 'Gharb Bahr al Ghazal', 'GBG', 1),
(3047, 199, 'Gharb Darfur', 'GDA', 1),
(3048, 199, 'Gharb Kurdufan', 'GKU', 1),
(3049, 199, 'Janub Darfur', 'JDA', 1),
(3050, 199, 'Janub Kurdufan', 'JKU', 1),
(3051, 199, 'Junqali', 'JQL', 1),
(3052, 199, 'Kassala', 'KSL', 1),
(3053, 199, 'Nahr an Nil', 'NNL', 1),
(3054, 199, 'Shamal Bahr al Ghazal', 'SBG', 1),
(3055, 199, 'Shamal Darfur', 'SDA', 1),
(3056, 199, 'Shamal Kurdufan', 'SKU', 1),
(3057, 199, 'Sharq al Istiwa''iyah', 'SIS', 1),
(3058, 199, 'Sinnar', 'SNR', 1),
(3059, 199, 'Warab', 'WRB', 1),
(3060, 200, 'Brokopondo', 'BR', 1),
(3061, 200, 'Commewijne', 'CM', 1),
(3062, 200, 'Coronie', 'CR', 1),
(3063, 200, 'Marowijne', 'MA', 1),
(3064, 200, 'Nickerie', 'NI', 1),
(3065, 200, 'Para', 'PA', 1),
(3066, 200, 'Paramaribo', 'PM', 1),
(3067, 200, 'Saramacca', 'SA', 1),
(3068, 200, 'Sipaliwini', 'SI', 1),
(3069, 200, 'Wanica', 'WA', 1),
(3070, 202, 'Hhohho', 'H', 1),
(3071, 202, 'Lubombo', 'L', 1),
(3072, 202, 'Manzini', 'M', 1),
(3073, 202, 'Shishelweni', 'S', 1),
(3074, 203, 'Blekinge', 'K', 1),
(3075, 203, 'Dalarna', 'W', 1),
(3076, 203, 'G&auml;vleborg', 'X', 1),
(3077, 203, 'Gotland', 'I', 1),
(3078, 203, 'Halland', 'N', 1),
(3079, 203, 'J&auml;mtland', 'Z', 1),
(3080, 203, 'J&ouml;nk&ouml;ping', 'F', 1),
(3081, 203, 'Kalmar', 'H', 1),
(3082, 203, 'Kronoberg', 'G', 1),
(3083, 203, 'Norrbotten', 'BD', 1),
(3084, 203, '&Ouml;rebro', 'T', 1),
(3085, 203, '&Ouml;sterg&ouml;tland', 'E', 1),
(3086, 203, 'Sk&aring;ne', 'M', 1),
(3087, 203, 'S&ouml;dermanland', 'D', 1),
(3088, 203, 'Stockholm', 'AB', 1),
(3089, 203, 'Uppsala', 'C', 1),
(3090, 203, 'V&auml;rmland', 'S', 1),
(3091, 203, 'V&auml;sterbotten', 'AC', 1),
(3092, 203, 'V&auml;sternorrland', 'Y', 1),
(3093, 203, 'V&auml;stmanland', 'U', 1),
(3094, 203, 'V&auml;stra G&ouml;taland', 'O', 1),
(3095, 204, 'Aargau', 'AG', 1),
(3096, 204, 'Appenzell Ausserrhoden', 'AR', 1),
(3097, 204, 'Appenzell Innerrhoden', 'AI', 1),
(3098, 204, 'Basel-Stadt', 'BS', 1),
(3099, 204, 'Basel-Landschaft', 'BL', 1),
(3100, 204, 'Bern', 'BE', 1),
(3101, 204, 'Fribourg', 'FR', 1),
(3102, 204, 'Gen&egrave;ve', 'GE', 1),
(3103, 204, 'Glarus', 'GL', 1),
(3104, 204, 'Graub&uuml;nden', 'GR', 1),
(3105, 204, 'Jura', 'JU', 1),
(3106, 204, 'Luzern', 'LU', 1),
(3107, 204, 'Neuch&acirc;tel', 'NE', 1),
(3108, 204, 'Nidwald', 'NW', 1),
(3109, 204, 'Obwald', 'OW', 1),
(3110, 204, 'St. Gallen', 'SG', 1),
(3111, 204, 'Schaffhausen', 'SH', 1),
(3112, 204, 'Schwyz', 'SZ', 1),
(3113, 204, 'Solothurn', 'SO', 1),
(3114, 204, 'Thurgau', 'TG', 1),
(3115, 204, 'Ticino', 'TI', 1),
(3116, 204, 'Uri', 'UR', 1),
(3117, 204, 'Valais', 'VS', 1),
(3118, 204, 'Vaud', 'VD', 1),
(3119, 204, 'Zug', 'ZG', 1),
(3120, 204, 'Z&uuml;rich', 'ZH', 1),
(3121, 205, 'Al Hasakah', 'HA', 1),
(3122, 205, 'Al Ladhiqiyah', 'LA', 1),
(3123, 205, 'Al Qunaytirah', 'QU', 1),
(3124, 205, 'Ar Raqqah', 'RQ', 1),
(3125, 205, 'As Suwayda', 'SU', 1),
(3126, 205, 'Dara', 'DA', 1),
(3127, 205, 'Dayr az Zawr', 'DZ', 1),
(3128, 205, 'Dimashq', 'DI', 1),
(3129, 205, 'Halab', 'HL', 1),
(3130, 205, 'Hamah', 'HM', 1),
(3131, 205, 'Hims', 'HI', 1),
(3132, 205, 'Idlib', 'ID', 1),
(3133, 205, 'Rif Dimashq', 'RD', 1),
(3134, 205, 'Tartus', 'TA', 1),
(3135, 206, 'Chang-hua', 'CH', 1),
(3136, 206, 'Chia-i', 'CI', 1),
(3137, 206, 'Hsin-chu', 'HS', 1),
(3138, 206, 'Hua-lien', 'HL', 1),
(3139, 206, 'I-lan', 'IL', 1),
(3140, 206, 'Kao-hsiung county', 'KH', 1),
(3141, 206, 'Kin-men', 'KM', 1),
(3142, 206, 'Lien-chiang', 'LC', 1),
(3143, 206, 'Miao-li', 'ML', 1),
(3144, 206, 'Nan-t''ou', 'NT', 1),
(3145, 206, 'P''eng-hu', 'PH', 1),
(3146, 206, 'P''ing-tung', 'PT', 1),
(3147, 206, 'T''ai-chung', 'TG', 1),
(3148, 206, 'T''ai-nan', 'TA', 1),
(3149, 206, 'T''ai-pei county', 'TP', 1),
(3150, 206, 'T''ai-tung', 'TT', 1),
(3151, 206, 'T''ao-yuan', 'TY', 1),
(3152, 206, 'Yun-lin', 'YL', 1),
(3153, 206, 'Chia-i city', 'CC', 1),
(3154, 206, 'Chi-lung', 'CL', 1),
(3155, 206, 'Hsin-chu', 'HC', 1),
(3156, 206, 'T''ai-chung', 'TH', 1),
(3157, 206, 'T''ai-nan', 'TN', 1),
(3158, 206, 'Kao-hsiung city', 'KC', 1),
(3159, 206, 'T''ai-pei city', 'TC', 1),
(3160, 207, 'Gorno-Badakhstan', 'GB', 1),
(3161, 207, 'Khatlon', 'KT', 1),
(3162, 207, 'Sughd', 'SU', 1),
(3163, 208, 'Arusha', 'AR', 1),
(3164, 208, 'Dar es Salaam', 'DS', 1),
(3165, 208, 'Dodoma', 'DO', 1),
(3166, 208, 'Iringa', 'IR', 1),
(3167, 208, 'Kagera', 'KA', 1),
(3168, 208, 'Kigoma', 'KI', 1),
(3169, 208, 'Kilimanjaro', 'KJ', 1),
(3170, 208, 'Lindi', 'LN', 1),
(3171, 208, 'Manyara', 'MY', 1),
(3172, 208, 'Mara', 'MR', 1),
(3173, 208, 'Mbeya', 'MB', 1),
(3174, 208, 'Morogoro', 'MO', 1),
(3175, 208, 'Mtwara', 'MT', 1),
(3176, 208, 'Mwanza', 'MW', 1),
(3177, 208, 'Pemba North', 'PN', 1),
(3178, 208, 'Pemba South', 'PS', 1),
(3179, 208, 'Pwani', 'PW', 1),
(3180, 208, 'Rukwa', 'RK', 1),
(3181, 208, 'Ruvuma', 'RV', 1),
(3182, 208, 'Shinyanga', 'SH', 1),
(3183, 208, 'Singida', 'SI', 1),
(3184, 208, 'Tabora', 'TB', 1),
(3185, 208, 'Tanga', 'TN', 1),
(3186, 208, 'Zanzibar Central/South', 'ZC', 1),
(3187, 208, 'Zanzibar North', 'ZN', 1),
(3188, 208, 'Zanzibar Urban/West', 'ZU', 1),
(3189, 209, 'Amnat Charoen', 'Amnat Charoen', 1),
(3190, 209, 'Ang Thong', 'Ang Thong', 1),
(3191, 209, 'Ayutthaya', 'Ayutthaya', 1),
(3192, 209, 'Bangkok', 'Bangkok', 1),
(3193, 209, 'Buriram', 'Buriram', 1),
(3194, 209, 'Chachoengsao', 'Chachoengsao', 1),
(3195, 209, 'Chai Nat', 'Chai Nat', 1),
(3196, 209, 'Chaiyaphum', 'Chaiyaphum', 1),
(3197, 209, 'Chanthaburi', 'Chanthaburi', 1),
(3198, 209, 'Chiang Mai', 'Chiang Mai', 1),
(3199, 209, 'Chiang Rai', 'Chiang Rai', 1),
(3200, 209, 'Chon Buri', 'Chon Buri', 1),
(3201, 209, 'Chumphon', 'Chumphon', 1),
(3202, 209, 'Kalasin', 'Kalasin', 1),
(3203, 209, 'Kamphaeng Phet', 'Kamphaeng Phet', 1),
(3204, 209, 'Kanchanaburi', 'Kanchanaburi', 1),
(3205, 209, 'Khon Kaen', 'Khon Kaen', 1),
(3206, 209, 'Krabi', 'Krabi', 1),
(3207, 209, 'Lampang', 'Lampang', 1),
(3208, 209, 'Lamphun', 'Lamphun', 1),
(3209, 209, 'Loei', 'Loei', 1),
(3210, 209, 'Lop Buri', 'Lop Buri', 1),
(3211, 209, 'Mae Hong Son', 'Mae Hong Son', 1),
(3212, 209, 'Maha Sarakham', 'Maha Sarakham', 1),
(3213, 209, 'Mukdahan', 'Mukdahan', 1),
(3214, 209, 'Nakhon Nayok', 'Nakhon Nayok', 1),
(3215, 209, 'Nakhon Pathom', 'Nakhon Pathom', 1),
(3216, 209, 'Nakhon Phanom', 'Nakhon Phanom', 1),
(3217, 209, 'Nakhon Ratchasima', 'Nakhon Ratchasima', 1),
(3218, 209, 'Nakhon Sawan', 'Nakhon Sawan', 1),
(3219, 209, 'Nakhon Si Thammarat', 'Nakhon Si Thammarat', 1),
(3220, 209, 'Nan', 'Nan', 1),
(3221, 209, 'Narathiwat', 'Narathiwat', 1),
(3222, 209, 'Nong Bua Lamphu', 'Nong Bua Lamphu', 1),
(3223, 209, 'Nong Khai', 'Nong Khai', 1),
(3224, 209, 'Nonthaburi', 'Nonthaburi', 1),
(3225, 209, 'Pathum Thani', 'Pathum Thani', 1),
(3226, 209, 'Pattani', 'Pattani', 1),
(3227, 209, 'Phangnga', 'Phangnga', 1),
(3228, 209, 'Phatthalung', 'Phatthalung', 1),
(3229, 209, 'Phayao', 'Phayao', 1),
(3230, 209, 'Phetchabun', 'Phetchabun', 1),
(3231, 209, 'Phetchaburi', 'Phetchaburi', 1),
(3232, 209, 'Phichit', 'Phichit', 1),
(3233, 209, 'Phitsanulok', 'Phitsanulok', 1),
(3234, 209, 'Phrae', 'Phrae', 1),
(3235, 209, 'Phuket', 'Phuket', 1),
(3236, 209, 'Prachin Buri', 'Prachin Buri', 1),
(3237, 209, 'Prachuap Khiri Khan', 'Prachuap Khiri Khan', 1),
(3238, 209, 'Ranong', 'Ranong', 1),
(3239, 209, 'Ratchaburi', 'Ratchaburi', 1),
(3240, 209, 'Rayong', 'Rayong', 1),
(3241, 209, 'Roi Et', 'Roi Et', 1),
(3242, 209, 'Sa Kaeo', 'Sa Kaeo', 1),
(3243, 209, 'Sakon Nakhon', 'Sakon Nakhon', 1),
(3244, 209, 'Samut Prakan', 'Samut Prakan', 1),
(3245, 209, 'Samut Sakhon', 'Samut Sakhon', 1),
(3246, 209, 'Samut Songkhram', 'Samut Songkhram', 1),
(3247, 209, 'Sara Buri', 'Sara Buri', 1),
(3248, 209, 'Satun', 'Satun', 1),
(3249, 209, 'Sing Buri', 'Sing Buri', 1),
(3250, 209, 'Sisaket', 'Sisaket', 1),
(3251, 209, 'Songkhla', 'Songkhla', 1),
(3252, 209, 'Sukhothai', 'Sukhothai', 1),
(3253, 209, 'Suphan Buri', 'Suphan Buri', 1),
(3254, 209, 'Surat Thani', 'Surat Thani', 1),
(3255, 209, 'Surin', 'Surin', 1),
(3256, 209, 'Tak', 'Tak', 1),
(3257, 209, 'Trang', 'Trang', 1),
(3258, 209, 'Trat', 'Trat', 1),
(3259, 209, 'Ubon Ratchathani', 'Ubon Ratchathani', 1),
(3260, 209, 'Udon Thani', 'Udon Thani', 1),
(3261, 209, 'Uthai Thani', 'Uthai Thani', 1),
(3262, 209, 'Uttaradit', 'Uttaradit', 1),
(3263, 209, 'Yala', 'Yala', 1),
(3264, 209, 'Yasothon', 'Yasothon', 1),
(3265, 210, 'Kara', 'K', 1),
(3266, 210, 'Plateaux', 'P', 1),
(3267, 210, 'Savanes', 'S', 1),
(3268, 210, 'Centrale', 'C', 1),
(3269, 210, 'Maritime', 'M', 1),
(3270, 211, 'Atafu', 'A', 1),
(3271, 211, 'Fakaofo', 'F', 1),
(3272, 211, 'Nukunonu', 'N', 1),
(3273, 212, 'Ha''apai', 'H', 1),
(3274, 212, 'Tongatapu', 'T', 1),
(3275, 212, 'Vava''u', 'V', 1),
(3276, 213, 'Couva/Tabaquite/Talparo', 'CT', 1),
(3277, 213, 'Diego Martin', 'DM', 1),
(3278, 213, 'Mayaro/Rio Claro', 'MR', 1),
(3279, 213, 'Penal/Debe', 'PD', 1),
(3280, 213, 'Princes Town', 'PT', 1),
(3281, 213, 'Sangre Grande', 'SG', 1),
(3282, 213, 'San Juan/Laventille', 'SL', 1),
(3283, 213, 'Siparia', 'SI', 1),
(3284, 213, 'Tunapuna/Piarco', 'TP', 1),
(3285, 213, 'Port of Spain', 'PS', 1),
(3286, 213, 'San Fernando', 'SF', 1),
(3287, 213, 'Arima', 'AR', 1),
(3288, 213, 'Point Fortin', 'PF', 1),
(3289, 213, 'Chaguanas', 'CH', 1),
(3290, 213, 'Tobago', 'TO', 1),
(3291, 214, 'Ariana', 'AR', 1),
(3292, 214, 'Beja', 'BJ', 1),
(3293, 214, 'Ben Arous', 'BA', 1),
(3294, 214, 'Bizerte', 'BI', 1),
(3295, 214, 'Gabes', 'GB', 1),
(3296, 214, 'Gafsa', 'GF', 1),
(3297, 214, 'Jendouba', 'JE', 1),
(3298, 214, 'Kairouan', 'KR', 1),
(3299, 214, 'Kasserine', 'KS', 1),
(3300, 214, 'Kebili', 'KB', 1),
(3301, 214, 'Kef', 'KF', 1),
(3302, 214, 'Mahdia', 'MH', 1),
(3303, 214, 'Manouba', 'MN', 1),
(3304, 214, 'Medenine', 'ME', 1),
(3305, 214, 'Monastir', 'MO', 1),
(3306, 214, 'Nabeul', 'NA', 1),
(3307, 214, 'Sfax', 'SF', 1),
(3308, 214, 'Sidi', 'SD', 1),
(3309, 214, 'Siliana', 'SL', 1),
(3310, 214, 'Sousse', 'SO', 1),
(3311, 214, 'Tataouine', 'TA', 1),
(3312, 214, 'Tozeur', 'TO', 1),
(3313, 214, 'Tunis', 'TU', 1),
(3314, 214, 'Zaghouan', 'ZA', 1),
(3315, 215, 'Adana', 'ADA', 1),
(3316, 215, 'Adıyaman', 'ADI', 1),
(3317, 215, 'Afyonkarahisar', 'AFY', 1),
(3318, 215, 'Ağrı', 'AGR', 1),
(3319, 215, 'Aksaray', 'AKS', 1),
(3320, 215, 'Amasya', 'AMA', 1),
(3321, 215, 'Ankara', 'ANK', 1),
(3322, 215, 'Antalya', 'ANT', 1),
(3323, 215, 'Ardahan', 'ARD', 1),
(3324, 215, 'Artvin', 'ART', 1),
(3325, 215, 'Aydın', 'AYI', 1),
(3326, 215, 'Balıkesir', 'BAL', 1),
(3327, 215, 'Bartın', 'BAR', 1),
(3328, 215, 'Batman', 'BAT', 1),
(3329, 215, 'Bayburt', 'BAY', 1),
(3330, 215, 'Bilecik', 'BIL', 1),
(3331, 215, 'Bingöl', 'BIN', 1),
(3332, 215, 'Bitlis', 'BIT', 1),
(3333, 215, 'Bolu', 'BOL', 1),
(3334, 215, 'Burdur', 'BRD', 1),
(3335, 215, 'Bursa', 'BRS', 1),
(3336, 215, 'Çanakkale', 'CKL', 1),
(3337, 215, 'Çankırı', 'CKR', 1),
(3338, 215, 'Çorum', 'COR', 1),
(3339, 215, 'Denizli', 'DEN', 1),
(3340, 215, 'Diyarbakir', 'DIY', 1),
(3341, 215, 'Düzce', 'DUZ', 1),
(3342, 215, 'Edirne', 'EDI', 1),
(3343, 215, 'Elazig', 'ELA', 1),
(3344, 215, 'Erzincan', 'EZC', 1),
(3345, 215, 'Erzurum', 'EZR', 1),
(3346, 215, 'Eskişehir', 'ESK', 1),
(3347, 215, 'Gaziantep', 'GAZ', 1),
(3348, 215, 'Giresun', 'GIR', 1),
(3349, 215, 'Gümüşhane', 'GMS', 1),
(3350, 215, 'Hakkari', 'HKR', 1),
(3351, 215, 'Hatay', 'HTY', 1),
(3352, 215, 'Iğdır', 'IGD', 1),
(3353, 215, 'Isparta', 'ISP', 1),
(3354, 215, 'İstanbul', 'IST', 1),
(3355, 215, 'İzmir', 'IZM', 1),
(3356, 215, 'Kahramanmaraş', 'KAH', 1),
(3357, 215, 'Karabük', 'KRB', 1),
(3358, 215, 'Karaman', 'KRM', 1),
(3359, 215, 'Kars', 'KRS', 1),
(3360, 215, 'Kastamonu', 'KAS', 1),
(3361, 215, 'Kayseri', 'KAY', 1),
(3362, 215, 'Kilis', 'KLS', 1),
(3363, 215, 'Kirikkale', 'KRK', 1),
(3364, 215, 'Kirklareli', 'KLR', 1),
(3365, 215, 'Kirsehir', 'KRH', 1),
(3366, 215, 'Kocaeli', 'KOC', 1),
(3367, 215, 'Konya', 'KON', 1),
(3368, 215, 'Kütahya', 'KUT', 1),
(3369, 215, 'Malatya', 'MAL', 1),
(3370, 215, 'Manisa', 'MAN', 1),
(3371, 215, 'Mardin', 'MAR', 1),
(3372, 215, 'Mersin', 'MER', 1),
(3373, 215, 'Muğla', 'MUG', 1),
(3374, 215, 'Muş', 'MUS', 1),
(3375, 215, 'Nevşehir', 'NEV', 1),
(3376, 215, 'Niğde', 'NIG', 1),
(3377, 215, 'Ordu', 'ORD', 1),
(3378, 215, 'Osmaniye', 'OSM', 1),
(3379, 215, 'Rize', 'RIZ', 1),
(3380, 215, 'Sakarya', 'SAK', 1),
(3381, 215, 'Samsun', 'SAM', 1),
(3382, 215, 'Şanlıurfa', 'SAN', 1),
(3383, 215, 'Siirt', 'SII', 1),
(3384, 215, 'Sinop', 'SIN', 1),
(3385, 215, 'Şırnak', 'SIR', 1),
(3386, 215, 'Sivas', 'SIV', 1),
(3387, 215, 'Tekirdağ', 'TEL', 1),
(3388, 215, 'Tokat', 'TOK', 1),
(3389, 215, 'Trabzon', 'TRA', 1),
(3390, 215, 'Tunceli', 'TUN', 1),
(3391, 215, 'Uşak', 'USK', 1),
(3392, 215, 'Van', 'VAN', 1),
(3393, 215, 'Yalova', 'YAL', 1),
(3394, 215, 'Yozgat', 'YOZ', 1),
(3395, 215, 'Zonguldak', 'ZON', 1),
(3396, 216, 'Ahal Welayaty', 'A', 1),
(3397, 216, 'Balkan Welayaty', 'B', 1),
(3398, 216, 'Dashhowuz Welayaty', 'D', 1),
(3399, 216, 'Lebap Welayaty', 'L', 1),
(3400, 216, 'Mary Welayaty', 'M', 1),
(3401, 217, 'Ambergris Cays', 'AC', 1),
(3402, 217, 'Dellis Cay', 'DC', 1),
(3403, 217, 'French Cay', 'FC', 1),
(3404, 217, 'Little Water Cay', 'LW', 1),
(3405, 217, 'Parrot Cay', 'RC', 1),
(3406, 217, 'Pine Cay', 'PN', 1),
(3407, 217, 'Salt Cay', 'SL', 1),
(3408, 217, 'Grand Turk', 'GT', 1),
(3409, 217, 'South Caicos', 'SC', 1),
(3410, 217, 'East Caicos', 'EC', 1),
(3411, 217, 'Middle Caicos', 'MC', 1),
(3412, 217, 'North Caicos', 'NC', 1),
(3413, 217, 'Providenciales', 'PR', 1),
(3414, 217, 'West Caicos', 'WC', 1),
(3415, 218, 'Nanumanga', 'NMG', 1),
(3416, 218, 'Niulakita', 'NLK', 1),
(3417, 218, 'Niutao', 'NTO', 1),
(3418, 218, 'Funafuti', 'FUN', 1),
(3419, 218, 'Nanumea', 'NME', 1),
(3420, 218, 'Nui', 'NUI', 1),
(3421, 218, 'Nukufetau', 'NFT', 1),
(3422, 218, 'Nukulaelae', 'NLL', 1),
(3423, 218, 'Vaitupu', 'VAI', 1),
(3424, 219, 'Kalangala', 'KAL', 1),
(3425, 219, 'Kampala', 'KMP', 1),
(3426, 219, 'Kayunga', 'KAY', 1),
(3427, 219, 'Kiboga', 'KIB', 1),
(3428, 219, 'Luwero', 'LUW', 1),
(3429, 219, 'Masaka', 'MAS', 1),
(3430, 219, 'Mpigi', 'MPI', 1),
(3431, 219, 'Mubende', 'MUB', 1),
(3432, 219, 'Mukono', 'MUK', 1),
(3433, 219, 'Nakasongola', 'NKS', 1),
(3434, 219, 'Rakai', 'RAK', 1),
(3435, 219, 'Sembabule', 'SEM', 1),
(3436, 219, 'Wakiso', 'WAK', 1),
(3437, 219, 'Bugiri', 'BUG', 1),
(3438, 219, 'Busia', 'BUS', 1),
(3439, 219, 'Iganga', 'IGA', 1),
(3440, 219, 'Jinja', 'JIN', 1),
(3441, 219, 'Kaberamaido', 'KAB', 1),
(3442, 219, 'Kamuli', 'KML', 1),
(3443, 219, 'Kapchorwa', 'KPC', 1),
(3444, 219, 'Katakwi', 'KTK', 1),
(3445, 219, 'Kumi', 'KUM', 1),
(3446, 219, 'Mayuge', 'MAY', 1),
(3447, 219, 'Mbale', 'MBA', 1),
(3448, 219, 'Pallisa', 'PAL', 1),
(3449, 219, 'Sironko', 'SIR', 1),
(3450, 219, 'Soroti', 'SOR', 1),
(3451, 219, 'Tororo', 'TOR', 1),
(3452, 219, 'Adjumani', 'ADJ', 1),
(3453, 219, 'Apac', 'APC', 1),
(3454, 219, 'Arua', 'ARU', 1),
(3455, 219, 'Gulu', 'GUL', 1),
(3456, 219, 'Kitgum', 'KIT', 1),
(3457, 219, 'Kotido', 'KOT', 1),
(3458, 219, 'Lira', 'LIR', 1),
(3459, 219, 'Moroto', 'MRT', 1),
(3460, 219, 'Moyo', 'MOY', 1),
(3461, 219, 'Nakapiripirit', 'NAK', 1),
(3462, 219, 'Nebbi', 'NEB', 1),
(3463, 219, 'Pader', 'PAD', 1),
(3464, 219, 'Yumbe', 'YUM', 1),
(3465, 219, 'Bundibugyo', 'BUN', 1),
(3466, 219, 'Bushenyi', 'BSH', 1),
(3467, 219, 'Hoima', 'HOI', 1),
(3468, 219, 'Kabale', 'KBL', 1),
(3469, 219, 'Kabarole', 'KAR', 1),
(3470, 219, 'Kamwenge', 'KAM', 1),
(3471, 219, 'Kanungu', 'KAN', 1),
(3472, 219, 'Kasese', 'KAS', 1),
(3473, 219, 'Kibaale', 'KBA', 1),
(3474, 219, 'Kisoro', 'KIS', 1),
(3475, 219, 'Kyenjojo', 'KYE', 1),
(3476, 219, 'Masindi', 'MSN', 1),
(3477, 219, 'Mbarara', 'MBR', 1),
(3478, 219, 'Ntungamo', 'NTU', 1),
(3479, 219, 'Rukungiri', 'RUK', 1),
(3480, 220, 'Cherkasy', 'CK', 1),
(3481, 220, 'Chernihiv', 'CH', 1),
(3482, 220, 'Chernivtsi', 'CV', 1),
(3483, 220, 'Crimea', 'CR', 1),
(3484, 220, 'Dnipropetrovs''k', 'DN', 1),
(3485, 220, 'Donets''k', 'DO', 1),
(3486, 220, 'Ivano-Frankivs''k', 'IV', 1),
(3487, 220, 'Kharkiv Kherson', 'KL', 1),
(3488, 220, 'Khmel''nyts''kyy', 'KM', 1),
(3489, 220, 'Kirovohrad', 'KR', 1),
(3490, 220, 'Kiev', 'KV', 1),
(3491, 220, 'Kyyiv', 'KY', 1),
(3492, 220, 'Luhans''k', 'LU', 1),
(3493, 220, 'L''viv', 'LV', 1),
(3494, 220, 'Mykolayiv', 'MY', 1),
(3495, 220, 'Odesa', 'OD', 1),
(3496, 220, 'Poltava', 'PO', 1),
(3497, 220, 'Rivne', 'RI', 1),
(3498, 220, 'Sevastopol', 'SE', 1),
(3499, 220, 'Sumy', 'SU', 1),
(3500, 220, 'Ternopil''', 'TE', 1),
(3501, 220, 'Vinnytsya', 'VI', 1),
(3502, 220, 'Volyn''', 'VO', 1),
(3503, 220, 'Zakarpattya', 'ZK', 1),
(3504, 220, 'Zaporizhzhya', 'ZA', 1),
(3505, 220, 'Zhytomyr', 'ZH', 1),
(3506, 221, 'Abu Zaby', 'AZ', 1),
(3507, 221, '''Ajman', 'AJ', 1),
(3508, 221, 'Al Fujayrah', 'FU', 1),
(3509, 221, 'Ash Shariqah', 'SH', 1),
(3510, 221, 'Dubayy', 'DU', 1),
(3511, 221, 'R''as al Khaymah', 'RK', 1),
(3512, 221, 'Umm al Qaywayn', 'UQ', 1),
(3513, 222, 'Aberdeen', 'ABN', 1),
(3514, 222, 'Aberdeenshire', 'ABNS', 1),
(3515, 222, 'Anglesey', 'ANG', 1),
(3516, 222, 'Angus', 'AGS', 1),
(3517, 222, 'Argyll and Bute', 'ARY', 1),
(3518, 222, 'Bedfordshire', 'BEDS', 1),
(3519, 222, 'Berkshire', 'BERKS', 1),
(3520, 222, 'Blaenau Gwent', 'BLA', 1),
(3521, 222, 'Bridgend', 'BRI', 1),
(3522, 222, 'Bristol', 'BSTL', 1),
(3523, 222, 'Buckinghamshire', 'BUCKS', 1),
(3524, 222, 'Caerphilly', 'CAE', 1),
(3525, 222, 'Cambridgeshire', 'CAMBS', 1),
(3526, 222, 'Cardiff', 'CDF', 1),
(3527, 222, 'Carmarthenshire', 'CARM', 1),
(3528, 222, 'Ceredigion', 'CDGN', 1),
(3529, 222, 'Cheshire', 'CHES', 1),
(3530, 222, 'Clackmannanshire', 'CLACK', 1),
(3531, 222, 'Conwy', 'CON', 1),
(3532, 222, 'Cornwall', 'CORN', 1),
(3533, 222, 'Denbighshire', 'DNBG', 1),
(3534, 222, 'Derbyshire', 'DERBY', 1),
(3535, 222, 'Devon', 'DVN', 1),
(3536, 222, 'Dorset', 'DOR', 1),
(3537, 222, 'Dumfries and Galloway', 'DGL', 1),
(3538, 222, 'Dundee', 'DUND', 1),
(3539, 222, 'Durham', 'DHM', 1),
(3540, 222, 'East Ayrshire', 'ARYE', 1),
(3541, 222, 'East Dunbartonshire', 'DUNBE', 1),
(3542, 222, 'East Lothian', 'LOTE', 1),
(3543, 222, 'East Renfrewshire', 'RENE', 1),
(3544, 222, 'East Riding of Yorkshire', 'ERYS', 1),
(3545, 222, 'East Sussex', 'SXE', 1),
(3546, 222, 'Edinburgh', 'EDIN', 1),
(3547, 222, 'Essex', 'ESX', 1),
(3548, 222, 'Falkirk', 'FALK', 1),
(3549, 222, 'Fife', 'FFE', 1),
(3550, 222, 'Flintshire', 'FLINT', 1),
(3551, 222, 'Glasgow', 'GLAS', 1),
(3552, 222, 'Gloucestershire', 'GLOS', 1),
(3553, 222, 'Greater London', 'LDN', 1),
(3554, 222, 'Greater Manchester', 'MCH', 1),
(3555, 222, 'Gwynedd', 'GDD', 1),
(3556, 222, 'Hampshire', 'HANTS', 1),
(3557, 222, 'Herefordshire', 'HWR', 1),
(3558, 222, 'Hertfordshire', 'HERTS', 1),
(3559, 222, 'Highlands', 'HLD', 1),
(3560, 222, 'Inverclyde', 'IVER', 1),
(3561, 222, 'Isle of Wight', 'IOW', 1),
(3562, 222, 'Kent', 'KNT', 1),
(3563, 222, 'Lancashire', 'LANCS', 1),
(3564, 222, 'Leicestershire', 'LEICS', 1),
(3565, 222, 'Lincolnshire', 'LINCS', 1),
(3566, 222, 'Merseyside', 'MSY', 1),
(3567, 222, 'Merthyr Tydfil', 'MERT', 1),
(3568, 222, 'Midlothian', 'MLOT', 1),
(3569, 222, 'Monmouthshire', 'MMOUTH', 1),
(3570, 222, 'Moray', 'MORAY', 1),
(3571, 222, 'Neath Port Talbot', 'NPRTAL', 1),
(3572, 222, 'Newport', 'NEWPT', 1),
(3573, 222, 'Norfolk', 'NOR', 1),
(3574, 222, 'North Ayrshire', 'ARYN', 1),
(3575, 222, 'North Lanarkshire', 'LANN', 1),
(3576, 222, 'North Yorkshire', 'YSN', 1),
(3577, 222, 'Northamptonshire', 'NHM', 1),
(3578, 222, 'Northumberland', 'NLD', 1),
(3579, 222, 'Nottinghamshire', 'NOT', 1),
(3580, 222, 'Orkney Islands', 'ORK', 1),
(3581, 222, 'Oxfordshire', 'OFE', 1),
(3582, 222, 'Pembrokeshire', 'PEM', 1),
(3583, 222, 'Perth and Kinross', 'PERTH', 1),
(3584, 222, 'Powys', 'PWS', 1),
(3585, 222, 'Renfrewshire', 'REN', 1),
(3586, 222, 'Rhondda Cynon Taff', 'RHON', 1),
(3587, 222, 'Rutland', 'RUT', 1),
(3588, 222, 'Scottish Borders', 'BOR', 1),
(3589, 222, 'Shetland Islands', 'SHET', 1),
(3590, 222, 'Shropshire', 'SPE', 1),
(3591, 222, 'Somerset', 'SOM', 1),
(3592, 222, 'South Ayrshire', 'ARYS', 1),
(3593, 222, 'South Lanarkshire', 'LANS', 1),
(3594, 222, 'South Yorkshire', 'YSS', 1),
(3595, 222, 'Staffordshire', 'SFD', 1),
(3596, 222, 'Stirling', 'STIR', 1),
(3597, 222, 'Suffolk', 'SFK', 1),
(3598, 222, 'Surrey', 'SRY', 1),
(3599, 222, 'Swansea', 'SWAN', 1),
(3600, 222, 'Torfaen', 'TORF', 1),
(3601, 222, 'Tyne and Wear', 'TWR', 1),
(3602, 222, 'Vale of Glamorgan', 'VGLAM', 1),
(3603, 222, 'Warwickshire', 'WARKS', 1),
(3604, 222, 'West Dunbartonshire', 'WDUN', 1),
(3605, 222, 'West Lothian', 'WLOT', 1),
(3606, 222, 'West Midlands', 'WMD', 1),
(3607, 222, 'West Sussex', 'SXW', 1),
(3608, 222, 'West Yorkshire', 'YSW', 1),
(3609, 222, 'Western Isles', 'WIL', 1),
(3610, 222, 'Wiltshire', 'WLT', 1),
(3611, 222, 'Worcestershire', 'WORCS', 1),
(3612, 222, 'Wrexham', 'WRX', 1),
(3613, 223, 'Alabama', 'AL', 1),
(3614, 223, 'Alaska', 'AK', 1),
(3615, 223, 'American Samoa', 'AS', 1),
(3616, 223, 'Arizona', 'AZ', 1),
(3617, 223, 'Arkansas', 'AR', 1),
(3618, 223, 'Armed Forces Africa', 'AF', 1),
(3619, 223, 'Armed Forces Americas', 'AA', 1),
(3620, 223, 'Armed Forces Canada', 'AC', 1),
(3621, 223, 'Armed Forces Europe', 'AE', 1),
(3622, 223, 'Armed Forces Middle East', 'AM', 1),
(3623, 223, 'Armed Forces Pacific', 'AP', 1),
(3624, 223, 'California', 'CA', 1),
(3625, 223, 'Colorado', 'CO', 1),
(3626, 223, 'Connecticut', 'CT', 1),
(3627, 223, 'Delaware', 'DE', 1),
(3628, 223, 'District of Columbia', 'DC', 1),
(3629, 223, 'Federated States Of Micronesia', 'FM', 1),
(3630, 223, 'Florida', 'FL', 1),
(3631, 223, 'Georgia', 'GA', 1),
(3632, 223, 'Guam', 'GU', 1),
(3633, 223, 'Hawaii', 'HI', 1),
(3634, 223, 'Idaho', 'ID', 1),
(3635, 223, 'Illinois', 'IL', 1),
(3636, 223, 'Indiana', 'IN', 1),
(3637, 223, 'Iowa', 'IA', 1),
(3638, 223, 'Kansas', 'KS', 1),
(3639, 223, 'Kentucky', 'KY', 1),
(3640, 223, 'Louisiana', 'LA', 1),
(3641, 223, 'Maine', 'ME', 1),
(3642, 223, 'Marshall Islands', 'MH', 1),
(3643, 223, 'Maryland', 'MD', 1),
(3644, 223, 'Massachusetts', 'MA', 1),
(3645, 223, 'Michigan', 'MI', 1),
(3646, 223, 'Minnesota', 'MN', 1),
(3647, 223, 'Mississippi', 'MS', 1),
(3648, 223, 'Missouri', 'MO', 1),
(3649, 223, 'Montana', 'MT', 1),
(3650, 223, 'Nebraska', 'NE', 1),
(3651, 223, 'Nevada', 'NV', 1),
(3652, 223, 'New Hampshire', 'NH', 1),
(3653, 223, 'New Jersey', 'NJ', 1),
(3654, 223, 'New Mexico', 'NM', 1),
(3655, 223, 'New York', 'NY', 1),
(3656, 223, 'North Carolina', 'NC', 1),
(3657, 223, 'North Dakota', 'ND', 1),
(3658, 223, 'Northern Mariana Islands', 'MP', 1),
(3659, 223, 'Ohio', 'OH', 1),
(3660, 223, 'Oklahoma', 'OK', 1),
(3661, 223, 'Oregon', 'OR', 1),
(3662, 223, 'Palau', 'PW', 1),
(3663, 223, 'Pennsylvania', 'PA', 1),
(3664, 223, 'Puerto Rico', 'PR', 1),
(3665, 223, 'Rhode Island', 'RI', 1),
(3666, 223, 'South Carolina', 'SC', 1),
(3667, 223, 'South Dakota', 'SD', 1),
(3668, 223, 'Tennessee', 'TN', 1),
(3669, 223, 'Texas', 'TX', 1),
(3670, 223, 'Utah', 'UT', 1),
(3671, 223, 'Vermont', 'VT', 1),
(3672, 223, 'Virgin Islands', 'VI', 1),
(3673, 223, 'Virginia', 'VA', 1),
(3674, 223, 'Washington', 'WA', 1),
(3675, 223, 'West Virginia', 'WV', 1),
(3676, 223, 'Wisconsin', 'WI', 1),
(3677, 223, 'Wyoming', 'WY', 1),
(3678, 224, 'Baker Island', 'BI', 1),
(3679, 224, 'Howland Island', 'HI', 1),
(3680, 224, 'Jarvis Island', 'JI', 1),
(3681, 224, 'Johnston Atoll', 'JA', 1),
(3682, 224, 'Kingman Reef', 'KR', 1),
(3683, 224, 'Midway Atoll', 'MA', 1),
(3684, 224, 'Navassa Island', 'NI', 1),
(3685, 224, 'Palmyra Atoll', 'PA', 1),
(3686, 224, 'Wake Island', 'WI', 1),
(3687, 225, 'Artigas', 'AR', 1),
(3688, 225, 'Canelones', 'CA', 1),
(3689, 225, 'Cerro Largo', 'CL', 1),
(3690, 225, 'Colonia', 'CO', 1),
(3691, 225, 'Durazno', 'DU', 1),
(3692, 225, 'Flores', 'FS', 1),
(3693, 225, 'Florida', 'FA', 1),
(3694, 225, 'Lavalleja', 'LA', 1),
(3695, 225, 'Maldonado', 'MA', 1),
(3696, 225, 'Montevideo', 'MO', 1),
(3697, 225, 'Paysandu', 'PA', 1),
(3698, 225, 'Rio Negro', 'RN', 1),
(3699, 225, 'Rivera', 'RV', 1),
(3700, 225, 'Rocha', 'RO', 1),
(3701, 225, 'Salto', 'SL', 1),
(3702, 225, 'San Jose', 'SJ', 1),
(3703, 225, 'Soriano', 'SO', 1),
(3704, 225, 'Tacuarembo', 'TA', 1),
(3705, 225, 'Treinta y Tres', 'TT', 1),
(3706, 226, 'Andijon', 'AN', 1),
(3707, 226, 'Buxoro', 'BU', 1),
(3708, 226, 'Farg''ona', 'FA', 1),
(3709, 226, 'Jizzax', 'JI', 1),
(3710, 226, 'Namangan', 'NG', 1),
(3711, 226, 'Navoiy', 'NW', 1),
(3712, 226, 'Qashqadaryo', 'QA', 1),
(3713, 226, 'Qoraqalpog''iston Republikasi', 'QR', 1),
(3714, 226, 'Samarqand', 'SA', 1),
(3715, 226, 'Sirdaryo', 'SI', 1),
(3716, 226, 'Surxondaryo', 'SU', 1),
(3717, 226, 'Toshkent City', 'TK', 1),
(3718, 226, 'Toshkent Region', 'TO', 1),
(3719, 226, 'Xorazm', 'XO', 1),
(3720, 227, 'Malampa', 'MA', 1),
(3721, 227, 'Penama', 'PE', 1),
(3722, 227, 'Sanma', 'SA', 1),
(3723, 227, 'Shefa', 'SH', 1),
(3724, 227, 'Tafea', 'TA', 1),
(3725, 227, 'Torba', 'TO', 1),
(3726, 229, 'Amazonas', 'AM', 1),
(3727, 229, 'Anzoategui', 'AN', 1),
(3728, 229, 'Apure', 'AP', 1),
(3729, 229, 'Aragua', 'AR', 1),
(3730, 229, 'Barinas', 'BA', 1),
(3731, 229, 'Bolivar', 'BO', 1),
(3732, 229, 'Carabobo', 'CA', 1),
(3733, 229, 'Cojedes', 'CO', 1),
(3734, 229, 'Delta Amacuro', 'DA', 1),
(3735, 229, 'Dependencias Federales', 'DF', 1),
(3736, 229, 'Distrito Federal', 'DI', 1),
(3737, 229, 'Falcon', 'FA', 1),
(3738, 229, 'Guarico', 'GU', 1),
(3739, 229, 'Lara', 'LA', 1),
(3740, 229, 'Merida', 'ME', 1),
(3741, 229, 'Miranda', 'MI', 1),
(3742, 229, 'Monagas', 'MO', 1),
(3743, 229, 'Nueva Esparta', 'NE', 1),
(3744, 229, 'Portuguesa', 'PO', 1),
(3745, 229, 'Sucre', 'SU', 1),
(3746, 229, 'Tachira', 'TA', 1),
(3747, 229, 'Trujillo', 'TR', 1),
(3748, 229, 'Vargas', 'VA', 1),
(3749, 229, 'Yaracuy', 'YA', 1),
(3750, 229, 'Zulia', 'ZU', 1),
(3751, 230, 'An Giang', 'AG', 1),
(3752, 230, 'Bac Giang', 'BG', 1),
(3753, 230, 'Bac Kan', 'BK', 1),
(3754, 230, 'Bac Lieu', 'BL', 1),
(3755, 230, 'Bac Ninh', 'BC', 1),
(3756, 230, 'Ba Ria-Vung Tau', 'BR', 1),
(3757, 230, 'Ben Tre', 'BN', 1),
(3758, 230, 'Binh Dinh', 'BH', 1),
(3759, 230, 'Binh Duong', 'BU', 1),
(3760, 230, 'Binh Phuoc', 'BP', 1),
(3761, 230, 'Binh Thuan', 'BT', 1),
(3762, 230, 'Ca Mau', 'CM', 1),
(3763, 230, 'Can Tho', 'CT', 1),
(3764, 230, 'Cao Bang', 'CB', 1),
(3765, 230, 'Dak Lak', 'DL', 1),
(3766, 230, 'Dak Nong', 'DG', 1),
(3767, 230, 'Da Nang', 'DN', 1),
(3768, 230, 'Dien Bien', 'DB', 1),
(3769, 230, 'Dong Nai', 'DI', 1),
(3770, 230, 'Dong Thap', 'DT', 1),
(3771, 230, 'Gia Lai', 'GL', 1),
(3772, 230, 'Ha Giang', 'HG', 1),
(3773, 230, 'Hai Duong', 'HD', 1),
(3774, 230, 'Hai Phong', 'HP', 1),
(3775, 230, 'Ha Nam', 'HM', 1),
(3776, 230, 'Ha Noi', 'HI', 1),
(3777, 230, 'Ha Tay', 'HT', 1),
(3778, 230, 'Ha Tinh', 'HH', 1),
(3779, 230, 'Hoa Binh', 'HB', 1),
(3780, 230, 'Ho Chi Minh City', 'HC', 1),
(3781, 230, 'Hau Giang', 'HU', 1),
(3782, 230, 'Hung Yen', 'HY', 1),
(3783, 232, 'Saint Croix', 'C', 1),
(3784, 232, 'Saint John', 'J', 1),
(3785, 232, 'Saint Thomas', 'T', 1),
(3786, 233, 'Alo', 'A', 1),
(3787, 233, 'Sigave', 'S', 1),
(3788, 233, 'Wallis', 'W', 1),
(3789, 235, 'Abyan', 'AB', 1),
(3790, 235, 'Adan', 'AD', 1),
(3791, 235, 'Amran', 'AM', 1),
(3792, 235, 'Al Bayda', 'BA', 1),
(3793, 235, 'Ad Dali', 'DA', 1),
(3794, 235, 'Dhamar', 'DH', 1),
(3795, 235, 'Hadramawt', 'HD', 1),
(3796, 235, 'Hajjah', 'HJ', 1),
(3797, 235, 'Al Hudaydah', 'HU', 1),
(3798, 235, 'Ibb', 'IB', 1),
(3799, 235, 'Al Jawf', 'JA', 1),
(3800, 235, 'Lahij', 'LA', 1),
(3801, 235, 'Ma''rib', 'MA', 1),
(3802, 235, 'Al Mahrah', 'MR', 1),
(3803, 235, 'Al Mahwit', 'MW', 1),
(3804, 235, 'Sa''dah', 'SD', 1),
(3805, 235, 'San''a', 'SN', 1),
(3806, 235, 'Shabwah', 'SH', 1),
(3807, 235, 'Ta''izz', 'TA', 1),
(3808, 236, 'Kosovo', 'KOS', 1),
(3809, 236, 'Montenegro', 'MON', 1),
(3810, 236, 'Serbia', 'SER', 1),
(3811, 236, 'Vojvodina', 'VOJ', 1),
(3812, 237, 'Bas-Congo', 'BC', 1),
(3813, 237, 'Bandundu', 'BN', 1),
(3814, 237, 'Equateur', 'EQ', 1),
(3815, 237, 'Katanga', 'KA', 1),
(3816, 237, 'Kasai-Oriental', 'KE', 1),
(3817, 237, 'Kinshasa', 'KN', 1),
(3818, 237, 'Kasai-Occidental', 'KW', 1),
(3819, 237, 'Maniema', 'MA', 1),
(3820, 237, 'Nord-Kivu', 'NK', 1),
(3821, 237, 'Orientale', 'OR', 1),
(3822, 237, 'Sud-Kivu', 'SK', 1),
(3823, 238, 'Central', 'CE', 1),
(3824, 238, 'Copperbelt', 'CB', 1),
(3825, 238, 'Eastern', 'EA', 1),
(3826, 238, 'Luapula', 'LP', 1),
(3827, 238, 'Lusaka', 'LK', 1),
(3828, 238, 'Northern', 'NO', 1),
(3829, 238, 'North-Western', 'NW', 1),
(3830, 238, 'Southern', 'SO', 1),
(3831, 238, 'Western', 'WE', 1),
(3832, 239, 'Bulawayo', 'BU', 1),
(3833, 239, 'Harare', 'HA', 1),
(3834, 239, 'Manicaland', 'ML', 1),
(3835, 239, 'Mashonaland Central', 'MC', 1),
(3836, 239, 'Mashonaland East', 'ME', 1),
(3837, 239, 'Mashonaland West', 'MW', 1),
(3838, 239, 'Masvingo', 'MV', 1),
(3839, 239, 'Matabeleland North', 'MN', 1),
(3840, 239, 'Matabeleland South', 'MS', 1),
(3841, 239, 'Midlands', 'MD', 1),
(3861, 105, 'Campobasso', 'CB', 1),
(3862, 105, 'Carbonia-Iglesias', 'CI', 1),
(3863, 105, 'Caserta', 'CE', 1),
(3864, 105, 'Catania', 'CT', 1),
(3865, 105, 'Catanzaro', 'CZ', 1),
(3866, 105, 'Chieti', 'CH', 1),
(3867, 105, 'Como', 'CO', 1),
(3868, 105, 'Cosenza', 'CS', 1),
(3869, 105, 'Cremona', 'CR', 1),
(3870, 105, 'Crotone', 'KR', 1),
(3871, 105, 'Cuneo', 'CN', 1),
(3872, 105, 'Enna', 'EN', 1),
(3873, 105, 'Ferrara', 'FE', 1),
(3874, 105, 'Firenze', 'FI', 1),
(3875, 105, 'Foggia', 'FG', 1),
(3876, 105, 'Forli-Cesena', 'FC', 1),
(3877, 105, 'Frosinone', 'FR', 1),
(3878, 105, 'Genova', 'GE', 1),
(3879, 105, 'Gorizia', 'GO', 1),
(3880, 105, 'Grosseto', 'GR', 1),
(3881, 105, 'Imperia', 'IM', 1),
(3882, 105, 'Isernia', 'IS', 1),
(3883, 105, 'L&#39;Aquila', 'AQ', 1),
(3884, 105, 'La Spezia', 'SP', 1),
(3885, 105, 'Latina', 'LT', 1),
(3886, 105, 'Lecce', 'LE', 1),
(3887, 105, 'Lecco', 'LC', 1),
(3888, 105, 'Livorno', 'LI', 1),
(3889, 105, 'Lodi', 'LO', 1),
(3890, 105, 'Lucca', 'LU', 1),
(3891, 105, 'Macerata', 'MC', 1),
(3892, 105, 'Mantova', 'MN', 1),
(3893, 105, 'Massa-Carrara', 'MS', 1),
(3894, 105, 'Matera', 'MT', 1),
(3895, 105, 'Medio Campidano', 'VS', 1),
(3896, 105, 'Messina', 'ME', 1),
(3897, 105, 'Milano', 'MI', 1),
(3898, 105, 'Modena', 'MO', 1),
(3899, 105, 'Napoli', 'NA', 1),
(3900, 105, 'Novara', 'NO', 1),
(3901, 105, 'Nuoro', 'NU', 1),
(3902, 105, 'Ogliastra', 'OG', 1),
(3903, 105, 'Olbia-Tempio', 'OT', 1),
(3904, 105, 'Oristano', 'OR', 1),
(3905, 105, 'Padova', 'PD', 1),
(3906, 105, 'Palermo', 'PA', 1),
(3907, 105, 'Parma', 'PR', 1),
(3908, 105, 'Pavia', 'PV', 1),
(3909, 105, 'Perugia', 'PG', 1),
(3910, 105, 'Pesaro e Urbino', 'PU', 1),
(3911, 105, 'Pescara', 'PE', 1),
(3912, 105, 'Piacenza', 'PC', 1),
(3913, 105, 'Pisa', 'PI', 1),
(3914, 105, 'Pistoia', 'PT', 1),
(3915, 105, 'Pordenone', 'PN', 1),
(3916, 105, 'Potenza', 'PZ', 1),
(3917, 105, 'Prato', 'PO', 1),
(3918, 105, 'Ragusa', 'RG', 1),
(3919, 105, 'Ravenna', 'RA', 1),
(3920, 105, 'Reggio Calabria', 'RC', 1),
(3921, 105, 'Reggio Emilia', 'RE', 1),
(3922, 105, 'Rieti', 'RI', 1),
(3923, 105, 'Rimini', 'RN', 1),
(3924, 105, 'Roma', 'RM', 1),
(3925, 105, 'Rovigo', 'RO', 1),
(3926, 105, 'Salerno', 'SA', 1),
(3927, 105, 'Sassari', 'SS', 1),
(3928, 105, 'Savona', 'SV', 1),
(3929, 105, 'Siena', 'SI', 1),
(3930, 105, 'Siracusa', 'SR', 1),
(3931, 105, 'Sondrio', 'SO', 1),
(3932, 105, 'Taranto', 'TA', 1),
(3933, 105, 'Teramo', 'TE', 1),
(3934, 105, 'Terni', 'TR', 1),
(3935, 105, 'Torino', 'TO', 1),
(3936, 105, 'Trapani', 'TP', 1),
(3937, 105, 'Trento', 'TN', 1),
(3938, 105, 'Treviso', 'TV', 1),
(3939, 105, 'Trieste', 'TS', 1),
(3940, 105, 'Udine', 'UD', 1),
(3941, 105, 'Varese', 'VA', 1),
(3942, 105, 'Venezia', 'VE', 1),
(3943, 105, 'Verbano-Cusio-Ossola', 'VB', 1),
(3944, 105, 'Vercelli', 'VC', 1),
(3945, 105, 'Verona', 'VR', 1),
(3946, 105, 'Vibo Valentia', 'VV', 1),
(3947, 105, 'Vicenza', 'VI', 1),
(3948, 105, 'Viterbo', 'VT', 1),
(3949, 222, 'County Antrim', 'ANT', 1),
(3950, 222, 'County Armagh', 'ARM', 1),
(3951, 222, 'County Down', 'DOW', 1),
(3952, 222, 'County Fermanagh', 'FER', 1),
(3953, 222, 'County Londonderry', 'LDY', 1),
(3954, 222, 'County Tyrone', 'TYR', 1),
(3955, 222, 'Cumbria', 'CMA', 1),
(3956, 190, 'Pomurska', '1', 1),
(3957, 190, 'Podravska', '2', 1),
(3958, 190, 'Koroška', '3', 1),
(3959, 190, 'Savinjska', '4', 1),
(3960, 190, 'Zasavska', '5', 1),
(3961, 190, 'Spodnjeposavska', '6', 1),
(3962, 190, 'Jugovzhodna Slovenija', '7', 1),
(3963, 190, 'Osrednjeslovenska', '8', 1),
(3964, 190, 'Gorenjska', '9', 1),
(3965, 190, 'Notranjsko-kraška', '10', 1),
(3966, 190, 'Goriška', '11', 1),
(3967, 190, 'Obalno-kraška', '12', 1),
(3968, 33, 'Ruse', '', 1),
(3969, 101, 'Alborz', 'ALB', 1);

-- --------------------------------------------------------

--
